000
CDUS43 KILX 232130
CLIILX


CLIMATE REPORT
NATIONAL WEATHER SERVICE LINCOLN IL
430 PM CDT TUE MAY 23 2017


...................................

...THE LINCOLN IL CLIMATE SUMMARY FOR MAY 23 2017...
VALID TODAY AS OF 0400 PM LOCAL TIME.

CLIMATE NORMAL PERIOD 1981 TO 2010
CLIMATE RECORD PERIOD 1905 TO 2017


WEATHER ITEM   OBSERVED TIME   RECORD YEAR NORMAL DEPARTURE LAST
                VALUE   (LST)  VALUE       VALUE  FROM      YEAR
                                                  NORMAL
..................................................................
TEMPERATURE (F)
 TODAY
  MAXIMUM         62        MM  94    1921  76    -14       85
  MINIMUM         56        MM  34    1931  54      2       52
  AVERAGE         59                        65     -6       69

PRECIPITATION (IN)
  TODAY            0.21          2.34 1907   0.14   0.07     0.00
  MONTH TO DATE    3.38                      3.07   0.31     2.53
  SINCE MAR 1     13.39                      9.28   4.11     8.99
  SINCE JAN 1     16.04                     13.03   3.01    11.23

SNOWFALL (IN)
  TODAY            0.0           0.0    MM   0.0    0.0      0.0
  MONTH TO DATE    0.0                       0.0    0.0      0.0
  SINCE MAR 1      3.7                       2.0    1.7       T
  SINCE JUL 1     10.9                      20.5   -9.6     12.3
  SNOW DEPTH       0

DEGREE DAYS
 HEATING
  TODAY            6                         3      3        0
  MONTH TO DATE  144                       118     26      155
  SINCE MAR 1   1097                      1250   -153     1078
  SINCE JUL 1   4705                      5673   -968     4873

 COOLING
  TODAY            0                         3     -3        4
  MONTH TO DATE   53                        43     10       13
  SINCE MAR 1     67                        58      9       21
  SINCE JAN 1     67                        58      9       21
..................................................................







THE LINCOLN IL CLIMATE NORMALS FOR TOMORROW
                         NORMAL    RECORD    YEAR
 MAXIMUM TEMPERATURE (F)   77        95      1939
 MINIMUM TEMPERATURE (F)   55        35      1913


SUNRISE AND SUNSET
MAY 23 2017...........SUNRISE   535 AM CDT   SUNSET   814 PM CDT
MAY 24 2017...........SUNRISE   534 AM CDT   SUNSET   815 PM CDT


-  INDICATES NEGATIVE NUMBERS.
R  INDICATES RECORD WAS SET OR TIED.
MM INDICATES DATA IS MISSING.
T  INDICATES TRACE AMOUNT.




$$
