000
CDUS43 KILX 280640
CLIILX


CLIMATE REPORT
NATIONAL WEATHER SERVICE LINCOLN IL
140 AM CDT WED JUN 28 2017


...................................

...THE LINCOLN IL CLIMATE SUMMARY FOR JUNE 27 2017...

CLIMATE NORMAL PERIOD 1981 TO 2010
CLIMATE RECORD PERIOD 1905 TO 2017


WEATHER ITEM   OBSERVED TIME   RECORD YEAR NORMAL DEPARTURE LAST
                VALUE   (LST)  VALUE       VALUE  FROM      YEAR
                                                  NORMAL
..................................................................
TEMPERATURE (F)
 YESTERDAY
  MAXIMUM         76        MM 104    1934  86    -10       89
  MINIMUM         47        MM  46    1926  64    -17       62
  AVERAGE         62                        75    -13       76

PRECIPITATION (IN)
  YESTERDAY        0.00          1.21 1973   0.16  -0.16     0.00
  MONTH TO DATE    0.95                      3.84  -2.89     2.35
  SINCE JUN 1      0.95                      3.84  -2.89     2.35
  SINCE JAN 1     17.08                     17.96  -0.88    14.30

SNOWFALL (IN)
  YESTERDAY        0.0           0.0    MM   0.0    0.0      0.0
  MONTH TO DATE    0.0                       0.0    0.0      0.0
  SINCE JUN 1      0.0                       0.0    0.0      0.0
  SINCE JUL 1     10.9                      20.5   -9.6     12.3
  SNOW DEPTH       0

DEGREE DAYS
 HEATING
  YESTERDAY        3                         0      3        0
  MONTH TO DATE    7                        15     -8        1
  SINCE JUN 1      7                        15     -8        1
  SINCE JUL 1   4720                      5706   -986     4874

 COOLING
  YESTERDAY        0                        10    -10       11
  MONTH TO DATE  242                       203     39      278
  SINCE JUN 1    242                       203     39      278
  SINCE JAN 1    332                       294     38      365
..................................................................


WIND (MPH)
  HIGHEST WIND SPEED    MM   HIGHEST WIND DIRECTION    MM
  HIGHEST GUST SPEED    MM   HIGHEST GUST DIRECTION    MM
  AVERAGE WIND SPEED    MM


SKY COVER
  POSSIBLE SUNSHINE  MM


WEATHER CONDITIONS
 THE FOLLOWING WEATHER WAS RECORDED YESTERDAY.
  NO SIGNIFICANT WEATHER WAS OBSERVED.


..........................................................


THE LINCOLN IL CLIMATE NORMALS FOR TODAY
                         NORMAL    RECORD    YEAR
 MAXIMUM TEMPERATURE (F)   86       104      1934
 MINIMUM TEMPERATURE (F)   64        50      1925


SUNRISE AND SUNSET
JUNE 28 2017..........SUNRISE   531 AM CDT   SUNSET   831 PM CDT
JUNE 29 2017..........SUNRISE   531 AM CDT   SUNSET   831 PM CDT


-  INDICATES NEGATIVE NUMBERS.
R  INDICATES RECORD WAS SET OR TIED.
MM INDICATES DATA IS MISSING.
T  INDICATES TRACE AMOUNT.




$$
