000
CDUS43 KILX 290638
CLIILX


CLIMATE REPORT
NATIONAL WEATHER SERVICE LINCOLN IL
137 AM CDT SUN MAY 29 2016


...................................

...THE LINCOLN IL CLIMATE SUMMARY FOR MAY 28 2016...

CLIMATE NORMAL PERIOD 1981 TO 2010
CLIMATE RECORD PERIOD 1905 TO 2016


WEATHER ITEM   OBSERVED TIME   RECORD YEAR NORMAL DEPARTURE LAST
                VALUE   (LST)  VALUE       VALUE  FROM      YEAR
                                                  NORMAL
..................................................................
TEMPERATURE (F)
 YESTERDAY
  MAXIMUM         84        MM  94    2006  78      6       84
  MINIMUM         66        MM  37    1928  56     10       55
  AVERAGE         75                        67      8       70

PRECIPITATION (IN)
  YESTERDAY        0.13          1.20 1956   0.13   0.00     0.01
  MONTH TO DATE    3.17                      3.76  -0.59     5.62
  SINCE MAR 1      9.63                      9.97  -0.34     9.41
  SINCE JAN 1     11.87                     13.72  -1.85    12.17

SNOWFALL (IN)
  YESTERDAY        0.0           0.0    MM   0.0    0.0      0.0
  MONTH TO DATE    0.0                       0.0    0.0      0.0
  SINCE MAR 1      T                         2.0   -2.0      3.7
  SINCE JUL 1     12.3                      20.5   -8.2     21.9
  SNOW DEPTH      MM

DEGREE DAYS
 HEATING
  YESTERDAY        0                         2     -2        0
  MONTH TO DATE  155                       131     24       91
  SINCE MAR 1   1078                      1263   -185     1243
  SINCE JUL 1   4873                      5686   -813     6180

 COOLING
  YESTERDAY       10                         4      6        5
  MONTH TO DATE   53                        62     -9      101
  SINCE MAR 1     61                        77    -16      102
  SINCE JAN 1     61                        77    -16      102
..................................................................


WIND (MPH)
  HIGHEST WIND SPEED    MM   HIGHEST WIND DIRECTION    MM
  HIGHEST GUST SPEED    MM   HIGHEST GUST DIRECTION    MM
  AVERAGE WIND SPEED    MM


SKY COVER
  POSSIBLE SUNSHINE  MM


WEATHER CONDITIONS
 THE FOLLOWING WEATHER WAS RECORDED YESTERDAY.
  NO SIGNIFICANT WEATHER WAS OBSERVED.


..........................................................


THE LINCOLN IL CLIMATE NORMALS FOR TODAY
                         NORMAL    RECORD    YEAR
 MAXIMUM TEMPERATURE (F)   78        96      1934
 MINIMUM TEMPERATURE (F)   56        35      1950


SUNRISE AND SUNSET
MAY 29 2016...........SUNRISE   531 AM CDT   SUNSET   819 PM CDT
MAY 30 2016...........SUNRISE   531 AM CDT   SUNSET   820 PM CDT


-  INDICATES NEGATIVE NUMBERS.
R  INDICATES RECORD WAS SET OR TIED.
MM INDICATES DATA IS MISSING.
T  INDICATES TRACE AMOUNT.




$$
