000
CDUS43 KILX 200631
CLIILX


CLIMATE REPORT
NATIONAL WEATHER SERVICE LINCOLN IL
131 AM CDT SUN AUG 20 2017


...................................

...THE LINCOLN IL CLIMATE SUMMARY FOR AUGUST 19 2017...

CLIMATE NORMAL PERIOD 1981 TO 2010
CLIMATE RECORD PERIOD 1905 TO 2017


WEATHER ITEM   OBSERVED TIME   RECORD YEAR NORMAL DEPARTURE LAST
                VALUE   (LST)  VALUE       VALUE  FROM      YEAR
                                                  NORMAL
..................................................................
TEMPERATURE (F)
 YESTERDAY
  MAXIMUM         85        MM 102    1983  84      1       84
  MINIMUM         60        MM  48    1929  62     -2       68
  AVERAGE         73                        73      0       76

PRECIPITATION (IN)
  YESTERDAY        0.00          1.14 1949   0.14  -0.14     0.01
  MONTH TO DATE    0.76                      2.48  -1.72     3.64
  SINCE JUN 1      7.56                     11.86  -4.30    14.69
  SINCE JAN 1     23.69                     25.98  -2.29    26.64

SNOWFALL (IN)
  YESTERDAY        0.0           0.0    MM   0.0    0.0      0.0
  MONTH TO DATE    0.0                       0.0    0.0      0.0
  SINCE JUN 1      T                         0.0    0.0      0.0
  SINCE JUL 1      T                         0.0    0.0      0.0
  SNOW DEPTH       0

DEGREE DAYS
 HEATING
  YESTERDAY        0                         0      0        0
  MONTH TO DATE    4                         0      4        0
  SINCE JUN 1     11                        19     -8       11
  SINCE JUL 1      4                         2      2        9

 COOLING
  YESTERDAY        8                         8      0       11
  MONTH TO DATE   87                       165    -78      204
  SINCE JUN 1    673                       708    -35      798
  SINCE JAN 1    763                       799    -36      885
..................................................................


WIND (MPH)
  HIGHEST WIND SPEED    MM   HIGHEST WIND DIRECTION    MM
  HIGHEST GUST SPEED    MM   HIGHEST GUST DIRECTION    MM
  AVERAGE WIND SPEED    MM


SKY COVER
  POSSIBLE SUNSHINE  MM


WEATHER CONDITIONS
 THE FOLLOWING WEATHER WAS RECORDED YESTERDAY.
  NO SIGNIFICANT WEATHER WAS OBSERVED.


..........................................................


THE LINCOLN IL CLIMATE NORMALS FOR TODAY
                         NORMAL    RECORD    YEAR
 MAXIMUM TEMPERATURE (F)   84       102      1983
 MINIMUM TEMPERATURE (F)   62        42      1950


SUNRISE AND SUNSET
AUGUST 20 2017........SUNRISE   614 AM CDT   SUNSET   747 PM CDT
AUGUST 21 2017........SUNRISE   615 AM CDT   SUNSET   745 PM CDT


-  INDICATES NEGATIVE NUMBERS.
R  INDICATES RECORD WAS SET OR TIED.
MM INDICATES DATA IS MISSING.
T  INDICATES TRACE AMOUNT.




$$
