000
CDUS43 KILX 200649
CLIILX


CLIMATE REPORT
NATIONAL WEATHER SERVICE LINCOLN IL
1243 AM CST TUE FEB 20 2018


...................................

...THE LINCOLN IL CLIMATE SUMMARY FOR FEBRUARY 19 2018...

CLIMATE NORMAL PERIOD 1981 TO 2010
CLIMATE RECORD PERIOD 1905 TO 2018


WEATHER ITEM   OBSERVED TIME   RECORD YEAR NORMAL DEPARTURE LAST
                VALUE   (LST)  VALUE       VALUE  FROM      YEAR
                                                  NORMAL
..................................................................
TEMPERATURE (F)
 YESTERDAY
  MAXIMUM         63        MM  71    1930  40     23       69
  MINIMUM         44        MM  -7    1979  23     21       36
  AVERAGE         54                        32     22       53

PRECIPITATION (IN)
  YESTERDAY        0.75          1.20 1908   0.07   0.68     0.00
  MONTH TO DATE    1.34                      1.18   0.16     0.33
  SINCE DEC 1      2.53                      5.75  -3.22     3.45
  SINCE JAN 1      2.07                      3.11  -1.04     2.09

SNOWFALL (IN)
  YESTERDAY        0.0          12.0  1908   0.2   -0.2      0.0
  MONTH TO DATE    2.8                       4.2   -1.4      3.4
  SINCE DEC 1      9.9                      16.3   -6.4      7.2
  SINCE JUL 1      9.9                      16.9   -7.0      7.2
  SNOW DEPTH       0

DEGREE DAYS
 HEATING
  YESTERDAY       11                        33    -22       12
  MONTH TO DATE  741                       684     57      539
  SINCE DEC 1   3142                      2995    147     2677
  SINCE JUL 1   4195                      4138     57     3454

 COOLING
  YESTERDAY        0                         0      0        0
  MONTH TO DATE    0                         0      0        0
  SINCE DEC 1      0                         0      0        0
  SINCE JAN 1      0                         0      0        0
..................................................................


WIND (MPH)
  HIGHEST WIND SPEED    MM   HIGHEST WIND DIRECTION    MM
  HIGHEST GUST SPEED    MM   HIGHEST GUST DIRECTION    MM
  AVERAGE WIND SPEED    MM


SKY COVER
  POSSIBLE SUNSHINE  MM


WEATHER CONDITIONS
 THE FOLLOWING WEATHER WAS RECORDED YESTERDAY.
  THUNDERSTORM
  RAIN
  LIGHT RAIN
  FOG


..........................................................


THE LINCOLN IL CLIMATE NORMALS FOR TODAY
                         NORMAL    RECORD    YEAR
 MAXIMUM TEMPERATURE (F)   41        74      2017
 MINIMUM TEMPERATURE (F)   24       -11      1929


SUNRISE AND SUNSET
FEBRUARY 20 2018......SUNRISE   644 AM CST   SUNSET   539 PM CST
FEBRUARY 21 2018......SUNRISE   642 AM CST   SUNSET   540 PM CST


-  INDICATES NEGATIVE NUMBERS.
R  INDICATES RECORD WAS SET OR TIED.
MM INDICATES DATA IS MISSING.
T  INDICATES TRACE AMOUNT.




$$
