193
CDUS43 KILX 060636
CLIILX


CLIMATE REPORT
NATIONAL WEATHER SERVICE LINCOLN IL
1236 AM CST SAT FEB 6 2016


...................................

...THE LINCOLN IL CLIMATE SUMMARY FOR FEBRUARY 5 2016...

CLIMATE NORMAL PERIOD 1981 TO 2010
CLIMATE RECORD PERIOD 1905 TO 2016


WEATHER ITEM   OBSERVED TIME   RECORD YEAR NORMAL DEPARTURE LAST
                VALUE   (LST)  VALUE       VALUE  FROM      YEAR
                                                  NORMAL
..................................................................
TEMPERATURE (F)
 YESTERDAY
  MAXIMUM         34        MM  62    1938  36     -2       17
  MINIMUM         24        MM -16    1996  19      5       -4
  AVERAGE         29                        28      1        7

PRECIPITATION (IN)
  YESTERDAY        0.00          1.39 2008   0.06  -0.06     0.00
  MONTH TO DATE    0.67                      0.28   0.39     0.80
  SINCE DEC 1      8.47                      4.85   3.62     3.64
  SINCE JAN 1      1.66                      2.21  -0.55     2.19

SNOWFALL (IN)
  YESTERDAY        0.0           3.8  1989   0.2   -0.2      0.0
  MONTH TO DATE    T                         1.1   -1.1      5.0
  SINCE DEC 1      5.6                      13.2   -7.6     10.0
  SINCE JUL 1      6.6                      13.8   -7.2     11.0
  SNOW DEPTH       0

DEGREE DAYS
 HEATING
  YESTERDAY       36                        37     -1       58
  MONTH TO DATE  149                       189    -40      235
  SINCE DEC 1   2109                      2500   -391     2481
  SINCE JUL 1   3036                      3643   -607     3879

 COOLING
  YESTERDAY        0                         0      0        0
  MONTH TO DATE    0                         0      0        0
  SINCE DEC 1      0                         0      0        0
  SINCE JAN 1      0                         0      0        0
..................................................................


WIND (MPH)
  HIGHEST WIND SPEED    MM   HIGHEST WIND DIRECTION    MM
  HIGHEST GUST SPEED    MM   HIGHEST GUST DIRECTION    MM
  AVERAGE WIND SPEED    MM


SKY COVER
  POSSIBLE SUNSHINE  MM


WEATHER CONDITIONS
 THE FOLLOWING WEATHER WAS RECORDED YESTERDAY.
  NO SIGNIFICANT WEATHER WAS OBSERVED.


..........................................................


THE LINCOLN IL CLIMATE NORMALS FOR TODAY
                         NORMAL    RECORD    YEAR
 MAXIMUM TEMPERATURE (F)   36        58      1938
 MINIMUM TEMPERATURE (F)   20       -12      1982


SUNRISE AND SUNSET
FEBRUARY  6 2016......SUNRISE   702 AM CST   SUNSET   522 PM CST
FEBRUARY  7 2016......SUNRISE   700 AM CST   SUNSET   523 PM CST


-  INDICATES NEGATIVE NUMBERS.
R  INDICATES RECORD WAS SET OR TIED.
MM INDICATES DATA IS MISSING.
T  INDICATES TRACE AMOUNT.




$$
