000
CDUS43 KILX 290643
CLIILX


CLIMATE REPORT
NATIONAL WEATHER SERVICE LINCOLN IL
1242 AM CST MON DEC 29 2014


...................................

...THE LINCOLN IL CLIMATE SUMMARY FOR DECEMBER 28 2014...

CLIMATE NORMAL PERIOD 1981 TO 2010
CLIMATE RECORD PERIOD 1905 TO 2014


WEATHER ITEM   OBSERVED TIME   RECORD YEAR NORMAL DEPARTURE LAST
                VALUE   (LST)  VALUE       VALUE  FROM      YEAR
                                                  NORMAL
..................................................................
TEMPERATURE (F)
 YESTERDAY
  MAXIMUM         34        MM  63    1946  34      0       55
  MINIMUM         22        MM -24    1924  19      3       28
  AVERAGE         28                        27      1       42

PRECIPITATION (IN)
  YESTERDAY        0.00          1.73 1990   0.08  -0.08     0.00
  MONTH TO DATE    1.45                      2.40  -0.95     1.51
  SINCE DEC 1      1.45                      2.40  -0.95     1.51
  SINCE JAN 1     44.38                     39.36   5.02    36.30

SNOWFALL (IN)
  YESTERDAY        0.0           4.5  1988   0.3   -0.3      0.0
  MONTH TO DATE    0.4                       5.5   -5.1      6.4
  SINCE DEC 1      0.4                       5.5   -5.1      6.4
  SINCE JUL 1      1.4                       6.1   -4.7      6.9
  SNOW DEPTH       0

DEGREE DAYS
 HEATING
  YESTERDAY       37                        38     -1       23
  MONTH TO DATE  874                       982   -108     1070
  SINCE DEC 1    874                       982   -108     1070
  SINCE JUL 1   2272                      2125    147     2348

 COOLING
  YESTERDAY        0                         0      0        0
  MONTH TO DATE    0                         0      0        0
  SINCE DEC 1      0                         0      0        0
  SINCE JAN 1    838                      1017   -179      947
..................................................................


WIND (MPH)
  HIGHEST WIND SPEED    MM   HIGHEST WIND DIRECTION    MM
  HIGHEST GUST SPEED    MM   HIGHEST GUST DIRECTION    MM
  AVERAGE WIND SPEED    MM


SKY COVER
  POSSIBLE SUNSHINE  MM


WEATHER CONDITIONS
 THE FOLLOWING WEATHER WAS RECORDED YESTERDAY.
  NO SIGNIFICANT WEATHER WAS OBSERVED.


..........................................................


THE LINCOLN IL CLIMATE NORMALS FOR TODAY
                         NORMAL    RECORD    YEAR
 MAXIMUM TEMPERATURE (F)   34        72      1984
 MINIMUM TEMPERATURE (F)   19       -12      1917


SUNRISE AND SUNSET
DECEMBER 29 2014......SUNRISE   719 AM CST   SUNSET   440 PM CST
DECEMBER 30 2014......SUNRISE   719 AM CST   SUNSET   441 PM CST


-  INDICATES NEGATIVE NUMBERS.
R  INDICATES RECORD WAS SET OR TIED.
MM INDICATES DATA IS MISSING.
T  INDICATES TRACE AMOUNT.




$$
