000
CDUS43 KILX 230656
CLIILX


CLIMATE REPORT
NATIONAL WEATHER SERVICE LINCOLN IL
155 AM CDT SAT AUG 23 2014


...................................

...THE LINCOLN IL CLIMATE SUMMARY FOR AUGUST 22 2014...

CLIMATE NORMAL PERIOD 1981 TO 2010
CLIMATE RECORD PERIOD 1905 TO 2014


WEATHER ITEM   OBSERVED TIME   RECORD YEAR NORMAL DEPARTURE LAST
                VALUE   (LST)  VALUE       VALUE  FROM      YEAR
                                                  NORMAL
..................................................................
TEMPERATURE (F)
 YESTERDAY
  MAXIMUM         87        MM 103    1936  84      3       82
  MINIMUM         72        MM  46    1923  62     10       66
  AVERAGE         80                        73      7       74

PRECIPITATION (IN)
  YESTERDAY        0.92          2.02 2001   0.13   0.79     0.00
  MONTH TO DATE    3.53                      2.85   0.68     1.87
  SINCE JUN 1     14.73                     12.23   2.50     7.98
  SINCE JAN 1     26.05                     26.35  -0.30    29.14

SNOWFALL (IN)
  YESTERDAY        0.0           0.0    MM   0.0    0.0      0.0
  MONTH TO DATE    0.0                       0.0    0.0      0.0
  SINCE JUN 1      0.0                       0.0    0.0       T
  SINCE JUL 1      0.0                       0.0    0.0       T
  SNOW DEPTH       0

DEGREE DAYS
 HEATING
  YESTERDAY        0                         0      0        0
  MONTH TO DATE    1                         0      1       11
  SINCE JUN 1     17                        19     -2       39
  SINCE JUL 1     10                         2      8       22

 COOLING
  YESTERDAY       15                         8      7        9
  MONTH TO DATE  135                       189    -54       97
  SINCE JUN 1    501                       732   -231      559
  SINCE JAN 1    630                       823   -193      661
..................................................................


WIND (MPH)
  HIGHEST WIND SPEED    MM   HIGHEST WIND DIRECTION    MM
  HIGHEST GUST SPEED    MM   HIGHEST GUST DIRECTION    MM
  AVERAGE WIND SPEED    MM


SKY COVER
  POSSIBLE SUNSHINE  MM


WEATHER CONDITIONS
 THE FOLLOWING WEATHER WAS RECORDED YESTERDAY.
  THUNDERSTORM
  HEAVY RAIN
  RAIN
  LIGHT RAIN
  FOG


..........................................................


THE LINCOLN IL CLIMATE NORMALS FOR TODAY
                         NORMAL    RECORD    YEAR
 MAXIMUM TEMPERATURE (F)   84       100      1936
 MINIMUM TEMPERATURE (F)   61        43      1923


SUNRISE AND SUNSET
AUGUST 23 2014........SUNRISE   616 AM CDT   SUNSET   743 PM CDT
AUGUST 24 2014........SUNRISE   617 AM CDT   SUNSET   741 PM CDT


-  INDICATES NEGATIVE NUMBERS.
R  INDICATES RECORD WAS SET OR TIED.
MM INDICATES DATA IS MISSING.
T  INDICATES TRACE AMOUNT.




$$
