000
CDUS43 KILX 280628
CLIILX


CLIMATE REPORT
NATIONAL WEATHER SERVICE LINCOLN IL
127 AM CDT TUE MAR 28 2017


...................................

...THE LINCOLN IL CLIMATE SUMMARY FOR MARCH 27 2017...

CLIMATE NORMAL PERIOD 1981 TO 2010
CLIMATE RECORD PERIOD 1905 TO 2017


WEATHER ITEM   OBSERVED TIME   RECORD YEAR NORMAL DEPARTURE LAST
                VALUE   (LST)  VALUE       VALUE  FROM      YEAR
                                                  NORMAL
..................................................................
TEMPERATURE (F)
 YESTERDAY
  MAXIMUM         56        MM  83    1991  56      0       60
  MINIMUM         44        MM  13    1955  34     10       38
  AVERAGE         50                        45      5       49

PRECIPITATION (IN)
  YESTERDAY        0.11          1.79 1976   0.09   0.02     0.44
  MONTH TO DATE    2.02                      2.23  -0.21     2.36
  SINCE MAR 1      2.02                      2.23  -0.21     2.36
  SINCE JAN 1      4.67                      5.98  -1.31     4.60

SNOWFALL (IN)
  YESTERDAY        0.0           5.9  1934   0.0    0.0      0.0
  MONTH TO DATE    3.7                       1.6    2.1       T
  SINCE MAR 1      3.7                       1.6    2.1       T
  SINCE JUL 1     10.9                      20.1   -9.2     12.3
  SNOW DEPTH       0

DEGREE DAYS
 HEATING
  YESTERDAY       15                        20     -5       16
  MONTH TO DATE  621                       665    -44      489
  SINCE MAR 1    621                       665    -44      489
  SINCE JUL 1   4229                      5088   -859     4284

 COOLING
  YESTERDAY        0                         0      0        0
  MONTH TO DATE    0                         0      0        0
  SINCE MAR 1      0                         0      0        0
  SINCE JAN 1      0                         0      0        0
..................................................................


WIND (MPH)
  HIGHEST WIND SPEED    MM   HIGHEST WIND DIRECTION    MM
  HIGHEST GUST SPEED    MM   HIGHEST GUST DIRECTION    MM
  AVERAGE WIND SPEED    MM


SKY COVER
  POSSIBLE SUNSHINE  MM


WEATHER CONDITIONS
 THE FOLLOWING WEATHER WAS RECORDED YESTERDAY.
  LIGHT RAIN


..........................................................


THE LINCOLN IL CLIMATE NORMALS FOR TODAY
                         NORMAL    RECORD    YEAR
 MAXIMUM TEMPERATURE (F)   56        81      1910
 MINIMUM TEMPERATURE (F)   35         5      1934


SUNRISE AND SUNSET
MARCH 28 2017.........SUNRISE   647 AM CDT   SUNSET   718 PM CDT
MARCH 29 2017.........SUNRISE   646 AM CDT   SUNSET   719 PM CDT


-  INDICATES NEGATIVE NUMBERS.
R  INDICATES RECORD WAS SET OR TIED.
MM INDICATES DATA IS MISSING.
T  INDICATES TRACE AMOUNT.




$$
