000
CDUS43 KILX 260640
CLIILX


CLIMATE REPORT
NATIONAL WEATHER SERVICE LINCOLN IL
1239 AM CST WED NOV 26 2014


...................................

...THE LINCOLN IL CLIMATE SUMMARY FOR NOVEMBER 25 2014...

CLIMATE NORMAL PERIOD 1981 TO 2010
CLIMATE RECORD PERIOD 1905 TO 2014


WEATHER ITEM   OBSERVED TIME   RECORD YEAR NORMAL DEPARTURE LAST
                VALUE   (LST)  VALUE       VALUE  FROM      YEAR
                                                  NORMAL
..................................................................
TEMPERATURE (F)
 YESTERDAY
  MAXIMUM         32        MM  68    2006  46    -14       34
                                      1915
  MINIMUM         21        MM  -1    1950  29     -8       23
  AVERAGE         27                        38    -11       29

PRECIPITATION (IN)
  YESTERDAY        0.00          1.13 1987   0.11  -0.11      T
  MONTH TO DATE    2.14                      2.70  -0.56     1.21
  SINCE SEP 1     14.19                      8.99   5.20     5.65
  SINCE JAN 1     42.84                     36.41   6.43    34.79

SNOWFALL (IN)
  YESTERDAY        0.0           2.0  1972   0.1   -0.1       T
  MONTH TO DATE    0.2                       0.4   -0.2      0.5
  SINCE SEP 1      0.2                       0.4   -0.2      0.5
  SINCE JUL 1      0.2                       0.4   -0.2      0.5
  SNOW DEPTH       0

DEGREE DAYS
 HEATING
  YESTERDAY       38                        27     11       36
  MONTH TO DATE  746                       541    205      627
  SINCE SEP 1   1222                       988    234     1068
  SINCE JUL 1   1232                       997    235     1090

 COOLING
  YESTERDAY        0                         0      0        0
  MONTH TO DATE    0                         0      0        0
  SINCE SEP 1     84                       128    -44      176
  SINCE JAN 1    838                      1017   -179      947
..................................................................


WIND (MPH)
  HIGHEST WIND SPEED    MM   HIGHEST WIND DIRECTION    MM
  HIGHEST GUST SPEED    MM   HIGHEST GUST DIRECTION    MM
  AVERAGE WIND SPEED    MM


SKY COVER
  POSSIBLE SUNSHINE  MM


WEATHER CONDITIONS
 THE FOLLOWING WEATHER WAS RECORDED YESTERDAY.
  NO SIGNIFICANT WEATHER WAS OBSERVED.


..........................................................


THE LINCOLN IL CLIMATE NORMALS FOR TODAY
                         NORMAL    RECORD    YEAR
 MAXIMUM TEMPERATURE (F)   45        72      1927
 MINIMUM TEMPERATURE (F)   29         2      1977


SUNRISE AND SUNSET
NOVEMBER 26 2014......SUNRISE   655 AM CST   SUNSET   434 PM CST
NOVEMBER 27 2014......SUNRISE   656 AM CST   SUNSET   434 PM CST


-  INDICATES NEGATIVE NUMBERS.
R  INDICATES RECORD WAS SET OR TIED.
MM INDICATES DATA IS MISSING.
T  INDICATES TRACE AMOUNT.




$$
