000
CDUS43 KIND 030533
CLIIND


CLIMATE REPORT
NATIONAL WEATHER SERVICE INDIANAPOLIS IN
132 AM EDT THU SEP 3 2015


...................................

...THE INDIANAPOLIS IN CLIMATE SUMMARY FOR SEPTEMBER 2 2015...

CLIMATE NORMAL PERIOD 1981 TO 2010
CLIMATE RECORD PERIOD 1871 TO 2015


WEATHER ITEM   OBSERVED TIME   RECORD YEAR NORMAL DEPARTURE LAST
                VALUE   (LST)  VALUE       VALUE  FROM      YEAR
                                                  NORMAL
..................................................................
TEMPERATURE (F)
 YESTERDAY
  MAXIMUM         90    352 PM 100    1953  82      8       79
  MINIMUM         68    606 AM  45    1885  62      6       65
  AVERAGE         79                        72      7       72

PRECIPITATION (IN)
  YESTERDAY        0.00          2.10 1879   0.10  -0.10     1.00
  MONTH TO DATE    0.00                      0.20  -0.20     1.00
  SINCE SEP 1      0.00                      0.20  -0.20     1.00
  SINCE JAN 1     36.18                     29.53   6.65    31.52

SNOWFALL (IN)
  YESTERDAY        0.0           0.0    MM   0.0    0.0      0.0
  MONTH TO DATE    0.0                       0.0    0.0      0.0
  SINCE SEP 1      0.0                       0.0    0.0      0.0
  SINCE JUL 1      0.0                       0.0    0.0      0.0
  SNOW DEPTH       0

DEGREE DAYS
 HEATING
  YESTERDAY        0                         0      0        0
  MONTH TO DATE    0                         0      0        0
  SINCE SEP 1      0                         0      0        0
  SINCE JUL 1      2                         4     -2        6

 COOLING
  YESTERDAY       14                         7      7        7
  MONTH TO DATE   27                        15     12       19
  SINCE SEP 1     27                        15     12       19
  SINCE JAN 1    982                       936     46      816
..................................................................


WIND (MPH)
  HIGHEST WIND SPEED    15   HIGHEST WIND DIRECTION    SW (240)
  HIGHEST GUST SPEED    22   HIGHEST GUST DIRECTION     W (250)
  AVERAGE WIND SPEED     6.2


SKY COVER
  AVERAGE SKY COVER 0.4


WEATHER CONDITIONS
 THE FOLLOWING WEATHER WAS RECORDED YESTERDAY.
  FOG
  HAZE


RELATIVE HUMIDITY (PERCENT)
 HIGHEST    90           300 AM
 LOWEST     47           400 PM
 AVERAGE    69

..........................................................


THE INDIANAPOLIS IN CLIMATE NORMALS FOR TODAY
                         NORMAL    RECORD    YEAR
 MAXIMUM TEMPERATURE (F)   82       100      2011
 MINIMUM TEMPERATURE (F)   61        45      1952


SUNRISE AND SUNSET
SEPTEMBER  3 2015.....SUNRISE   715 AM EDT   SUNSET   814 PM EDT
SEPTEMBER  4 2015.....SUNRISE   716 AM EDT   SUNSET   812 PM EDT


-  INDICATES NEGATIVE NUMBERS.
R  INDICATES RECORD WAS SET OR TIED.
MM INDICATES DATA IS MISSING.
T  INDICATES TRACE AMOUNT.




$$
