000
CDUS43 KIND 020535
CLIIND


CLIMATE REPORT
NATIONAL WEATHER SERVICE INDIANAPOLIS IN
134 AM EDT TUE JUN 2 2015


...................................

...THE INDIANAPOLIS IN CLIMATE SUMMARY FOR JUNE 1 2015...

CLIMATE NORMAL PERIOD 1981 TO 2010
CLIMATE RECORD PERIOD 1871 TO 2015


WEATHER ITEM   OBSERVED TIME   RECORD YEAR NORMAL DEPARTURE LAST
                VALUE   (LST)  VALUE       VALUE  FROM      YEAR
                                                  NORMAL
..................................................................
TEMPERATURE (F)
 YESTERDAY
  MAXIMUM         64    502 PM  96    1934  78    -14       87
  MINIMUM         52    727 AM  39    2003  58     -6       62
  AVERAGE         58                        68    -10       75

PRECIPITATION (IN)
  YESTERDAY        T             1.95 1875   0.14  -0.14      T
  MONTH TO DATE    T                         0.14  -0.14      T
  SINCE JUN 1      T                         0.14  -0.14      T
  SINCE JAN 1     13.13                     17.54  -4.41    17.43

SNOWFALL (IN)
  YESTERDAY        0.0           0.0    MM   0.0    0.0      0.0
  MONTH TO DATE    0.0                       0.0    0.0      0.0
  SINCE JUN 1      0.0                       0.0    0.0      0.0
  SINCE JUL 1     25.6                      25.9   -0.3     55.7
  SNOW DEPTH       0

DEGREE DAYS
 HEATING
  YESTERDAY        7                         2      5        0
  MONTH TO DATE    7                         2      5        0
  SINCE JUN 1      7                         2      5        0
  SINCE JUL 1   5915                      5364    551     6206

 COOLING
  YESTERDAY        0                         5     -5       10
  MONTH TO DATE    0                         5     -5       10
  SINCE JUN 1      0                         5     -5       10
  SINCE JAN 1    148                        89     59      114
..................................................................


WIND (MPH)
  HIGHEST WIND SPEED    16   HIGHEST WIND DIRECTION    NE (30)
  HIGHEST GUST SPEED    19   HIGHEST GUST DIRECTION    NE (30)
  AVERAGE WIND SPEED    10.6


SKY COVER
  AVERAGE SKY COVER 1.0


WEATHER CONDITIONS
 THE FOLLOWING WEATHER WAS RECORDED YESTERDAY.
  LIGHT RAIN


RELATIVE HUMIDITY (PERCENT)
 HIGHEST    83           500 AM
 LOWEST     65           400 PM
 AVERAGE    74

..........................................................


THE INDIANAPOLIS IN CLIMATE NORMALS FOR TODAY
                         NORMAL    RECORD    YEAR
 MAXIMUM TEMPERATURE (F)   78       100      1934
 MINIMUM TEMPERATURE (F)   58        39      1956


SUNRISE AND SUNSET
JUNE  2 2015..........SUNRISE   619 AM EDT   SUNSET   908 PM EDT
JUNE  3 2015..........SUNRISE   619 AM EDT   SUNSET   908 PM EDT


-  INDICATES NEGATIVE NUMBERS.
R  INDICATES RECORD WAS SET OR TIED.
MM INDICATES DATA IS MISSING.
T  INDICATES TRACE AMOUNT.




$$
