000
CDUS43 KIND 290539
CLIIND


CLIMATE REPORT
NATIONAL WEATHER SERVICE INDIANAPOLIS IN
134 AM EDT MON MAY 29 2017


...................................

...THE INDIANAPOLIS IN CLIMATE SUMMARY FOR MAY 28 2017...

CLIMATE NORMAL PERIOD 1981 TO 2010
CLIMATE RECORD PERIOD 1871 TO 2017


WEATHER ITEM   OBSERVED TIME   RECORD YEAR NORMAL DEPARTURE LAST
                VALUE   (LST)  VALUE       VALUE  FROM      YEAR
                                                  NORMAL
..................................................................
TEMPERATURE (F)
 YESTERDAY
  MAXIMUM         77    316 PM  96    1911  76      1       83
  MINIMUM         62   1154 PM  39    1907  57      5       71
  AVERAGE         70                        66      4       77

PRECIPITATION (IN)
  YESTERDAY        0.92          1.50 1912   0.16   0.76      T
  MONTH TO DATE    8.51                      4.58   3.93     3.74
  SINCE MAR 1     18.83                     11.95   6.88    13.80
  SINCE JAN 1     24.28                     16.93   7.35    17.51

SNOWFALL (IN)
  YESTERDAY        0.0           0.0    MM   0.0    0.0      0.0
  MONTH TO DATE    0.0                       0.0    0.0       T
  SINCE MAR 1      1.0                       2.8   -1.8      1.2
  SINCE JUL 1      9.7                      25.9  -16.2     13.3
  SNOW DEPTH       0

DEGREE DAYS
 HEATING
  YESTERDAY        0                         2     -2        0
  MONTH TO DATE  147                       135     12      159
  SINCE MAR 1    988                      1214   -226      991
  SINCE JUL 1   4272                      5357  -1085     4444

 COOLING
  YESTERDAY        5                         4      1       12
  MONTH TO DATE   66                        57      9       51
  SINCE MAR 1     98                        72     26       69
  SINCE JAN 1     98                        72     26       69
..................................................................


WIND (MPH)
  HIGHEST WIND SPEED    31   HIGHEST WIND DIRECTION     W (260)
  HIGHEST GUST SPEED    41   HIGHEST GUST DIRECTION     W (250)
  AVERAGE WIND SPEED     9.2


SKY COVER
  AVERAGE SKY COVER 0.7


WEATHER CONDITIONS
 THE FOLLOWING WEATHER WAS RECORDED YESTERDAY.
  THUNDERSTORM
  HEAVY RAIN
  RAIN
  LIGHT RAIN
  FOG


RELATIVE HUMIDITY (PERCENT)
 HIGHEST   100           500 AM
 LOWEST     60           200 PM
 AVERAGE    80

..........................................................


THE INDIANAPOLIS IN CLIMATE NORMALS FOR TODAY
                         NORMAL    RECORD    YEAR
 MAXIMUM TEMPERATURE (F)   77        93      1895
 MINIMUM TEMPERATURE (F)   57        36      1965


SUNRISE AND SUNSET
MAY 29 2017...........SUNRISE   620 AM EDT   SUNSET   905 PM EDT
MAY 30 2017...........SUNRISE   620 AM EDT   SUNSET   906 PM EDT


-  INDICATES NEGATIVE NUMBERS.
R  INDICATES RECORD WAS SET OR TIED.
MM INDICATES DATA IS MISSING.
T  INDICATES TRACE AMOUNT.




$$
