000
CDUS43 KIND 290532
CLIIND


CLIMATE REPORT
NATIONAL WEATHER SERVICE INDIANAPOLIS IN
131 AM EDT WED MAR 29 2017


...................................

...THE INDIANAPOLIS IN CLIMATE SUMMARY FOR MARCH 28 2017...

CLIMATE NORMAL PERIOD 1981 TO 2010
CLIMATE RECORD PERIOD 1871 TO 2017


WEATHER ITEM   OBSERVED TIME   RECORD YEAR NORMAL DEPARTURE LAST
                VALUE   (LST)  VALUE       VALUE  FROM      YEAR
                                                  NORMAL
..................................................................
TEMPERATURE (F)
 YESTERDAY
  MAXIMUM         58    116 PM  82    1910  57      1       51
  MINIMUM         50   1159 PM  16    1934  37     13       42
  AVERAGE         54                        47      7       47

PRECIPITATION (IN)
  YESTERDAY        0.05          1.75 1924   0.12  -0.07      T
  MONTH TO DATE    3.77                      3.17   0.60     3.03
  SINCE MAR 1      3.77                      3.17   0.60     3.03
  SINCE JAN 1      9.22                      8.15   1.07     6.74

SNOWFALL (IN)
  YESTERDAY        0.0           2.2  1894   0.0    0.0      0.0
  MONTH TO DATE    1.0                       2.5   -1.5      1.2
  SINCE MAR 1      1.0                       2.5   -1.5      1.2
  SINCE JUL 1      9.7                      25.6  -15.9     13.3
  SNOW DEPTH       0

DEGREE DAYS
 HEATING
  YESTERDAY       11                        18     -7       18
  MONTH TO DATE  620                       653    -33      447
  SINCE MAR 1    620                       653    -33      447
  SINCE JUL 1   3904                      4796   -892     3900

 COOLING
  YESTERDAY        0                         0      0        0
  MONTH TO DATE    2                         0      2        0
  SINCE MAR 1      2                         0      2        0
  SINCE JAN 1      2                         0      2        0
..................................................................


WIND (MPH)
  HIGHEST WIND SPEED    16   HIGHEST WIND DIRECTION     N (10)
  HIGHEST GUST SPEED    20   HIGHEST GUST DIRECTION     N (20)
  AVERAGE WIND SPEED     9.9


SKY COVER
  AVERAGE SKY COVER 0.9


WEATHER CONDITIONS
 THE FOLLOWING WEATHER WAS RECORDED YESTERDAY.
  LIGHT RAIN
  FOG


RELATIVE HUMIDITY (PERCENT)
 HIGHEST    93           100 AM
 LOWEST     66           500 PM
 AVERAGE    80

..........................................................


THE INDIANAPOLIS IN CLIMATE NORMALS FOR TODAY
                         NORMAL    RECORD    YEAR
 MAXIMUM TEMPERATURE (F)   57        82      1895
 MINIMUM TEMPERATURE (F)   37        16      1887


SUNRISE AND SUNSET
MARCH 29 2017.........SUNRISE   734 AM EDT   SUNSET   807 PM EDT
MARCH 30 2017.........SUNRISE   732 AM EDT   SUNSET   808 PM EDT


-  INDICATES NEGATIVE NUMBERS.
R  INDICATES RECORD WAS SET OR TIED.
MM INDICATES DATA IS MISSING.
T  INDICATES TRACE AMOUNT.




$$
