000
CDUS43 KIND 190532
CLIIND


CLIMATE REPORT
NATIONAL WEATHER SERVICE INDIANAPOLIS IN
1231 AM EST THU JAN 19 2017


...................................

...THE INDIANAPOLIS IN CLIMATE SUMMARY FOR JANUARY 18 2017...

CLIMATE NORMAL PERIOD 1981 TO 2010
CLIMATE RECORD PERIOD 1871 TO 2017


WEATHER ITEM   OBSERVED TIME   RECORD YEAR NORMAL DEPARTURE LAST
                VALUE   (LST)  VALUE       VALUE  FROM      YEAR
                                                  NORMAL
..................................................................
TEMPERATURE (F)
 YESTERDAY
  MAXIMUM         39    328 PM  64    1929  35      4       13
  MINIMUM         36   1027 PM -22    1994  20     16        1
  AVERAGE         38                        28     10        7

PRECIPITATION (IN)
  YESTERDAY        T             1.96 1949   0.08  -0.08      T
  MONTH TO DATE    3.01                      1.63   1.38     1.27
  SINCE DEC 1      4.53                      4.80  -0.27     6.86
  SINCE JAN 1      3.01                      1.63   1.38     1.27

SNOWFALL (IN)
  YESTERDAY        0.0           5.3  1915   0.3   -0.3       T
  MONTH TO DATE    1.2                       4.9   -3.7      3.9
  SINCE DEC 1      6.1                      11.8   -5.7      4.5
  SINCE JUL 1      6.1                      12.9   -6.8      5.8
  SNOW DEPTH       0

DEGREE DAYS
 HEATING
  YESTERDAY       27                        37    -10       58
  MONTH TO DATE  597                       666    -69      667
  SINCE DEC 1   1664                      1700    -36     1352
  SINCE JUL 1   2357                      2742   -385     2139

 COOLING
  YESTERDAY        0                         0      0        0
  MONTH TO DATE    0                         0      0        0
  SINCE DEC 1      0                         0      0        0
  SINCE JAN 1      0                         0      0        0
..................................................................


WIND (MPH)
  HIGHEST WIND SPEED    21   HIGHEST WIND DIRECTION     W (260)
  HIGHEST GUST SPEED    26   HIGHEST GUST DIRECTION     W (280)
  AVERAGE WIND SPEED    10.3


SKY COVER
  AVERAGE SKY COVER 1.0


WEATHER CONDITIONS
 THE FOLLOWING WEATHER WAS RECORDED YESTERDAY.
  LIGHT RAIN
  FOG


RELATIVE HUMIDITY (PERCENT)
 HIGHEST    92          1200 AM
 LOWEST     85           600 AM
 AVERAGE    89

..........................................................


THE INDIANAPOLIS IN CLIMATE NORMALS FOR TODAY
                         NORMAL    RECORD    YEAR
 MAXIMUM TEMPERATURE (F)   35        69      1907
 MINIMUM TEMPERATURE (F)   20       -27      1994


SUNRISE AND SUNSET
JANUARY 19 2017.......SUNRISE   802 AM EST   SUNSET   550 PM EST
JANUARY 20 2017.......SUNRISE   802 AM EST   SUNSET   551 PM EST


-  INDICATES NEGATIVE NUMBERS.
R  INDICATES RECORD WAS SET OR TIED.
MM INDICATES DATA IS MISSING.
T  INDICATES TRACE AMOUNT.




$$
