000
CDUS43 KDLH 260624
CLIINL


CLIMATE REPORT
NATIONAL WEATHER SERVICE DULUTH MN
122 AM CDT MON JUN 26 2017


...................................

...THE INTERNATIONAL FALLS MN CLIMATE SUMMARY FOR JUNE 25 2017...

CLIMATE NORMAL PERIOD 1981 TO 2010
CLIMATE RECORD PERIOD 1895 TO 2017


WEATHER ITEM   OBSERVED TIME   RECORD YEAR NORMAL DEPARTURE LAST
                VALUE   (LST)  VALUE       VALUE  FROM      YEAR
                                                  NORMAL
..................................................................
TEMPERATURE (F)
 YESTERDAY
  MAXIMUM         62    135 PM  94    1921  75    -13       83
  MINIMUM         43   1159 PM  38    2012  51     -8       57
                                      1996
  AVERAGE         53                        63    -10       70

PRECIPITATION (IN)
  YESTERDAY        0.36          3.10 1985   0.13   0.23     2.68
  MONTH TO DATE    3.34                      3.22   0.12     6.66
  SINCE JUN 1      3.34                      3.22   0.12     6.66
  SINCE JAN 1      9.96                      9.75   0.21    14.46

SNOWFALL (IN)
  YESTERDAY        0.0           0.0  2002   0.0    0.0      0.0
                                      2001
  MONTH TO DATE    0.0                       0.0    0.0      0.0
  SINCE JUN 1      0.0                       0.0    0.0      0.0
  SINCE JUL 1     70.4                      71.0   -0.6     47.7
  SNOW DEPTH       0

DEGREE DAYS
 HEATING
  YESTERDAY       12                         4      8        0
  MONTH TO DATE   93                       148    -55      135
  SINCE JUN 1     93                       148    -55      135
  SINCE JUL 1   9057                     10205  -1148     8963

 COOLING
  YESTERDAY        0                         2     -2        5
  MONTH TO DATE   12                        32    -20       18
  SINCE JUN 1     12                        32    -20       18
  SINCE JAN 1     12                        41    -29       20
..................................................................


WIND (MPH)
  HIGHEST WIND SPEED    16   HIGHEST WIND DIRECTION     N (350)
  HIGHEST GUST SPEED    22   HIGHEST GUST DIRECTION     N (360)
  AVERAGE WIND SPEED     7.4


SKY COVER
  AVERAGE SKY COVER 0.5


WEATHER CONDITIONS
 THE FOLLOWING WEATHER WAS RECORDED YESTERDAY.
  HEAVY RAIN
  RAIN
  LIGHT RAIN
  FOG
  HAZE


RELATIVE HUMIDITY (PERCENT)
 HIGHEST    93           600 AM
 LOWEST     53          1200 PM
 AVERAGE    73

..........................................................


THE INTERNATIONAL FALLS MN CLIMATE NORMALS FOR TODAY
                         NORMAL    RECORD    YEAR
 MAXIMUM TEMPERATURE (F)   76        94      1921
 MINIMUM TEMPERATURE (F)   51        39      1948


SUNRISE AND SUNSET
JUNE 26 2017..........SUNRISE   513 AM CDT   SUNSET   920 PM CDT
JUNE 27 2017..........SUNRISE   513 AM CDT   SUNSET   920 PM CDT


-  INDICATES NEGATIVE NUMBERS.
R  INDICATES RECORD WAS SET OR TIED.
MM INDICATES DATA IS MISSING.
T  INDICATES TRACE AMOUNT.




$$
