000
CDUS45 KFGZ 200740
CLIINW
CLIMATE REPORT
NATIONAL WEATHER SERVICE FLAGSTAFF, AZ
1239 AM MST SUN AUG 20 2017


...................................

...THE WINSLOW AZ AIRPORT CLIMATE SUMMARY FOR AUGUST 19 2017...

CLIMATE NORMAL PERIOD 1981 TO 2010
CLIMATE RECORD PERIOD 1915 TO 2017


WEATHER ITEM   OBSERVED TIME   RECORD YEAR NORMAL DEPARTURE LAST
                VALUE   (LST)  VALUE       VALUE  FROM      YEAR
                                                  NORMAL
..................................................................
TEMPERATURE (F)
 YESTERDAY
  MAXIMUM         97    241 PM  99    1960  91      6       89
  MINIMUM         57    616 AM  52    1979  61     -4       58
  AVERAGE         77                        76      1       74

PRECIPITATION (IN)
  YESTERDAY        T             0.85 1932   0.04  -0.04     0.00
  MONTH TO DATE    0.21                      0.75  -0.54     1.03
  SINCE SEP 1      6.94                      6.56   0.38     7.02
  SINCE JAN 1      3.86                      4.08  -0.22     3.00

DEGREE DAYS
 HEATING
  YESTERDAY        0                         0      0        0
  MONTH TO DATE    0                         0      0        0
  SINCE JUL 1      0                         0      0        0

 COOLING
  YESTERDAY       12                        11      1        9
  MONTH TO DATE  220                       224     -4      227
  SINCE JAN 1   1086                       941    145     1080
..................................................................


WIND (MPH)
  HIGHEST WIND SPEED    29   HIGHEST WIND DIRECTION    SW (240)
  HIGHEST GUST SPEED    36   HIGHEST GUST DIRECTION    SW (240)
  AVERAGE WIND SPEED     6.3


SKY COVER
  POSSIBLE SUNSHINE  MM
  AVERAGE SKY COVER 0.1


WEATHER CONDITIONS
 THE FOLLOWING WEATHER WAS RECORDED YESTERDAY.
  LIGHT RAIN


RELATIVE HUMIDITY (PERCENT)
 HIGHEST    43           400 AM
 LOWEST     10          1100 AM
 AVERAGE    27

..........................................................


THE WINSLOW AZ AIRPORT CLIMATE NORMALS FOR TODAY
                         NORMAL    RECORD    YEAR
 MAXIMUM TEMPERATURE (F)   91       100      1928
 MINIMUM TEMPERATURE (F)   60        48      1917


SUNRISE AND SUNSET
AUGUST 20 2017........SUNRISE   547 AM MST   SUNSET   705 PM MST
AUGUST 21 2017........SUNRISE   548 AM MST   SUNSET   704 PM MST


-  INDICATES NEGATIVE NUMBERS.
R  INDICATES RECORD WAS SET OR TIED.
MM INDICATES DATA IS MISSING.
T  INDICATES TRACE AMOUNT.




$$
