000
CDUS45 KFGZ 250731
CLIINW
CLIMATE REPORT
NATIONAL WEATHER SERVICE FLAGSTAFF, AZ
1231 AM MST THU AUG 25 2016


...................................

...THE WINSLOW AZ AIRPORT CLIMATE SUMMARY FOR AUGUST 24 2016...

CLIMATE NORMAL PERIOD 1981 TO 2010
CLIMATE RECORD PERIOD 1915 TO 2016


WEATHER ITEM   OBSERVED TIME   RECORD YEAR NORMAL DEPARTURE LAST
                VALUE   (LST)  VALUE       VALUE  FROM      YEAR
                                                  NORMAL
..................................................................
TEMPERATURE (F)
 YESTERDAY
  MAXIMUM         89    236 PM 101    2011  91     -2       95
  MINIMUM         52    359 AM  41    1968  60     -8       62
  AVERAGE         71                        75     -4       79

PRECIPITATION (IN)
  YESTERDAY        0.00          0.61 1980   0.04  -0.04      T
  MONTH TO DATE    1.30                      0.94   0.36     2.42
  SINCE SEP 1      7.29                      6.75   0.54    10.91
  SINCE JAN 1      3.27                      4.27  -1.00     8.06

DEGREE DAYS
 HEATING
  YESTERDAY        0                         0      0        0
  MONTH TO DATE    0                         0      0        0
  SINCE JUL 1      0                         0      0        0

 COOLING
  YESTERDAY        6                        10     -4       14
  MONTH TO DATE  261                       275    -14      314
  SINCE JAN 1   1114                       992    122     1034
..................................................................


WIND (MPH)
  HIGHEST WIND SPEED    28   HIGHEST WIND DIRECTION    SW (220)
  HIGHEST GUST SPEED    33   HIGHEST GUST DIRECTION    SW (240)
  AVERAGE WIND SPEED     8.3


SKY COVER
  POSSIBLE SUNSHINE  MM
  AVERAGE SKY COVER 0.0


WEATHER CONDITIONS
 THE FOLLOWING WEATHER WAS RECORDED YESTERDAY.
  NO SIGNIFICANT WEATHER WAS OBSERVED.


RELATIVE HUMIDITY (PERCENT)
 HIGHEST    89           400 AM
 LOWEST     19           300 PM
 AVERAGE    54

..........................................................


THE WINSLOW AZ AIRPORT CLIMATE NORMALS FOR TODAY
                         NORMAL    RECORD    YEAR
 MAXIMUM TEMPERATURE (F)   90       100      1919
 MINIMUM TEMPERATURE (F)   59        46      1962


SUNRISE AND SUNSET
AUGUST 25 2016........SUNRISE   551 AM MST   SUNSET   658 PM MST
AUGUST 26 2016........SUNRISE   552 AM MST   SUNSET   657 PM MST


-  INDICATES NEGATIVE NUMBERS.
R  INDICATES RECORD WAS SET OR TIED.
MM INDICATES DATA IS MISSING.
T  INDICATES TRACE AMOUNT.




$$
