000
CDUS45 KFGZ 240751
CLIINW
CLIMATE REPORT
NATIONAL WEATHER SERVICE FLAGSTAFF, AZ
1250 AM MST SAT JUN 24 2017


...................................

...THE WINSLOW AZ AIRPORT CLIMATE SUMMARY FOR JUNE 23 2017...

CLIMATE NORMAL PERIOD 1981 TO 2010
CLIMATE RECORD PERIOD 1915 TO 2017


WEATHER ITEM   OBSERVED TIME   RECORD YEAR NORMAL DEPARTURE LAST
                VALUE   (LST)  VALUE       VALUE  FROM      YEAR
                                                  NORMAL
..................................................................
TEMPERATURE (F)
 YESTERDAY
  MAXIMUM        104R   430 PM 104    1961  94     10      101
  MINIMUM         60    539 AM  44    2010  56      4       65
  AVERAGE         82                        75      7       83

PRECIPITATION (IN)
  YESTERDAY        0.00          0.17 1936   0.00   0.00     0.00
  MONTH TO DATE    0.00                      0.11  -0.11      T
  SINCE SEP 1      5.22                      4.70   0.52     5.62
  SINCE JAN 1      2.14                      2.22  -0.08     1.60

DEGREE DAYS
 HEATING
  YESTERDAY        0                         0      0        0
  MONTH TO DATE    4                         8     -4        0
  SINCE JUL 1   3637                      4495   -858     4253

 COOLING
  YESTERDAY       17                        10      7       18
  MONTH TO DATE  258                       163     95      266
  SINCE JAN 1    299                       230     69      283
..................................................................


WIND (MPH)
  HIGHEST WIND SPEED    17   HIGHEST WIND DIRECTION    SW (240)
  HIGHEST GUST SPEED    21   HIGHEST GUST DIRECTION    SW (230)
  AVERAGE WIND SPEED     6.5


SKY COVER
  POSSIBLE SUNSHINE  MM
  AVERAGE SKY COVER 0.0


WEATHER CONDITIONS
 THE FOLLOWING WEATHER WAS RECORDED YESTERDAY.
  NO SIGNIFICANT WEATHER WAS OBSERVED.


RELATIVE HUMIDITY (PERCENT)
 HIGHEST    30           600 AM
 LOWEST      5           100 PM
 AVERAGE    18

..........................................................


THE WINSLOW AZ AIRPORT CLIMATE NORMALS FOR TODAY
                         NORMAL    RECORD    YEAR
 MAXIMUM TEMPERATURE (F)   94       104      1961
 MINIMUM TEMPERATURE (F)   57        45      1976


SUNRISE AND SUNSET
JUNE 24 2017..........SUNRISE   510 AM MST   SUNSET   741 PM MST
JUNE 25 2017..........SUNRISE   510 AM MST   SUNSET   741 PM MST


-  INDICATES NEGATIVE NUMBERS.
R  INDICATES RECORD WAS SET OR TIED.
MM INDICATES DATA IS MISSING.
T  INDICATES TRACE AMOUNT.




$$
