000
CDUS45 KFGZ 240950
CLIINW
CLIMATE REPORT
NATIONAL WEATHER SERVICE FLAGSTAFF, AZ
250 AM MST FRI MAR 24 2017


...................................

...THE WINSLOW AZ AIRPORT CLIMATE SUMMARY FOR MARCH 23 2017...

CLIMATE NORMAL PERIOD 1981 TO 2010
CLIMATE RECORD PERIOD 1915 TO 2017


WEATHER ITEM   OBSERVED TIME   RECORD YEAR NORMAL DEPARTURE LAST
                VALUE   (LST)  VALUE       VALUE  FROM      YEAR
                                                  NORMAL
..................................................................
TEMPERATURE (F)
 YESTERDAY
  MAXIMUM         56   1246 PM  82    1971  65     -9       59
  MINIMUM         41   1159 PM  12    1917  32      9       26
  AVERAGE         49                        48      1       43

PRECIPITATION (IN)
  YESTERDAY        0.04          0.47 2007   0.02   0.02     0.00
  MONTH TO DATE    0.04                      0.40  -0.36      T
  SINCE SEP 1      4.65                      3.86   0.79     4.59
  SINCE JAN 1      1.57                      1.38   0.19     0.57

DEGREE DAYS
 HEATING
  YESTERDAY       16                        17     -1       22
  MONTH TO DATE  283                       434   -151      308
  SINCE JUL 1   3089                      3929   -840     3642

 COOLING
  YESTERDAY        0                         0      0        0
  MONTH TO DATE    0                         0      0        0
  SINCE JAN 1      0                         0      0        0
..................................................................


WIND (MPH)
  HIGHEST WIND SPEED    40   HIGHEST WIND DIRECTION    SW (220)
  HIGHEST GUST SPEED    47   HIGHEST GUST DIRECTION    SW (240)
  AVERAGE WIND SPEED    14.2


SKY COVER
  POSSIBLE SUNSHINE  MM
  AVERAGE SKY COVER 0.6


WEATHER CONDITIONS
 THE FOLLOWING WEATHER WAS RECORDED YESTERDAY.
  LIGHT RAIN
  FOG


RELATIVE HUMIDITY (PERCENT)
 HIGHEST    93           700 AM
 LOWEST     38           100 PM
 AVERAGE    66

..........................................................


THE WINSLOW AZ AIRPORT CLIMATE NORMALS FOR TODAY
                         NORMAL    RECORD    YEAR
 MAXIMUM TEMPERATURE (F)   66        81      1956
 MINIMUM TEMPERATURE (F)   32        14      1917


SUNRISE AND SUNSET
MARCH 24 2017.........SUNRISE   621 AM MST   SUNSET   638 PM MST
MARCH 25 2017.........SUNRISE   619 AM MST   SUNSET   639 PM MST


-  INDICATES NEGATIVE NUMBERS.
R  INDICATES RECORD WAS SET OR TIED.
MM INDICATES DATA IS MISSING.
T  INDICATES TRACE AMOUNT.




$$
