000
CDUS45 KFGZ 230807
CLIINW
CLIMATE REPORT
NATIONAL WEATHER SERVICE FLAGSTAFF, AZ
106 AM MST SAT AUG 23 2014


...................................

...THE WINSLOW AZ AIRPORT CLIMATE SUMMARY FOR AUGUST 22 2014...

CLIMATE NORMAL PERIOD 1981 TO 2010
CLIMATE RECORD PERIOD 1898 TO 2014


WEATHER ITEM   OBSERVED TIME   RECORD YEAR NORMAL DEPARTURE LAST
                VALUE   (LST)  VALUE       VALUE  FROM      YEAR
                                                  NORMAL
..................................................................
TEMPERATURE (F)
 YESTERDAY
  MAXIMUM         84    341 PM 103    1928  91     -7       85
  MINIMUM         56    615 AM  46    1926  60     -4       62
  AVERAGE         70                        75     -5       74

PRECIPITATION (IN)
  YESTERDAY        0.00          0.93 1992   0.04  -0.04      T
  MONTH TO DATE    2.19                      0.87   1.32     1.16
  SINCE SEP 1      7.50                      6.68   0.82     5.55
  SINCE JAN 1      3.69                      4.20  -0.51     4.28

DEGREE DAYS
 HEATING
  YESTERDAY        0                         0      0        0
  MONTH TO DATE    0                         0      0        0
  SINCE JUL 1      0                         0      0        0

 COOLING
  YESTERDAY        5                        10     -5        9
  MONTH TO DATE  232                       255    -23      243
  SINCE JAN 1   1051                       972     79     1141
..................................................................


WIND (MPH)
  HIGHEST WIND SPEED    23   HIGHEST WIND DIRECTION    SW (230)
  HIGHEST GUST SPEED    30   HIGHEST GUST DIRECTION    SW (240)
  AVERAGE WIND SPEED     7.2


SKY COVER
  POSSIBLE SUNSHINE  MM
  AVERAGE SKY COVER 0.2


WEATHER CONDITIONS
 THE FOLLOWING WEATHER WAS RECORDED YESTERDAY.
  NO SIGNIFICANT WEATHER WAS OBSERVED.


RELATIVE HUMIDITY (PERCENT)
 HIGHEST   100           600 AM
 LOWEST     26           300 PM
 AVERAGE    63

..........................................................


THE WINSLOW AZ AIRPORT CLIMATE NORMALS FOR TODAY
                         NORMAL    RECORD    YEAR
 MAXIMUM TEMPERATURE (F)   91       100      2011
 MINIMUM TEMPERATURE (F)   60        43      1968


SUNRISE AND SUNSET
AUGUST 23 2014........SUNRISE   549 AM MST   SUNSET   701 PM MST
AUGUST 24 2014........SUNRISE   550 AM MST   SUNSET   700 PM MST


-  INDICATES NEGATIVE NUMBERS.
R  INDICATES RECORD WAS SET OR TIED.
MM INDICATES DATA IS MISSING.
T  INDICATES TRACE AMOUNT.




$$
