000
CDUS45 KFGZ 260847
CLIINW
CLIMATE REPORT
NATIONAL WEATHER SERVICE FLAGSTAFF, AZ
137 AM MST THU MAY 26 2016


...................................

...THE WINSLOW AZ AIRPORT CLIMATE SUMMARY FOR MAY 25 2016...

CLIMATE NORMAL PERIOD 1981 TO 2010
CLIMATE RECORD PERIOD 1915 TO 2016


WEATHER ITEM   OBSERVED TIME   RECORD YEAR NORMAL DEPARTURE LAST
                VALUE   (LST)  VALUE       VALUE  FROM      YEAR
                                                  NORMAL
..................................................................
TEMPERATURE (F)
 YESTERDAY
  MAXIMUM         79    158 PM  95    1958  85     -6       73
  MINIMUM         42    416 AM  29    1980  48     -6       52
  AVERAGE         61                        66     -5       63

PRECIPITATION (IN)
  YESTERDAY        0.00          0.24 1965   0.01  -0.01     0.10
  MONTH TO DATE    0.43                      0.27   0.16     0.82
  SINCE SEP 1      5.62                      4.53   1.09     6.26
  SINCE JAN 1      1.60                      2.05  -0.45     3.41

DEGREE DAYS
 HEATING
  YESTERDAY        4                         2      2        2
  MONTH TO DATE  123                        98     25      151
  SINCE JUL 1   4242                      4477   -235     3825

 COOLING
  YESTERDAY        0                         3     -3        0
  MONTH TO DATE   15                        42    -27        3
  SINCE JAN 1     15                        46    -31        3
..................................................................


WIND (MPH)
  HIGHEST WIND SPEED    28   HIGHEST WIND DIRECTION     S (190)
  HIGHEST GUST SPEED    36   HIGHEST GUST DIRECTION     S (190)
  AVERAGE WIND SPEED     9.9


SKY COVER
  POSSIBLE SUNSHINE  MM
  AVERAGE SKY COVER 0.0


WEATHER CONDITIONS
 THE FOLLOWING WEATHER WAS RECORDED YESTERDAY.
  NO SIGNIFICANT WEATHER WAS OBSERVED.


RELATIVE HUMIDITY (PERCENT)
 HIGHEST    45           600 AM
 LOWEST      7           100 PM
 AVERAGE    26

..........................................................


THE WINSLOW AZ AIRPORT CLIMATE NORMALS FOR TODAY
                         NORMAL    RECORD    YEAR
 MAXIMUM TEMPERATURE (F)   85       101      1951
 MINIMUM TEMPERATURE (F)   48        30      1917


SUNRISE AND SUNSET
MAY 26 2016...........SUNRISE   512 AM MST   SUNSET   728 PM MST
MAY 27 2016...........SUNRISE   512 AM MST   SUNSET   729 PM MST


-  INDICATES NEGATIVE NUMBERS.
R  INDICATES RECORD WAS SET OR TIED.
MM INDICATES DATA IS MISSING.
T  INDICATES TRACE AMOUNT.




$$
