000
CDUS43 KDVN 012132
CLIIOW


CLIMATE REPORT
NATIONAL WEATHER SERVICE QUAD CITIES IA IL
432 PM CDT WED OCT 1 2014


...................................

...THE IOWA CITY IA CLIMATE SUMMARY FOR OCTOBER 1 2014...
VALID TODAY AS OF 0400 PM LOCAL TIME.

CLIMATE NORMAL PERIOD 1981 TO 2010
CLIMATE RECORD PERIOD 9999 TO 9999


WEATHER ITEM   OBSERVED TIME   RECORD YEAR NORMAL DEPARTURE LAST
                VALUE   (LST)  VALUE       VALUE  FROM      YEAR
                                                  NORMAL
..................................................................
TEMPERATURE (F)
 TODAY
  MAXIMUM         69    322 PM  MM      MM  70     -1       85
  MINIMUM         52    343 AM  MM      MM  46      6       51
  AVERAGE         61                        58      3       68

PRECIPITATION (IN)
  TODAY            0.02         MM      MM   0.09  -0.07     0.00
  MONTH TO DATE    0.02                      0.09  -0.07     0.00
  SINCE SEP 1      5.89                      3.48   2.41     1.93
  SINCE JAN 1     33.32                     29.63   3.69    30.19

DEGREE DAYS
 HEATING
  TODAY            4                         8     -4        0
  MONTH TO DATE    4                         8     -4        0
  SINCE SEP 1    125                       112     13       57
  SINCE JUL 1    137                       120     17       66

 COOLING
  TODAY            0                         1     -1        3
  MONTH TO DATE    0                         1     -1        3
  SINCE SEP 1     62                        81    -19      176
  SINCE JAN 1    778                       903   -125     1044
..................................................................


WIND (MPH)
  HIGHEST WIND SPEED    17   HIGHEST WIND DIRECTION    SE (130)
  HIGHEST GUST SPEED    21   HIGHEST GUST DIRECTION    SE (140)
  AVERAGE WIND SPEED     9.6


SKY COVER
  POSSIBLE SUNSHINE  MM
  AVERAGE SKY COVER 0.6


WEATHER CONDITIONS
 THE FOLLOWING WEATHER WAS RECORDED TODAY.
  LIGHT RAIN
  HAZE


RELATIVE HUMIDITY (PERCENT)
 HIGHEST    90          1200 PM
 LOWEST     80           900 AM
 AVERAGE    85

..........................................................


THE IOWA CITY IA CLIMATE NORMALS FOR TOMORROW
                         NORMAL    RECORD    YEAR
 MAXIMUM TEMPERATURE (F)   69        MM        MM
 MINIMUM TEMPERATURE (F)   45        MM        MM


SUNRISE AND SUNSET
OCTOBER  1 2014.......SUNRISE   703 AM CDT   SUNSET   648 PM CDT
OCTOBER  2 2014.......SUNRISE   704 AM CDT   SUNSET   646 PM CDT


-  INDICATES NEGATIVE NUMBERS.
R  INDICATES RECORD WAS SET OR TIED.
MM INDICATES DATA IS MISSING.
T  INDICATES TRACE AMOUNT.




$$
