000
CDUS43 KDVN 262126
CLIIOW


CLIMATE REPORT
NATIONAL WEATHER SERVICE QUAD CITIES IA IL
422 PM CDT THU MAY 26 2016


...................................

...THE IOWA CITY IA CLIMATE SUMMARY FOR MAY 26 2016...
VALID TODAY AS OF 0400 PM LOCAL TIME.

CLIMATE NORMAL PERIOD 1981 TO 2010
CLIMATE RECORD PERIOD 9999 TO 9999


WEATHER ITEM   OBSERVED TIME   RECORD YEAR NORMAL DEPARTURE LAST
                VALUE   (LST)  VALUE       VALUE  FROM      YEAR
                                                  NORMAL
..................................................................
TEMPERATURE (F)
 TODAY
  MAXIMUM         85    259 PM  MM      MM  76      9       74
  MINIMUM         62    529 AM  MM      MM  55      7       62
  AVERAGE         74                        65      9       68

PRECIPITATION (IN)
  TODAY            0.02         MM      MM   0.11  -0.09     0.35
  MONTH TO DATE    2.26                      3.61  -1.35     4.57
  SINCE MAR 1      6.46                      9.33  -2.87     8.20
  SINCE JAN 1      7.21                     11.49  -4.28     9.78

DEGREE DAYS
 HEATING
  TODAY            0                         3     -3        0
  MONTH TO DATE  173                       157     16      117
  SINCE MAR 1   1255                      1400   -145     1345
  SINCE JUL 1   5466                      6350   -884     6710

 COOLING
  TODAY            9                         3      6        3
  MONTH TO DATE   31                        39     -8       47
  SINCE MAR 1     37                        43     -6       47
  SINCE JAN 1     37                        43     -6       47
..................................................................


WIND (MPH)
  HIGHEST WIND SPEED    32   HIGHEST WIND DIRECTION    NW (310)
  HIGHEST GUST SPEED    40   HIGHEST GUST DIRECTION    NW (310)
  AVERAGE WIND SPEED     5.6


SKY COVER
  POSSIBLE SUNSHINE  MM
  AVERAGE SKY COVER 0.2


WEATHER CONDITIONS
 THE FOLLOWING WEATHER WAS RECORDED TODAY.
  THUNDERSTORM
  LIGHT RAIN


RELATIVE HUMIDITY (PERCENT)
 HIGHEST    84           400 AM
 LOWEST     44           300 PM
 AVERAGE    64

..........................................................


THE IOWA CITY IA CLIMATE NORMALS FOR TOMORROW
                         NORMAL    RECORD    YEAR
 MAXIMUM TEMPERATURE (F)   76        MM        MM
 MINIMUM TEMPERATURE (F)   55        MM        MM


SUNRISE AND SUNSET
MAY 26 2016...........SUNRISE   537 AM CDT   SUNSET   830 PM CDT
MAY 27 2016...........SUNRISE   537 AM CDT   SUNSET   831 PM CDT


-  INDICATES NEGATIVE NUMBERS.
R  INDICATES RECORD WAS SET OR TIED.
MM INDICATES DATA IS MISSING.
T  INDICATES TRACE AMOUNT.




$$
