000
CDUS43 KDVN 170909
CLIIOW


CLIMATE REPORT
NATIONAL WEATHER SERVICE QUAD CITIES IA IL
409 AM CDT TUE OCT 17 2017


...................................

...THE IOWA CITY IA CLIMATE SUMMARY FOR OCTOBER 16 2017...

CLIMATE NORMAL PERIOD 1981 TO 2010
CLIMATE RECORD PERIOD 9999 TO 9999


WEATHER ITEM   OBSERVED TIME   RECORD YEAR NORMAL DEPARTURE LAST
                VALUE   (LST)  VALUE       VALUE  FROM      YEAR
                                                  NORMAL
..................................................................
TEMPERATURE (F)
 YESTERDAY
  MAXIMUM         68    331 PM  MM      MM  63      5       80
  MINIMUM         36    628 AM  MM      MM  41     -5       63
  AVERAGE         52                        52      0       72

PRECIPITATION (IN)
  YESTERDAY        0.00         MM      MM   0.09  -0.09     0.11
  MONTH TO DATE    3.03                      1.46   1.57     1.08
  SINCE SEP 1      3.52                      4.85  -1.33     3.91
  SINCE JAN 1     29.05                     31.00  -1.95    29.55

DEGREE DAYS
 HEATING
  YESTERDAY       13                        13      0        0
  MONTH TO DATE   66                       173   -107       89
  SINCE SEP 1     98                       277   -179      109
  SINCE JUL 1     98                       285   -187      111

 COOLING
  YESTERDAY        0                         0      0        7
  MONTH TO DATE   23                        10     13       18
  SINCE SEP 1    195                        90    105      198
  SINCE JAN 1   1067                       912    155     1174
..................................................................


WIND (MPH)
  HIGHEST WIND SPEED    17   HIGHEST WIND DIRECTION     W (250)
  HIGHEST GUST SPEED    21   HIGHEST GUST DIRECTION     W (260)
  AVERAGE WIND SPEED     4.7


SKY COVER
  POSSIBLE SUNSHINE  MM
  AVERAGE SKY COVER 0.0


WEATHER CONDITIONS
 THE FOLLOWING WEATHER WAS RECORDED YESTERDAY.
  FOG


RELATIVE HUMIDITY (PERCENT)
 HIGHEST    92           500 AM
 LOWEST     29           100 PM
 AVERAGE    61

..........................................................


THE IOWA CITY IA CLIMATE NORMALS FOR TODAY
                         NORMAL    RECORD    YEAR
 MAXIMUM TEMPERATURE (F)   62        MM        MM
 MINIMUM TEMPERATURE (F)   41        MM        MM


SUNRISE AND SUNSET
OCTOBER 17 2017.......SUNRISE   721 AM CDT   SUNSET   621 PM CDT
OCTOBER 18 2017.......SUNRISE   722 AM CDT   SUNSET   620 PM CDT


-  INDICATES NEGATIVE NUMBERS.
R  INDICATES RECORD WAS SET OR TIED.
MM INDICATES DATA IS MISSING.
T  INDICATES TRACE AMOUNT.




$$
