000
CDUS43 KDVN 220915
CLIIOW


CLIMATE REPORT
NATIONAL WEATHER SERVICE QUAD CITIES IA IL
415 AM CDT TUE JUL 22 2014


...................................

...THE IOWA CITY IA CLIMATE SUMMARY FOR JULY 21 2014...

CLIMATE NORMAL PERIOD 1981 TO 2010
CLIMATE RECORD PERIOD 9999 TO 9999


WEATHER ITEM   OBSERVED TIME   RECORD YEAR NORMAL DEPARTURE LAST
                VALUE   (LST)  VALUE       VALUE  FROM      YEAR
                                                  NORMAL
..................................................................
TEMPERATURE (F)
 YESTERDAY
  MAXIMUM         86    420 PM  MM      MM  85      1       85
  MINIMUM         64    424 AM  MM      MM  65     -1       66
  AVERAGE         75                        75      0       76

PRECIPITATION (IN)
  YESTERDAY        0.00         MM      MM   0.15  -0.15     0.06
  MONTH TO DATE    2.49                      3.67  -1.18     0.43
  SINCE JUN 1     12.29                      8.28   4.01     5.26
  SINCE JAN 1     23.34                     20.37   2.97    26.50

DEGREE DAYS
 HEATING
  YESTERDAY        0                         0      0        0
  MONTH TO DATE   12                         0     12        0
  SINCE JUN 1     16                        17     -1       21
  SINCE JUL 1     12                         0     12        0

 COOLING
  YESTERDAY       10                        10      0       11
  MONTH TO DATE  100                       210   -110      234
  SINCE JUN 1    314                       421   -107      439
  SINCE JAN 1    403                       482    -79      526
..................................................................


WIND (MPH)
  HIGHEST WIND SPEED    18   HIGHEST WIND DIRECTION    SE (150)
  HIGHEST GUST SPEED    26   HIGHEST GUST DIRECTION    SE (150)
  AVERAGE WIND SPEED     9.9


SKY COVER
  POSSIBLE SUNSHINE  MM
  AVERAGE SKY COVER 0.0


WEATHER CONDITIONS
 THE FOLLOWING WEATHER WAS RECORDED YESTERDAY.
  FOG


RELATIVE HUMIDITY (PERCENT)
 HIGHEST    93          1200 AM
 LOWEST     65          1100 AM
 AVERAGE    79

..........................................................


THE IOWA CITY IA CLIMATE NORMALS FOR TODAY
                         NORMAL    RECORD    YEAR
 MAXIMUM TEMPERATURE (F)   85        MM        MM
 MINIMUM TEMPERATURE (F)   65        MM        MM


SUNRISE AND SUNSET
JULY 22 2014..........SUNRISE   551 AM CDT   SUNSET   834 PM CDT
JULY 23 2014..........SUNRISE   552 AM CDT   SUNSET   833 PM CDT


-  INDICATES NEGATIVE NUMBERS.
R  INDICATES RECORD WAS SET OR TIED.
MM INDICATES DATA IS MISSING.
T  INDICATES TRACE AMOUNT.




$$
