000
CDUS41 KCTP 300607
CLIIPT


CLIMATE REPORT
NATIONAL WEATHER SERVICE STATE COLLEGE PA
207 AM EDT TUE SEP 30 2014


...................................

...THE WILLIAMSPORT PA CLIMATE SUMMARY FOR SEPTEMBER 29 2014...

CLIMATE NORMAL PERIOD 1981 TO 2010
CLIMATE RECORD PERIOD 1895 TO 2014


WEATHER ITEM   OBSERVED TIME   RECORD YEAR NORMAL DEPARTURE LAST
                VALUE   (LST)  VALUE       VALUE  FROM      YEAR
                                                  NORMAL
..................................................................
TEMPERATURE (F)
 YESTERDAY
  MAXIMUM         77    331 PM  84    1921  68      9       73
                                      1900
  MINIMUM         58   1113 PM  31    1942  48     10       46
  AVERAGE         68                        58     10       60

PRECIPITATION (IN)
  YESTERDAY        0.00          1.89 1959   0.14  -0.14     0.00
  MONTH TO DATE    1.08                      4.02  -2.94     1.60
  SINCE SEP 1      1.08                      4.02  -2.94     1.60
  SINCE JAN 1     29.89                     31.05  -1.16    23.22

DEGREE DAYS
 HEATING
  YESTERDAY        0                         8     -8        5
  MONTH TO DATE   76                       107    -31      118
  SINCE SEP 1     76                       107    -31      118
  SINCE JUL 1     81                       121    -40      123

 COOLING
  YESTERDAY        3                         1      2        0
  MONTH TO DATE   89                        63     26       74
  SINCE SEP 1     89                        63     26       74
  SINCE JAN 1    706                       697      9      833
..................................................................


WIND (MPH)
  HIGHEST WIND SPEED     9   HIGHEST WIND DIRECTION     W (270)
  HIGHEST GUST SPEED    12   HIGHEST GUST DIRECTION     W (270)
  AVERAGE WIND SPEED     2.3


SKY COVER
  POSSIBLE SUNSHINE  MM
  AVERAGE SKY COVER 0.1


WEATHER CONDITIONS
 THE FOLLOWING WEATHER WAS RECORDED YESTERDAY.
  FOG


RELATIVE HUMIDITY (PERCENT)
 HIGHEST    93           300 AM
 LOWEST     60           200 PM
 AVERAGE    77

..........................................................


THE WILLIAMSPORT PA CLIMATE NORMALS FOR TODAY
                         NORMAL    RECORD    YEAR
 MAXIMUM TEMPERATURE (F)   68        93      1953
 MINIMUM TEMPERATURE (F)   47        31      1932


SUNRISE AND SUNSET
SEPTEMBER 30 2014.....SUNRISE   703 AM EDT   SUNSET   651 PM EDT
OCTOBER  1 2014.......SUNRISE   704 AM EDT   SUNSET   650 PM EDT


-  INDICATES NEGATIVE NUMBERS.
R  INDICATES RECORD WAS SET OR TIED.
MM INDICATES DATA IS MISSING.
T  INDICATES TRACE AMOUNT.




$$
