000
CDUS41 KCTP 280625
CLIIPT


CLIMATE REPORT
NATIONAL WEATHER SERVICE STATE COLLEGE PA
225 AM EDT FRI APR 28 2017


...................................

...THE WILLIAMSPORT PA CLIMATE SUMMARY FOR APRIL 27 2017...

CLIMATE NORMAL PERIOD 1981 TO 2010
CLIMATE RECORD PERIOD 1895 TO 2017


WEATHER ITEM   OBSERVED TIME   RECORD YEAR NORMAL DEPARTURE LAST
                VALUE   (LST)  VALUE       VALUE  FROM      YEAR
                                                  NORMAL
..................................................................
TEMPERATURE (F)
 YESTERDAY
  MAXIMUM         80    515 PM  94    2009  66     14       66
  MINIMUM         59    555 AM  28    1926  42     17       39
  AVERAGE         70                        54     16       53

PRECIPITATION (IN)
  YESTERDAY        0.10          1.18 1973   0.10   0.00     0.00
  MONTH TO DATE    3.71                      2.91   0.80     1.17
  SINCE MAR 1      7.45                      5.88   1.57     2.28
  SINCE JAN 1     12.75                     10.92   1.83     8.70

SNOWFALL (IN)
  YESTERDAY        0.0           0.5  1967   0.0    0.0      0.0
  MONTH TO DATE    T                         1.1   -1.1      1.8
  SINCE MAR 1     22.6                       8.0   14.6      2.0
  SINCE JUL 1     41.1                      36.0    5.1      7.7
  SNOW DEPTH       0

DEGREE DAYS
 HEATING
  YESTERDAY        0                        11    -11       12
  MONTH TO DATE  248                       426   -178      428
  SINCE MAR 1   1106                      1255   -149     1010
  SINCE JUL 1   4742                      5722   -980     4653

 COOLING
  YESTERDAY        5                         0      5        0
  MONTH TO DATE   11                         0     11        0
  SINCE MAR 1     11                         0     11        0
  SINCE JAN 1     11                         0     11        0
..................................................................


WIND (MPH)
  HIGHEST WIND SPEED    20   HIGHEST WIND DIRECTION    SW (230)
  HIGHEST GUST SPEED    30   HIGHEST GUST DIRECTION    SW (220)
  AVERAGE WIND SPEED     7.1


SKY COVER
  POSSIBLE SUNSHINE  MM
  AVERAGE SKY COVER 0.7


WEATHER CONDITIONS
 THE FOLLOWING WEATHER WAS RECORDED YESTERDAY.
  THUNDERSTORM
  HEAVY RAIN
  RAIN
  LIGHT RAIN
  FOG
  HAZE


RELATIVE HUMIDITY (PERCENT)
 HIGHEST   100          1100 PM
 LOWEST     52           600 PM
 AVERAGE    76

..........................................................


THE WILLIAMSPORT PA CLIMATE NORMALS FOR TODAY
                         NORMAL    RECORD    YEAR
 MAXIMUM TEMPERATURE (F)   66        91      1990
 MINIMUM TEMPERATURE (F)   43        27      1934


SUNRISE AND SUNSET
APRIL 28 2017.........SUNRISE   609 AM EDT   SUNSET   802 PM EDT
APRIL 29 2017.........SUNRISE   608 AM EDT   SUNSET   803 PM EDT


-  INDICATES NEGATIVE NUMBERS.
R  INDICATES RECORD WAS SET OR TIED.
MM INDICATES DATA IS MISSING.
T  INDICATES TRACE AMOUNT.




$$
