000
CDUS41 KCTP 190619
CLIIPT


CLIMATE REPORT
NATIONAL WEATHER SERVICE STATE COLLEGE PA
219 AM EDT SAT AUG 19 2017


...................................

...THE WILLIAMSPORT PA CLIMATE SUMMARY FOR AUGUST 18 2017...

CLIMATE NORMAL PERIOD 1981 TO 2010
CLIMATE RECORD PERIOD 1895 TO 2017


WEATHER ITEM   OBSERVED TIME   RECORD YEAR NORMAL DEPARTURE LAST
                VALUE   (LST)  VALUE       VALUE  FROM      YEAR
                                                  NORMAL
..................................................................
TEMPERATURE (F)
 YESTERDAY
  MAXIMUM         86    417 PM  96    1995  82      4       89
  MINIMUM         70   1146 PM  43    1941  61      9       68
  AVERAGE         78                        71      7       79

PRECIPITATION (IN)
  YESTERDAY        0.37          3.95 1938   0.12   0.25     0.09
  MONTH TO DATE    4.82                      2.28   2.54     2.94
  SINCE JUN 1     15.97                     10.54   5.43    10.50
  SINCE JAN 1     35.09                     25.45   9.64    21.84

DEGREE DAYS
 HEATING
  YESTERDAY        0                         0      0        0
  MONTH TO DATE    0                         0      0        0
  SINCE JUN 1     21                        41    -20        9
  SINCE JUL 1      0                         4     -4        0

 COOLING
  YESTERDAY       13                         6      7       14
  MONTH TO DATE  138                       130      8      236
  SINCE JUN 1    634                       520    114      784
  SINCE JAN 1    684                       563    121      857
..................................................................


WIND (MPH)
  HIGHEST WIND SPEED    17   HIGHEST WIND DIRECTION     S (160)
  HIGHEST GUST SPEED    23   HIGHEST GUST DIRECTION     S (160)
  AVERAGE WIND SPEED     3.4


SKY COVER
  POSSIBLE SUNSHINE  MM
  AVERAGE SKY COVER 0.6


WEATHER CONDITIONS
 THE FOLLOWING WEATHER WAS RECORDED YESTERDAY.
  RAIN
  LIGHT RAIN
  FOG


RELATIVE HUMIDITY (PERCENT)
 HIGHEST   100           700 AM
 LOWEST     65           400 PM
 AVERAGE    83

..........................................................


THE WILLIAMSPORT PA CLIMATE NORMALS FOR TODAY
                         NORMAL    RECORD    YEAR
 MAXIMUM TEMPERATURE (F)   81        94      1899
 MINIMUM TEMPERATURE (F)   61        47      1963
                                             1953
                                             1907


SUNRISE AND SUNSET
AUGUST 19 2017........SUNRISE   621 AM EDT   SUNSET   800 PM EDT
AUGUST 20 2017........SUNRISE   622 AM EDT   SUNSET   759 PM EDT


-  INDICATES NEGATIVE NUMBERS.
R  INDICATES RECORD WAS SET OR TIED.
MM INDICATES DATA IS MISSING.
T  INDICATES TRACE AMOUNT.




$$
