000
CDUS41 KCTP 222231
CLIIPT


CLIMATE REPORT
NATIONAL WEATHER SERVICE STATE COLLEGE PA
531 PM EST SUN JAN 22 2017


...................................

...THE WILLIAMSPORT PA CLIMATE SUMMARY FOR JANUARY 22 2017...
VALID TODAY AS OF 0500 PM LOCAL TIME.

CLIMATE NORMAL PERIOD 1981 TO 2010
CLIMATE RECORD PERIOD 1895 TO 2017


WEATHER ITEM   OBSERVED TIME   RECORD YEAR NORMAL DEPARTURE LAST
                VALUE   (LST)  VALUE       VALUE  FROM      YEAR
                                                  NORMAL
..................................................................
TEMPERATURE (F)
 TODAY
  MAXIMUM         46    422 PM  62    1906  34     12       26
  MINIMUM         40    438 AM -13    1984  19     21       14
                                      1961
  AVERAGE         43                        27     16       20

PRECIPITATION (IN)
  TODAY            T             2.49 1902   0.09  -0.09     0.00
  MONTH TO DATE    2.09                      1.91   0.18     2.06
  SINCE DEC 1      5.05                      4.84   0.21     5.42
  SINCE JAN 1      2.09                      1.91   0.18     2.06

SNOWFALL (IN)
  TODAY            0.0          15.8  1987   0.4   -0.4      0.0
  MONTH TO DATE    1.0                       7.3   -6.3      0.9
  SINCE DEC 1      9.9                      14.2   -4.3      0.9
  SINCE JUL 1     10.0                      16.0   -6.0      0.9
  SNOW DEPTH       0

DEGREE DAYS
 HEATING
  TODAY           22                        38    -16       45
  MONTH TO DATE  721                       844   -123      830
  SINCE DEC 1   1696                      1892   -196     1502
  SINCE JUL 1   2630                      3137   -507     2429

 COOLING
  TODAY            0                         0      0        0
  MONTH TO DATE    0                         0      0        0
  SINCE DEC 1      0                         0      0        0
  SINCE JAN 1      0                         0      0        0
..................................................................


WIND (MPH)
  HIGHEST WIND SPEED     9   HIGHEST WIND DIRECTION     E (90)
  HIGHEST GUST SPEED    11   HIGHEST GUST DIRECTION     E (100)
  AVERAGE WIND SPEED     2.3


SKY COVER
  POSSIBLE SUNSHINE  MM
  AVERAGE SKY COVER 0.9


WEATHER CONDITIONS
 THE FOLLOWING WEATHER WAS RECORDED TODAY.
  LIGHT RAIN
  FOG
  FOG W/VISIBILITY <= 1/4 MILE


RELATIVE HUMIDITY (PERCENT)
 HIGHEST   100           400 AM
 LOWEST     86           400 PM
 AVERAGE    93

..........................................................


THE WILLIAMSPORT PA CLIMATE NORMALS FOR TOMORROW
                         NORMAL    RECORD    YEAR
 MAXIMUM TEMPERATURE (F)   34        66      1906
 MINIMUM TEMPERATURE (F)   19       -11      1970


SUNRISE AND SUNSET
JANUARY 22 2017.......SUNRISE   727 AM EST   SUNSET   512 PM EST
JANUARY 23 2017.......SUNRISE   726 AM EST   SUNSET   513 PM EST


-  INDICATES NEGATIVE NUMBERS.
R  INDICATES RECORD WAS SET OR TIED.
MM INDICATES DATA IS MISSING.
T  INDICATES TRACE AMOUNT.




$$
