000
CDUS41 KCTP 200613
CLIIPT


CLIMATE REPORT
NATIONAL WEATHER SERVICE STATE COLLEGE PA
213 AM EDT FRI OCT 20 2017


...................................

...THE WILLIAMSPORT PA CLIMATE SUMMARY FOR OCTOBER 19 2017...

CLIMATE NORMAL PERIOD 1981 TO 2010
CLIMATE RECORD PERIOD 1895 TO 2017


WEATHER ITEM   OBSERVED TIME   RECORD YEAR NORMAL DEPARTURE LAST
                VALUE   (LST)  VALUE       VALUE  FROM      YEAR
                                                  NORMAL
..................................................................
TEMPERATURE (F)
 YESTERDAY
  MAXIMUM         74    351 PM  82    1963  61     13       81
  MINIMUM         43    552 AM  24    1974  40      3       54
                                      1930
  AVERAGE         59                        51      8       68

PRECIPITATION (IN)
  YESTERDAY        0.00          2.90 1906   0.11  -0.11      T
  MONTH TO DATE    2.14                      2.17  -0.03     1.86
  SINCE SEP 1      3.38                      6.33  -2.95     5.37
  SINCE JAN 1     39.41                     33.36   6.05    28.80

SNOWFALL (IN)
  YESTERDAY        0.0           T    2002   0.0    0.0      0.0
  MONTH TO DATE    0.0                       0.0    0.0      0.0
  SINCE SEP 1      0.0                       0.0    0.0      0.0
  SINCE JUL 1      0.0                       0.0    0.0      0.0
  SNOW DEPTH       0

DEGREE DAYS
 HEATING
  YESTERDAY        6                        14     -8        0
  MONTH TO DATE   88                       217   -129      120
  SINCE SEP 1    153                       331   -178      161
  SINCE JUL 1    155                       345   -190      161

 COOLING
  YESTERDAY        0                         0      0        3
  MONTH TO DATE   41                         1     40       11
  SINCE SEP 1    187                        64    123      175
  SINCE JAN 1    929                       698    231     1148
..................................................................


WIND (MPH)
  HIGHEST WIND SPEED    14   HIGHEST WIND DIRECTION    SW (220)
  HIGHEST GUST SPEED    19   HIGHEST GUST DIRECTION     W (250)
  AVERAGE WIND SPEED     1.0


SKY COVER
  POSSIBLE SUNSHINE  MM
  AVERAGE SKY COVER 0.4


WEATHER CONDITIONS
 THE FOLLOWING WEATHER WAS RECORDED YESTERDAY.
  FOG
  FOG W/VISIBILITY <= 1/4 MILE


RELATIVE HUMIDITY (PERCENT)
 HIGHEST   100           200 AM
 LOWEST     35           400 PM
 AVERAGE    68

..........................................................


THE WILLIAMSPORT PA CLIMATE NORMALS FOR TODAY
                         NORMAL    RECORD    YEAR
 MAXIMUM TEMPERATURE (F)   61        80      1969
                                             1963
                                             1947
 MINIMUM TEMPERATURE (F)   40        20      1972


SUNRISE AND SUNSET
OCTOBER 20 2017.......SUNRISE   725 AM EDT   SUNSET   619 PM EDT
OCTOBER 21 2017.......SUNRISE   726 AM EDT   SUNSET   617 PM EDT


-  INDICATES NEGATIVE NUMBERS.
R  INDICATES RECORD WAS SET OR TIED.
MM INDICATES DATA IS MISSING.
T  INDICATES TRACE AMOUNT.




$$
