000
CDUS41 KCTP 270616
CLIIPT


CLIMATE REPORT
NATIONAL WEATHER SERVICE STATE COLLEGE PA
216 AM EDT SAT AUG 27 2016


...................................

...THE WILLIAMSPORT PA CLIMATE SUMMARY FOR AUGUST 26 2016...

CLIMATE NORMAL PERIOD 1981 TO 2010
CLIMATE RECORD PERIOD 1895 TO 2016


WEATHER ITEM   OBSERVED TIME   RECORD YEAR NORMAL DEPARTURE LAST
                VALUE   (LST)  VALUE       VALUE  FROM      YEAR
                                                  NORMAL
..................................................................
TEMPERATURE (F)
 YESTERDAY
  MAXIMUM         91    321 PM  98    1948  80     11       75
  MINIMUM         69   1159 PM  42    1944  60      9       54
                                      1942
  AVERAGE         80                        70     10       65

PRECIPITATION (IN)
  YESTERDAY        T             1.48 1906   0.12  -0.12     0.00
  MONTH TO DATE    4.52                      3.25   1.27     3.88
  SINCE JUN 1     12.08                     11.51   0.57    15.62
  SINCE JAN 1     23.42                     26.42  -3.00    28.04

DEGREE DAYS
 HEATING
  YESTERDAY        0                         1     -1        0
  MONTH TO DATE    0                         2     -2        0
  SINCE JUN 1      9                        43    -34       23
  SINCE JUL 1      0                         6     -6        2

 COOLING
  YESTERDAY       15                         5     10        0
  MONTH TO DATE  305                       177    128      198
  SINCE JUN 1    853                       567    286      626
  SINCE JAN 1    926                       610    316      754
..................................................................


WIND (MPH)
  HIGHEST WIND SPEED    14   HIGHEST WIND DIRECTION    NW (310)
  HIGHEST GUST SPEED    18   HIGHEST GUST DIRECTION     N (350)
  AVERAGE WIND SPEED     4.2


SKY COVER
  POSSIBLE SUNSHINE  MM
  AVERAGE SKY COVER 0.1


WEATHER CONDITIONS
 THE FOLLOWING WEATHER WAS RECORDED YESTERDAY.
  LIGHT RAIN
  FOG


RELATIVE HUMIDITY (PERCENT)
 HIGHEST    93           600 AM
 LOWEST     38           200 PM
 AVERAGE    66

..........................................................


THE WILLIAMSPORT PA CLIMATE NORMALS FOR TODAY
                         NORMAL    RECORD    YEAR
 MAXIMUM TEMPERATURE (F)   80        98      1948
 MINIMUM TEMPERATURE (F)   59        41      1944


SUNRISE AND SUNSET
AUGUST 27 2016........SUNRISE   630 AM EDT   SUNSET   748 PM EDT
AUGUST 28 2016........SUNRISE   631 AM EDT   SUNSET   746 PM EDT


-  INDICATES NEGATIVE NUMBERS.
R  INDICATES RECORD WAS SET OR TIED.
MM INDICATES DATA IS MISSING.
T  INDICATES TRACE AMOUNT.




$$
