000
CDUS43 KEAX 250637
CLIIRK


CLIMATE REPORT
NATIONAL WEATHER SERVICE KANSAS CITY/PLEASANT HILL MO
136 AM CDT SUN SEP 25 2016


...................................

...THE KIRKSVILLE MO CLIMATE SUMMARY FOR SEPTEMBER 24 2016...

CLIMATE NORMAL PERIOD 1981 TO 2010
CLIMATE RECORD PERIOD 9999 TO 9999


WEATHER ITEM   OBSERVED TIME   NORMAL DEPARTURE LAST
                VALUE   (LST)  VALUE  FROM      YEAR
                                      NORMAL
......................................................
TEMPERATURE (F)
 YESTERDAY
  MAXIMUM         87   1248 PM  72     15       85
  MINIMUM         62    602 AM  50     12       59
  AVERAGE         75            61     14       72

PRECIPITATION (IN)
  YESTERDAY        0.00          0.14  -0.14     0.00
  MONTH TO DATE    2.12          3.44  -1.32     1.58
  SINCE SEP 1      2.12          3.44  -1.32     1.58
  SINCE JAN 1     25.26         30.85  -5.59    32.81

DEGREE DAYS
 HEATING
  YESTERDAY        0             5     -5        0
  MONTH TO DATE    4            59    -55       29
  SINCE SEP 1      4            59    -55       29
  SINCE JUL 1     10            66    -56       42

 COOLING
  YESTERDAY       10             1      9        7
  MONTH TO DATE  173            75     98      194
  SINCE SEP 1    173            75     98      194
  SINCE JAN 1   1251           919    332     1071
......................................................


WIND (MPH)
  HIGHEST WIND SPEED    17   HIGHEST WIND DIRECTION    SE (130)
  HIGHEST GUST SPEED    21   HIGHEST GUST DIRECTION    SE (130)
  AVERAGE WIND SPEED     6.8


SKY COVER
  AVERAGE SKY COVER 0.1


WEATHER CONDITIONS
 THE FOLLOWING WEATHER WAS RECORDED YESTERDAY.
  FOG


RELATIVE HUMIDITY (PERCENT)
 HIGHEST    93          1200 AM
 LOWEST     51           400 PM
 AVERAGE    72

..........................................................


THE KIRKSVILLE MO CLIMATE NORMALS FOR TODAY
                         NORMAL
 MAXIMUM TEMPERATURE (F)   72
 MINIMUM TEMPERATURE (F)   49


SUNRISE AND SUNSET
SEPTEMBER 25 2016.....SUNRISE   701 AM CDT   SUNSET   701 PM CDT
SEPTEMBER 26 2016.....SUNRISE   702 AM CDT   SUNSET   700 PM CDT


-  INDICATES NEGATIVE NUMBERS.
R  INDICATES RECORD WAS SET OR TIED.
MM INDICATES DATA IS MISSING.
T  INDICATES TRACE AMOUNT.




$$
