000
CDUS43 KEAX 060032
CLIIRK


CLIMATE REPORT
NATIONAL WEATHER SERVICE KANSAS CITY/PLEASANT HILL MO
632 PM CST THU MAR 5 2015


...................................

...THE KIRKSVILLE MO CLIMATE SUMMARY FOR MARCH 5 2015...
VALID TODAY AS OF 0600 PM LOCAL TIME.

CLIMATE NORMAL PERIOD 1981 TO 2010
CLIMATE RECORD PERIOD 9999 TO 9999


WEATHER ITEM   OBSERVED TIME   NORMAL DEPARTURE LAST
                VALUE   (LST)  VALUE  FROM      YEAR
                                      NORMAL
......................................................
TEMPERATURE (F)
 TODAY
  MAXIMUM         27    353 PM  46    -19       34
  MINIMUM          9    750 AM  27    -18       24
  AVERAGE         18            36    -18       29

PRECIPITATION (IN)
  TODAY            0.00          0.08  -0.08     0.00
  MONTH TO DATE    0.10          0.40  -0.30     0.30
  SINCE MAR 1      0.10          0.40  -0.30     0.30
  SINCE JAN 1      2.15          3.20  -1.05     3.85

DEGREE DAYS
 HEATING
  TODAY           47            29     18       36
  MONTH TO DATE  198           149     49      250
  SINCE MAR 1    198           149     49      250
  SINCE JUL 1   4877          4682    195     5220

 COOLING
  TODAY            0             0      0        0
  MONTH TO DATE    0             0      0        0
  SINCE MAR 1      0             0      0        0
  SINCE JAN 1      0             0      0        0
......................................................


WIND (MPH)
  HIGHEST WIND SPEED    13   HIGHEST WIND DIRECTION     N (340)
  HIGHEST GUST SPEED    17   HIGHEST GUST DIRECTION     N (340)
  AVERAGE WIND SPEED     6.6


SKY COVER
  AVERAGE SKY COVER 0.0


WEATHER CONDITIONS
 THE FOLLOWING WEATHER WAS RECORDED TODAY.
  NO SIGNIFICANT WEATHER WAS OBSERVED.


RELATIVE HUMIDITY (PERCENT)
 HIGHEST    64          1000 AM
 LOWEST     33           500 PM
 AVERAGE    49

..........................................................


THE KIRKSVILLE MO CLIMATE NORMALS FOR TOMORROW
                         NORMAL
 MAXIMUM TEMPERATURE (F)   46
 MINIMUM TEMPERATURE (F)   27


SUNRISE AND SUNSET
MARCH  5 2015.........SUNRISE   638 AM CST   SUNSET   606 PM CST
MARCH  6 2015.........SUNRISE   636 AM CST   SUNSET   607 PM CST


-  INDICATES NEGATIVE NUMBERS.
R  INDICATES RECORD WAS SET OR TIED.
MM INDICATES DATA IS MISSING.
T  INDICATES TRACE AMOUNT.




$$
