000
CDUS43 KEAX 230632
CLIIRK


CLIMATE REPORT
NATIONAL WEATHER SERVICE KANSAS CITY/PLEASANT HILL MO
131 AM CDT SAT AUG 23 2014


...................................

...THE KIRKSVILLE MO CLIMATE SUMMARY FOR AUGUST 22 2014...

CLIMATE NORMAL PERIOD 1981 TO 2010
CLIMATE RECORD PERIOD 9999 TO 9999


WEATHER ITEM   OBSERVED TIME   NORMAL DEPARTURE LAST
                VALUE   (LST)  VALUE  FROM      YEAR
                                      NORMAL
......................................................
TEMPERATURE (F)
 YESTERDAY
  MAXIMUM         89    330 PM  84      5       MM
  MINIMUM         74    706 AM  62     12       MM
  AVERAGE         82            73      9       MM

PRECIPITATION (IN)
  YESTERDAY        0.55          0.13   0.42     0.00
  MONTH TO DATE    8.09          2.54   5.55      T
  SINCE JUN 1     18.32         11.98   6.34     5.42
  SINCE JAN 1     27.42         26.13   1.29    29.89

DEGREE DAYS
 HEATING
  YESTERDAY        0             0      0       MM
  MONTH TO DATE    0             0      0        5
  SINCE JUN 1     12            17     -5       49
  SINCE JUL 1      6             1      5       13

 COOLING
  YESTERDAY       17             8      9       MM
  MONTH TO DATE  185           211    -26      119
  SINCE JUN 1    623           716    -93      583
  SINCE JAN 1    745           778    -33      651
......................................................


WIND (MPH)
  HIGHEST WIND SPEED    15   HIGHEST WIND DIRECTION    SW (230)
  HIGHEST GUST SPEED    23   HIGHEST GUST DIRECTION    SW (240)
  AVERAGE WIND SPEED     5.8


SKY COVER
  AVERAGE SKY COVER 0.2


WEATHER CONDITIONS
 THE FOLLOWING WEATHER WAS RECORDED YESTERDAY.
  THUNDERSTORM
  HEAVY RAIN
  RAIN
  LIGHT RAIN
  FOG


RELATIVE HUMIDITY (PERCENT)
 HIGHEST    91           900 AM
 LOWEST     68           300 PM
 AVERAGE    80

..........................................................


THE KIRKSVILLE MO CLIMATE NORMALS FOR TODAY
                         NORMAL
 MAXIMUM TEMPERATURE (F)   84
 MINIMUM TEMPERATURE (F)   62


SUNRISE AND SUNSET
AUGUST 23 2014........SUNRISE   629 AM CDT   SUNSET   756 PM CDT
AUGUST 24 2014........SUNRISE   630 AM CDT   SUNSET   754 PM CDT


-  INDICATES NEGATIVE NUMBERS.
R  INDICATES RECORD WAS SET OR TIED.
MM INDICATES DATA IS MISSING.
T  INDICATES TRACE AMOUNT.




$$
