000
CDUS43 KEAX 191245
CLIIRK


CLIMATE REPORT
NATIONAL WEATHER SERVICE KANSAS CITY/PLEASANT HILL MO
744 AM CDT FRI SEP 19 2014


...................................

...THE KIRKSVILLE MO CLIMATE SUMMARY FOR SEPTEMBER 19 2014...
VALID AS OF 0700 AM LOCAL TIME.

CLIMATE NORMAL PERIOD 1981 TO 2010
CLIMATE RECORD PERIOD 9999 TO 9999


WEATHER ITEM   OBSERVED TIME   NORMAL DEPARTURE LAST
                VALUE   (LST)  VALUE  FROM      YEAR
                                      NORMAL
......................................................
TEMPERATURE (F)
 TODAY
  MAXIMUM         56   1205 AM  75    -19       92
  MINIMUM         50    509 AM  52     -2       66
  AVERAGE         53            63    -10       79

PRECIPITATION (IN)
  TODAY            0.00          0.13  -0.13     0.39
  MONTH TO DATE   10.07          2.78   7.29     1.32
  SINCE SEP 1     10.07          2.78   7.29     1.32
  SINCE JAN 1     38.16         30.19   7.97    31.21

DEGREE DAYS
 HEATING
  TODAY           12             4      8        0
  MONTH TO DATE   97            36     61       19
  SINCE SEP 1     97            36     61       19
  SINCE JUL 1    103            43     60       32

 COOLING
  TODAY            0             2     -2       14
  MONTH TO DATE   59            68     -9      171
  SINCE SEP 1     59            68     -9      171
  SINCE JAN 1    925           912     13      981
......................................................


WIND (MPH)
  HIGHEST WIND SPEED     7   HIGHEST WIND DIRECTION    SE (120)
  HIGHEST GUST SPEED     9   HIGHEST GUST DIRECTION    SE (120)
  AVERAGE WIND SPEED     5.6


SKY COVER
  AVERAGE SKY COVER 0.0


WEATHER CONDITIONS
 THE FOLLOWING WEATHER WAS RECORDED TODAY.
  FOG


RELATIVE HUMIDITY (PERCENT)
 HIGHEST    96           400 AM
 LOWEST     86          1200 AM
 AVERAGE    91

..........................................................


THE KIRKSVILLE MO CLIMATE NORMALS FOR TOMORROW
                         NORMAL
 MAXIMUM TEMPERATURE (F)   74
 MINIMUM TEMPERATURE (F)   51


SUNRISE AND SUNSET
SEPTEMBER 19 2014.....SUNRISE   655 AM CDT   SUNSET   712 PM CDT
SEPTEMBER 20 2014.....SUNRISE   656 AM CDT   SUNSET   711 PM CDT


-  INDICATES NEGATIVE NUMBERS.
R  INDICATES RECORD WAS SET OR TIED.
MM INDICATES DATA IS MISSING.
T  INDICATES TRACE AMOUNT.




$$
