844
CDUS43 KEAX 200641
CLIIRK


CLIMATE REPORT
NATIONAL WEATHER SERVICE KANSAS CITY/PLEASANT HILL MO
140 AM CDT WED SEP 20 2017


...................................

...THE KIRKSVILLE MO CLIMATE SUMMARY FOR SEPTEMBER 19 2017...

CLIMATE NORMAL PERIOD 1981 TO 2010
CLIMATE RECORD PERIOD 9999 TO 9999


WEATHER ITEM   OBSERVED TIME   NORMAL DEPARTURE LAST
                VALUE   (LST)  VALUE  FROM      YEAR
                                      NORMAL
......................................................
TEMPERATURE (F)
 YESTERDAY
  MAXIMUM         85    343 PM  75     10       87
  MINIMUM         62   1233 AM  52     10       60
  AVERAGE         74            63     11       74

PRECIPITATION (IN)
  YESTERDAY        0.00          0.13  -0.13     0.00
  MONTH TO DATE    0.22          2.78  -2.56     2.12
  SINCE SEP 1      0.22          2.78  -2.56     2.12
  SINCE JAN 1     24.49         30.19  -5.70    25.26

DEGREE DAYS
 HEATING
  YESTERDAY        0             4     -4        0
  MONTH TO DATE   21            36    -15        4
  SINCE SEP 1     21            36    -15        4
  SINCE JUL 1     22            43    -21       10

 COOLING
  YESTERDAY        9             2      7        9
  MONTH TO DATE   68            68      0      114
  SINCE SEP 1     68            68      0      114
  SINCE JAN 1    993           912     81     1192
......................................................


WIND (MPH)
  HIGHEST WIND SPEED    17   HIGHEST WIND DIRECTION    SE (130)
  HIGHEST GUST SPEED    21   HIGHEST GUST DIRECTION    SE (140)
  AVERAGE WIND SPEED     7.7


SKY COVER
  AVERAGE SKY COVER 0.5


WEATHER CONDITIONS
 THE FOLLOWING WEATHER WAS RECORDED YESTERDAY.
  FOG
  FOG W/VISIBILITY <= 1/4 MILE


RELATIVE HUMIDITY (PERCENT)
 HIGHEST   100           100 AM
 LOWEST     55           500 PM
 AVERAGE    78

..........................................................


THE KIRKSVILLE MO CLIMATE NORMALS FOR TODAY
                         NORMAL
 MAXIMUM TEMPERATURE (F)   74
 MINIMUM TEMPERATURE (F)   51


SUNRISE AND SUNSET
SEPTEMBER 20 2017.....SUNRISE   656 AM CDT   SUNSET   710 PM CDT
SEPTEMBER 21 2017.....SUNRISE   657 AM CDT   SUNSET   708 PM CDT


-  INDICATES NEGATIVE NUMBERS.
R  INDICATES RECORD WAS SET OR TIED.
MM INDICATES DATA IS MISSING.
T  INDICATES TRACE AMOUNT.




$$
