000
CDUS43 KEAX 210649
CLIIRK


CLIMATE REPORT
NATIONAL WEATHER SERVICE KANSAS CITY/PLEASANT HILL MO
1248 AM CST WED FEB 21 2018


...................................

...THE KIRKSVILLE MO CLIMATE SUMMARY FOR FEBRUARY 20 2018...

CLIMATE NORMAL PERIOD 1981 TO 2010
CLIMATE RECORD PERIOD 9999 TO 9999


WEATHER ITEM   OBSERVED TIME   NORMAL DEPARTURE LAST
                VALUE   (LST)  VALUE  FROM      YEAR
                                      NORMAL
......................................................
TEMPERATURE (F)
 YESTERDAY
  MAXIMUM         41    346 AM  40      1       69
  MINIMUM         22   1159 PM  22      0       53
  AVERAGE         32            31      1       61

PRECIPITATION (IN)
  YESTERDAY        1.35          0.06   1.29     0.02
  MONTH TO DATE    2.62          1.08   1.54     0.14
  SINCE DEC 1      4.37          4.10   0.27     3.00
  SINCE JAN 1      3.59          2.35   1.24     1.77

DEGREE DAYS
 HEATING
  YESTERDAY       33            34     -1        4
  MONTH TO DATE  769           727     42      502
  SINCE DEC 1   3092          3053     39     2660
  SINCE JUL 1   4111          4274   -163     3382

 COOLING
  YESTERDAY        0             0      0        0
  MONTH TO DATE    0             0      0        0
  SINCE DEC 1      0             0      0        0
  SINCE JAN 1      0             0      0        0
......................................................


WIND (MPH)
  HIGHEST WIND SPEED    21   HIGHEST WIND DIRECTION    NW (310)
  HIGHEST GUST SPEED    26   HIGHEST GUST DIRECTION     W (290)
  AVERAGE WIND SPEED    10.2


SKY COVER
  AVERAGE SKY COVER 0.9


WEATHER CONDITIONS
 THE FOLLOWING WEATHER WAS RECORDED YESTERDAY.
  THUNDERSTORM
  HEAVY RAIN
  RAIN
  LIGHT RAIN
  FREEZING RAIN
  LT FREEZING RAIN
  FOG


RELATIVE HUMIDITY (PERCENT)
 HIGHEST   100           200 AM
 LOWEST     81           700 PM
 AVERAGE    91

..........................................................


THE KIRKSVILLE MO CLIMATE NORMALS FOR TODAY
                         NORMAL
 MAXIMUM TEMPERATURE (F)   41
 MINIMUM TEMPERATURE (F)   22


SUNRISE AND SUNSET
FEBRUARY 21 2018......SUNRISE   655 AM CST   SUNSET   553 PM CST
FEBRUARY 22 2018......SUNRISE   654 AM CST   SUNSET   554 PM CST


-  INDICATES NEGATIVE NUMBERS.
R  INDICATES RECORD WAS SET OR TIED.
MM INDICATES DATA IS MISSING.
T  INDICATES TRACE AMOUNT.




$$
