000
CDUS43 KEAX 200036
CLIIRK


CLIMATE REPORT
NATIONAL WEATHER SERVICE KANSAS CITY/PLEASANT HILL MO
635 PM CST FRI DEC 19 2014


...................................

...THE KIRKSVILLE MO CLIMATE SUMMARY FOR DECEMBER 19 2014...
VALID TODAY AS OF 0600 PM LOCAL TIME.

CLIMATE NORMAL PERIOD 1981 TO 2010
CLIMATE RECORD PERIOD 9999 TO 9999


WEATHER ITEM   OBSERVED TIME   NORMAL DEPARTURE LAST
                VALUE   (LST)  VALUE  FROM      YEAR
                                      NORMAL
......................................................
TEMPERATURE (F)
 TODAY
  MAXIMUM         33    326 PM  36     -3       55
  MINIMUM         28    535 AM  19      9       38
  AVERAGE         31            28      3       47

PRECIPITATION (IN)
  TODAY            0.00          0.06  -0.06      T
  MONTH TO DATE    0.59          1.16  -0.57     0.75
  SINCE DEC 1      0.59          1.16  -0.57     0.75
  SINCE JAN 1     44.22         38.72   5.50    37.66

DEGREE DAYS
 HEATING
  TODAY           34            37     -3       18
  MONTH TO DATE  586           663    -77      736
  SINCE DEC 1    586           663    -77      736
  SINCE JUL 1   1907          1884     23     2003

 COOLING
  TODAY            0             0      0        0
  MONTH TO DATE    0             0      0        0
  SINCE DEC 1      0             0      0        0
  SINCE JAN 1    958           939     19     1028
......................................................


WIND (MPH)
  HIGHEST WIND SPEED    10   HIGHEST WIND DIRECTION     E (100)
  HIGHEST GUST SPEED    11   HIGHEST GUST DIRECTION     E (100)
  AVERAGE WIND SPEED     4.2


SKY COVER
  AVERAGE SKY COVER 1.0


WEATHER CONDITIONS
 THE FOLLOWING WEATHER WAS RECORDED TODAY.
  FOG


RELATIVE HUMIDITY (PERCENT)
 HIGHEST    92          1200 AM
 LOWEST     85           200 PM
 AVERAGE    89

..........................................................


THE KIRKSVILLE MO CLIMATE NORMALS FOR TOMORROW
                         NORMAL
 MAXIMUM TEMPERATURE (F)   36
 MINIMUM TEMPERATURE (F)   19


SUNRISE AND SUNSET
DECEMBER 19 2014......SUNRISE   728 AM CST   SUNSET   447 PM CST
DECEMBER 20 2014......SUNRISE   728 AM CST   SUNSET   447 PM CST


-  INDICATES NEGATIVE NUMBERS.
R  INDICATES RECORD WAS SET OR TIED.
MM INDICATES DATA IS MISSING.
T  INDICATES TRACE AMOUNT.




$$
