000
CDUS43 KBIS 110035
CLIISN


CLIMATE REPORT
NATIONAL WEATHER SERVICE BISMARCK ND
634 PM CST SUN DEC 10 2017


...................................

...THE WILLISTON ND CLIMATE SUMMARY FOR DECEMBER 10 2017...
VALID TODAY AS OF 0600 PM LOCAL TIME.

CLIMATE NORMAL PERIOD 1981 TO 2010
CLIMATE RECORD PERIOD 1894 TO 2017


WEATHER ITEM   OBSERVED TIME   RECORD YEAR NORMAL DEPARTURE LAST
                VALUE   (LST)  VALUE       VALUE  FROM      YEAR
                                                  NORMAL
..................................................................
TEMPERATURE (F)
 TODAY
  MAXIMUM         46    345 PM  54    1987  26     20        3
  MINIMUM         31    441 AM -27    1919   5     26      -17
  AVERAGE         39                        15     24       -7

PRECIPITATION (IN)
  TODAY            0.00          0.72 2010   0.02  -0.02     0.23
  MONTH TO DATE    0.13                      0.19  -0.06     0.40
  SINCE DEC 1      0.13                      0.19  -0.06     0.40
  SINCE JAN 1     11.93                     13.94  -2.01    14.99

SNOWFALL (IN)
  TODAY           MM

DEGREE DAYS
 HEATING
  TODAY           26                        50    -24       72
  MONTH TO DATE  375                       481   -106      539
  SINCE DEC 1    375                       481   -106      539
  SINCE JUL 1   2389                      2643   -254     2118

 COOLING
  TODAY            0                         0      0        0
  MONTH TO DATE    0                         0      0        0
  SINCE DEC 1      0                         0      0        0
  SINCE JAN 1    643                       456    187      521
..................................................................


WIND (MPH)
  HIGHEST WIND SPEED    18   HIGHEST WIND DIRECTION     W (280)
  HIGHEST GUST SPEED    23   HIGHEST GUST DIRECTION     W (280)
  AVERAGE WIND SPEED     7.5


SKY COVER
  POSSIBLE SUNSHINE  MM
  AVERAGE SKY COVER 0.4


WEATHER CONDITIONS
 THE FOLLOWING WEATHER WAS RECORDED TODAY.
  NO SIGNIFICANT WEATHER WAS OBSERVED.


RELATIVE HUMIDITY (PERCENT)
 HIGHEST    59           300 AM
 LOWEST     39           100 PM
 AVERAGE    49

..........................................................


THE WILLISTON ND CLIMATE NORMALS FOR TOMORROW
                         NORMAL    RECORD    YEAR
 MAXIMUM TEMPERATURE (F)   25        57      1939
 MINIMUM TEMPERATURE (F)    4       -24      1902


SUNRISE AND SUNSET
DECEMBER 10 2017......SUNRISE   834 AM CST   SUNSET   501 PM CST
DECEMBER 11 2017......SUNRISE   835 AM CST   SUNSET   501 PM CST


-  INDICATES NEGATIVE NUMBERS.
R  INDICATES RECORD WAS SET OR TIED.
MM INDICATES DATA IS MISSING.
T  INDICATES TRACE AMOUNT.




$$
