397
CDUS43 KBIS 021240
CLIISN


CLIMATE REPORT
NATIONAL WEATHER SERVICE BISMARCK ND
640 AM CST FRI DEC 2 2016


...................................

...THE WILLISTON ND CLIMATE SUMMARY FOR DECEMBER 1 2016...

CLIMATE NORMAL PERIOD 1981 TO 2010
CLIMATE RECORD PERIOD 1894 TO 2016


WEATHER ITEM   OBSERVED TIME   RECORD YEAR NORMAL DEPARTURE LAST
                VALUE   (LST)  VALUE       VALUE  FROM      YEAR
                                                  NORMAL
..................................................................
TEMPERATURE (F)
 YESTERDAY
  MAXIMUM         31    146 PM  56    1969  29      2       32
  MINIMUM         26    901 AM -22    1896   9     17        3
  AVERAGE         29                        19     10       18

PRECIPITATION (IN)
  YESTERDAY        0.00          0.31 1928   0.02  -0.02     0.00
  MONTH TO DATE    0.00                      0.02  -0.02     0.00
  SINCE DEC 1      0.00                      0.02  -0.02     0.00
  SINCE JAN 1     14.59                     13.77   0.82    11.49

SNOWFALL (IN)
  YESTERDAY       MM
  SNOW DEPTH      MM

DEGREE DAYS
 HEATING
  YESTERDAY       36                        46    -10       47
  MONTH TO DATE   36                        46    -10       47
  SINCE DEC 1     36                        46    -10       47
  SINCE JUL 1   1615                      2208   -593     1797

 COOLING
  YESTERDAY        0                         0      0        0
  MONTH TO DATE    0                         0      0        0
  SINCE DEC 1      0                         0      0        0
  SINCE JAN 1    521                       456     65      612
..................................................................


WIND (MPH)
  HIGHEST WIND SPEED     8   HIGHEST WIND DIRECTION    NE (40)
  HIGHEST GUST SPEED    10   HIGHEST GUST DIRECTION     N (20)
  AVERAGE WIND SPEED     3.0


SKY COVER
  POSSIBLE SUNSHINE  MM
  AVERAGE SKY COVER 1.0


WEATHER CONDITIONS
 THE FOLLOWING WEATHER WAS RECORDED YESTERDAY.
  NO SIGNIFICANT WEATHER WAS OBSERVED.


RELATIVE HUMIDITY (PERCENT)
 HIGHEST    85          1100 AM
 LOWEST     78          1000 AM
 AVERAGE    82

..........................................................


THE WILLISTON ND CLIMATE NORMALS FOR TODAY
                         NORMAL    RECORD    YEAR
 MAXIMUM TEMPERATURE (F)   29        55      1948
 MINIMUM TEMPERATURE (F)    8       -27      1985


SUNRISE AND SUNSET
DECEMBER  2 2016......SUNRISE   826 AM CST   SUNSET   502 PM CST
DECEMBER  3 2016......SUNRISE   827 AM CST   SUNSET   502 PM CST


-  INDICATES NEGATIVE NUMBERS.
R  INDICATES RECORD WAS SET OR TIED.
MM INDICATES DATA IS MISSING.
T  INDICATES TRACE AMOUNT.




$$
