000
CDUS43 KBIS 190720
CLIISN


CLIMATE REPORT
NATIONAL WEATHER SERVICE BISMARCK ND
219 AM CDT FRI SEP 19 2014


...................................

...THE WILLISTON ND CLIMATE SUMMARY FOR SEPTEMBER 18 2014...

CLIMATE NORMAL PERIOD 1981 TO 2010
CLIMATE RECORD PERIOD 1894 TO 2014


WEATHER ITEM   OBSERVED TIME   RECORD YEAR NORMAL DEPARTURE LAST
                VALUE   (LST)  VALUE       VALUE  FROM      YEAR
                                                  NORMAL
..................................................................
TEMPERATURE (F)
 YESTERDAY
  MAXIMUM         83    230 PM  93    2004  70     13       79
  MINIMUM         54    147 AM  23    2010  41     13       56
  AVERAGE         69                        55     14       68

PRECIPITATION (IN)
  YESTERDAY        0.00          1.26 1988   0.03  -0.03     0.15
  MONTH TO DATE    0.39                      0.64  -0.25     1.62
  SINCE SEP 1      0.39                      0.64  -0.25     1.62
  SINCE JAN 1      8.82                     11.76  -2.94    17.51

SNOWFALL (IN)
  YESTERDAY       MM             T    1991   0.0   MM       MM
  MONTH TO DATE    0.0                       0.0    0.0     MM
  SINCE SEP 1      0.0                       0.0    0.0     MM
  SINCE JUL 1      0.0                       0.0    0.0     MM
  SNOW DEPTH      MM

DEGREE DAYS
 HEATING
  YESTERDAY        0                        10    -10        0
  MONTH TO DATE  188                       122     66       17
  SINCE SEP 1    188                       122     66       17
  SINCE JUL 1    245                       193     52       63

 COOLING
  YESTERDAY        4                         0      4        3
  MONTH TO DATE    4                        24    -20       78
  SINCE SEP 1      4                        24    -20       78
  SINCE JAN 1    395                       453    -58      405
..................................................................


WIND (MPH)
  HIGHEST WIND SPEED    15   HIGHEST WIND DIRECTION     S (200)
  HIGHEST GUST SPEED    19   HIGHEST GUST DIRECTION    SW (220)
  AVERAGE WIND SPEED     6.3


SKY COVER
  POSSIBLE SUNSHINE  MM
  AVERAGE SKY COVER 0.0


WEATHER CONDITIONS
 THE FOLLOWING WEATHER WAS RECORDED YESTERDAY.
  NO SIGNIFICANT WEATHER WAS OBSERVED.


RELATIVE HUMIDITY (PERCENT)
 HIGHEST    72           200 AM
 LOWEST     37           300 PM
 AVERAGE    55

..........................................................


THE WILLISTON ND CLIMATE NORMALS FOR TODAY
                         NORMAL    RECORD    YEAR
 MAXIMUM TEMPERATURE (F)   70        93      2009
                                             1981
 MINIMUM TEMPERATURE (F)   40        22      1918


SUNRISE AND SUNSET
SEPTEMBER 19 2014.....SUNRISE   737 AM CDT   SUNSET   759 PM CDT
SEPTEMBER 20 2014.....SUNRISE   738 AM CDT   SUNSET   756 PM CDT


-  INDICATES NEGATIVE NUMBERS.
R  INDICATES RECORD WAS SET OR TIED.
MM INDICATES DATA IS MISSING.
T  INDICATES TRACE AMOUNT.




$$
