000
CDUS43 KBIS 242220
CLIISN


CLIMATE REPORT
NATIONAL WEATHER SERVICE BISMARCK ND
520 PM CDT WED MAY 24 2017


...................................

...THE WILLISTON ND CLIMATE SUMMARY FOR MAY 24 2017...
VALID TODAY AS OF 0500 PM LOCAL TIME.

CLIMATE NORMAL PERIOD 1981 TO 2010
CLIMATE RECORD PERIOD 1894 TO 2017


WEATHER ITEM   OBSERVED TIME   RECORD YEAR NORMAL DEPARTURE LAST
                VALUE   (LST)  VALUE       VALUE  FROM      YEAR
                                                  NORMAL
..................................................................
TEMPERATURE (F)
 TODAY
  MAXIMUM         80    306 PM  92    1980  70     10       72
                                      1977
  MINIMUM         52    522 AM  23    2002  43      9       42
  AVERAGE         66                        57      9       57

PRECIPITATION (IN)
  TODAY            0.00          1.72 2010   0.07  -0.07     0.00
  MONTH TO DATE    0.76                      1.40  -0.64     0.21
  SINCE MAR 1      2.11                      3.11  -1.00     2.34
  SINCE JAN 1      3.25                      4.09  -0.84     3.47

SNOWFALL (IN)
  TODAY           MM

DEGREE DAYS
 HEATING
  TODAY            0                         9     -9        8
  MONTH TO DATE  202                       294    -92      209
  SINCE MAR 1   1860                      2051   -191     1676
  SINCE JUL 1   7882                      8819   -937     7286

 COOLING
  TODAY            1                         0      1        0
  MONTH TO DATE   23                         0     23       10
  SINCE MAR 1     23                         1     22       10
  SINCE JAN 1     23                         1     22       10
..................................................................


WIND (MPH)
  HIGHEST WIND SPEED    31   HIGHEST WIND DIRECTION    SE (150)
  HIGHEST GUST SPEED    44   HIGHEST GUST DIRECTION     S (160)
  AVERAGE WIND SPEED    18.4


SKY COVER
  POSSIBLE SUNSHINE  MM
  AVERAGE SKY COVER 0.1


WEATHER CONDITIONS
 THE FOLLOWING WEATHER WAS RECORDED TODAY.
  NO SIGNIFICANT WEATHER WAS OBSERVED.


RELATIVE HUMIDITY (PERCENT)
 HIGHEST    54           500 AM
 LOWEST     23           200 PM
 AVERAGE    39

..........................................................


THE WILLISTON ND CLIMATE NORMALS FOR TOMORROW
                         NORMAL    RECORD    YEAR
 MAXIMUM TEMPERATURE (F)   70        93      1931
 MINIMUM TEMPERATURE (F)   44        27      1992


SUNRISE AND SUNSET
MAY 24 2017...........SUNRISE   605 AM CDT   SUNSET   939 PM CDT
MAY 25 2017...........SUNRISE   604 AM CDT   SUNSET   940 PM CDT


-  INDICATES NEGATIVE NUMBERS.
R  INDICATES RECORD WAS SET OR TIED.
MM INDICATES DATA IS MISSING.
T  INDICATES TRACE AMOUNT.




$$
