000
CDUS43 KBIS 220851
CLIISN


CLIMATE REPORT
NATIONAL WEATHER SERVICE BISMARCK ND
251 AM CST SUN JAN 22 2017


...................................

...THE WILLISTON ND CLIMATE SUMMARY FOR JANUARY 21 2017...

CLIMATE NORMAL PERIOD 1981 TO 2010
CLIMATE RECORD PERIOD 1894 TO 2017


WEATHER ITEM   OBSERVED TIME   RECORD YEAR NORMAL DEPARTURE LAST
                VALUE   (LST)  VALUE       VALUE  FROM      YEAR
                                                  NORMAL
..................................................................
TEMPERATURE (F)
 YESTERDAY
  MAXIMUM         33    334 PM  50    1968  22     11       18
  MINIMUM         19    115 AM -39    1954   0     19        1
  AVERAGE         26                        11     15       10

PRECIPITATION (IN)
  YESTERDAY        0.00          0.58 1999   0.01  -0.01     0.02
  MONTH TO DATE    0.40                      0.43  -0.03     0.38
  SINCE DEC 1      1.36                      1.05   0.31     0.93
  SINCE JAN 1      0.40                      0.43  -0.03     0.38

SNOWFALL (IN)
  YESTERDAY       MM
  SNOW DEPTH      MM

DEGREE DAYS
 HEATING
  YESTERDAY       39                        54    -15       55
  MONTH TO DATE 1273                      1144    129     1130
  SINCE DEC 1   2782                      2729     53     2474
  SINCE JUL 1   4361                      4891   -530     4224

 COOLING
  YESTERDAY        0                         0      0        0
  MONTH TO DATE    0                         0      0        0
  SINCE DEC 1      0                         0      0        0
  SINCE JAN 1      0                         0      0        0
..................................................................


WIND (MPH)
  HIGHEST WIND SPEED    16   HIGHEST WIND DIRECTION    NW (310)
  HIGHEST GUST SPEED    18   HIGHEST GUST DIRECTION    NW (300)
  AVERAGE WIND SPEED     6.1


SKY COVER
  POSSIBLE SUNSHINE  MM
  AVERAGE SKY COVER 0.9


WEATHER CONDITIONS
 THE FOLLOWING WEATHER WAS RECORDED YESTERDAY.
  FOG


RELATIVE HUMIDITY (PERCENT)
 HIGHEST   100           100 AM
 LOWEST     72           300 PM
 AVERAGE    86

..........................................................


THE WILLISTON ND CLIMATE NORMALS FOR TODAY
                         NORMAL    RECORD    YEAR
 MAXIMUM TEMPERATURE (F)   22        47      1981
 MINIMUM TEMPERATURE (F)    0       -34      1922


SUNRISE AND SUNSET
JANUARY 22 2017.......SUNRISE   834 AM CST   SUNSET   539 PM CST
JANUARY 23 2017.......SUNRISE   833 AM CST   SUNSET   541 PM CST


-  INDICATES NEGATIVE NUMBERS.
R  INDICATES RECORD WAS SET OR TIED.
MM INDICATES DATA IS MISSING.
T  INDICATES TRACE AMOUNT.




$$
