000
CDUS43 KBIS 310724
CLIISN


CLIMATE REPORT
NATIONAL WEATHER SERVICE BISMARCK ND
223 AM CDT MON AUG 31 2015


...................................

...THE WILLISTON ND CLIMATE SUMMARY FOR AUGUST 30 2015...

CLIMATE NORMAL PERIOD 1981 TO 2010
CLIMATE RECORD PERIOD 1894 TO 2015


WEATHER ITEM   OBSERVED TIME   RECORD YEAR NORMAL DEPARTURE LAST
                VALUE   (LST)  VALUE       VALUE  FROM      YEAR
                                                  NORMAL
..................................................................
TEMPERATURE (F)
 YESTERDAY
  MAXIMUM         88   1142 AM  97    2008  79      9       75
                                      1983
                                      1981
  MINIMUM         60    633 AM  37    1935  50     10       52
  AVERAGE         74                        64     10       64

PRECIPITATION (IN)
  YESTERDAY        T             0.96 1952   0.05  -0.05     0.20
  MONTH TO DATE    0.82                      1.41  -0.59     2.05
  SINCE JUN 1      4.27                      6.47  -2.20     4.15
  SINCE JAN 1      7.77                     11.08  -3.31     8.24

SNOWFALL (IN)
  YESTERDAY        0.0           T    1952   0.0    0.0     MM
  MONTH TO DATE    0.0                       0.0    0.0     MM
  SINCE JUN 1      0.0                       0.0    0.0     MM
  SINCE JUL 1      0.0                       0.0    0.0     MM
  SNOW DEPTH       0

DEGREE DAYS
 HEATING
  YESTERDAY        0                         3     -3        1
  MONTH TO DATE   31                        45    -14       39
  SINCE JUN 1     93                       189    -96      166
  SINCE JUL 1     39                        69    -30       56

 COOLING
  YESTERDAY        9                         3      6        0
  MONTH TO DATE  210                       163     47      178
  SINCE JUN 1    560                       413    147      370
  SINCE JAN 1    561                       426    135      391
..................................................................


WIND (MPH)
  HIGHEST WIND SPEED    26   HIGHEST WIND DIRECTION    NW (330)
  HIGHEST GUST SPEED    34   HIGHEST GUST DIRECTION    NW (330)
  AVERAGE WIND SPEED     6.9


SKY COVER
  POSSIBLE SUNSHINE  MM
  AVERAGE SKY COVER 0.0


WEATHER CONDITIONS
 THE FOLLOWING WEATHER WAS RECORDED YESTERDAY.
  LIGHT RAIN
  HAZE


RELATIVE HUMIDITY (PERCENT)
 HIGHEST    73           400 AM
 LOWEST     23           500 PM
 AVERAGE    48

..........................................................


THE WILLISTON ND CLIMATE NORMALS FOR TODAY
                         NORMAL    RECORD    YEAR
 MAXIMUM TEMPERATURE (F)   79       103      1983
 MINIMUM TEMPERATURE (F)   49        34      1994
                                             1895


SUNRISE AND SUNSET
AUGUST 31 2015........SUNRISE   711 AM CDT   SUNSET   838 PM CDT
SEPTEMBER  1 2015.....SUNRISE   712 AM CDT   SUNSET   836 PM CDT


-  INDICATES NEGATIVE NUMBERS.
R  INDICATES RECORD WAS SET OR TIED.
MM INDICATES DATA IS MISSING.
T  INDICATES TRACE AMOUNT.




$$
