000
CDUS43 KBIS 160732
CLIISN


CLIMATE REPORT
NATIONAL WEATHER SERVICE BISMARCK ND
232 AM CDT WED AUG 16 2017


...................................

...THE WILLISTON ND CLIMATE SUMMARY FOR AUGUST 15 2017...

CLIMATE NORMAL PERIOD 1981 TO 2010
CLIMATE RECORD PERIOD 1894 TO 2017


WEATHER ITEM   OBSERVED TIME   RECORD YEAR NORMAL DEPARTURE LAST
                VALUE   (LST)  VALUE       VALUE  FROM      YEAR
                                                  NORMAL
..................................................................
TEMPERATURE (F)
 YESTERDAY
  MAXIMUM         75    651 PM 100    1990  85    -10       87
                                      1988
  MINIMUM         57    630 AM  41    1897  55      2       54
  AVERAGE         66                        70     -4       71

PRECIPITATION (IN)
  YESTERDAY        0.03          1.23 1968   0.05  -0.02     0.00
  MONTH TO DATE    2.18                      0.72   1.46     0.27
  SINCE JUN 1      4.26                      5.78  -1.52     4.50
  SINCE JAN 1      7.73                     10.39  -2.66     9.57

DEGREE DAYS
 HEATING
  YESTERDAY        0                         1     -1        0
  MONTH TO DATE    8                        15     -7        0
  SINCE JUN 1     39                       159   -120       17
  SINCE JUL 1      8                        39    -31        1

 COOLING
  YESTERDAY        1                         6     -5        6
  MONTH TO DATE   23                       100    -77      100
  SINCE JUN 1    489                       350    139      405
  SINCE JAN 1    512                       363    149      415
..................................................................


WIND (MPH)
  HIGHEST WIND SPEED    13   HIGHEST WIND DIRECTION    SE (120)
  HIGHEST GUST SPEED    15   HIGHEST GUST DIRECTION    SE (120)
  AVERAGE WIND SPEED     2.7


SKY COVER
  POSSIBLE SUNSHINE  MM
  AVERAGE SKY COVER 0.3


WEATHER CONDITIONS
 THE FOLLOWING WEATHER WAS RECORDED YESTERDAY.
  LIGHT RAIN
  FOG


RELATIVE HUMIDITY (PERCENT)
 HIGHEST    93          1200 AM
 LOWEST     60           400 PM
 AVERAGE    77

..........................................................


THE WILLISTON ND CLIMATE NORMALS FOR TODAY
                         NORMAL    RECORD    YEAR
 MAXIMUM TEMPERATURE (F)   85       103      2003
 MINIMUM TEMPERATURE (F)   54        40      2002
                                             1926


SUNRISE AND SUNSET
AUGUST 16 2017........SUNRISE   651 AM CDT   SUNSET   906 PM CDT
AUGUST 17 2017........SUNRISE   652 AM CDT   SUNSET   904 PM CDT


-  INDICATES NEGATIVE NUMBERS.
R  INDICATES RECORD WAS SET OR TIED.
MM INDICATES DATA IS MISSING.
T  INDICATES TRACE AMOUNT.




$$
