000
CDUS43 KBIS 010749
CLIISN


CLIMATE REPORT
NATIONAL WEATHER SERVICE BISMARCK ND
248 AM CDT SAT AUG 1 2015


...................................

...THE WILLISTON ND CLIMATE SUMMARY FOR JULY 31 2015...

CLIMATE NORMAL PERIOD 1981 TO 2010
CLIMATE RECORD PERIOD 1894 TO 2015


WEATHER ITEM   OBSERVED TIME   RECORD YEAR NORMAL DEPARTURE LAST
                VALUE   (LST)  VALUE       VALUE  FROM      YEAR
                                                  NORMAL
..................................................................
TEMPERATURE (F)
 YESTERDAY
  MAXIMUM         90    547 PM 105    1989  86      4       90
  MINIMUM         54    537 AM  40    1898  57     -3       62
  AVERAGE         72                        72      0       76

PRECIPITATION (IN)
  YESTERDAY        0.00          0.69 1931   0.06  -0.06     0.10
  MONTH TO DATE    1.55                      2.54  -0.99     0.66
  SINCE JUN 1      3.45                      5.06  -1.61     2.10
  SINCE JAN 1      6.95                      9.67  -2.72     6.19

SNOWFALL (IN)
  YESTERDAY       MM             0.0  2002   0.0   MM       MM
                                      2001
  MONTH TO DATE    0.0                       0.0    0.0     MM
  SINCE JUN 1      0.0                       0.0    0.0     MM
  SINCE JUL 1      0.0                       0.0    0.0     MM
  SNOW DEPTH      MM

DEGREE DAYS
 HEATING
  YESTERDAY        0                         0      0        0
  MONTH TO DATE    8                        21    -13       17
  SINCE JUN 1     62                       144    -82      127
  SINCE JUL 1      8                        24    -16       17

 COOLING
  YESTERDAY        7                         7      0       11
  MONTH TO DATE  247                       182     65      164
  SINCE JUN 1    350                       250    100      192
  SINCE JAN 1    351                       263     88      213
..................................................................


WIND (MPH)
  HIGHEST WIND SPEED    13   HIGHEST WIND DIRECTION     N (10)
  HIGHEST GUST SPEED    17   HIGHEST GUST DIRECTION     N (10)
  AVERAGE WIND SPEED     5.6


SKY COVER
  POSSIBLE SUNSHINE  MM
  AVERAGE SKY COVER 0.0


WEATHER CONDITIONS
 THE FOLLOWING WEATHER WAS RECORDED YESTERDAY.
  NO SIGNIFICANT WEATHER WAS OBSERVED.


RELATIVE HUMIDITY (PERCENT)
 HIGHEST    89           500 AM
 LOWEST     21           300 PM
 AVERAGE    55

..........................................................


THE WILLISTON ND CLIMATE NORMALS FOR TODAY
                         NORMAL    RECORD    YEAR
 MAXIMUM TEMPERATURE (F)   86       104      1900
 MINIMUM TEMPERATURE (F)   57        40      1923


SUNRISE AND SUNSET
AUGUST  1 2015........SUNRISE   630 AM CDT   SUNSET   931 PM CDT
AUGUST  2 2015........SUNRISE   631 AM CDT   SUNSET   930 PM CDT


-  INDICATES NEGATIVE NUMBERS.
R  INDICATES RECORD WAS SET OR TIED.
MM INDICATES DATA IS MISSING.
T  INDICATES TRACE AMOUNT.




$$
