000
CDUS43 KBIS 180029
CLIISN


CLIMATE REPORT
NATIONAL WEATHER SERVICE BISMARCK ND
628 PM CST WED DEC 17 2014


...................................

...THE WILLISTON ND CLIMATE SUMMARY FOR DECEMBER 17 2014...
VALID TODAY AS OF 0600 PM LOCAL TIME.

CLIMATE NORMAL PERIOD 1981 TO 2010
CLIMATE RECORD PERIOD 1894 TO 2014


WEATHER ITEM   OBSERVED TIME   RECORD YEAR NORMAL DEPARTURE LAST
                VALUE   (LST)  VALUE       VALUE  FROM      YEAR
                                                  NORMAL
..................................................................
TEMPERATURE (F)
 TODAY
  MAXIMUM         22   1254 AM  52    1998  24     -2       29
                                      1923
  MINIMUM         17   1015 AM -37    1906   3     14       18
  AVERAGE         20                        13      7       24

PRECIPITATION (IN)
  TODAY            T             0.29 1970   0.01  -0.01     0.00
  MONTH TO DATE    0.01                      0.32  -0.31     0.59
  SINCE DEC 1      0.01                      0.32  -0.31     0.59
  SINCE JAN 1     10.66                     14.07  -3.41    20.80

SNOWFALL (IN)
  TODAY           MM

DEGREE DAYS
 HEATING
  TODAY           45                        52     -7       41
  MONTH TO DATE  735                       838   -103      976
  SINCE DEC 1    735                       838   -103      976
  SINCE JUL 1   2928                      3000    -72     3050

 COOLING
  TODAY            0                         0      0        0
  MONTH TO DATE    0                         0      0        0
  SINCE DEC 1      0                         0      0        0
  SINCE JAN 1    425                       456    -31      405
..................................................................


WIND (MPH)
  HIGHEST WIND SPEED    15   HIGHEST WIND DIRECTION     S (160)
  HIGHEST GUST SPEED    20   HIGHEST GUST DIRECTION     S (180)
  AVERAGE WIND SPEED    10.1


SKY COVER
  POSSIBLE SUNSHINE  MM
  AVERAGE SKY COVER 1.0


WEATHER CONDITIONS
 THE FOLLOWING WEATHER WAS RECORDED TODAY.
  LIGHT SNOW
  HAZE


RELATIVE HUMIDITY (PERCENT)
 HIGHEST    80           800 AM
 LOWEST     68           300 PM
 AVERAGE    74

..........................................................


THE WILLISTON ND CLIMATE NORMALS FOR TOMORROW
                         NORMAL    RECORD    YEAR
 MAXIMUM TEMPERATURE (F)   23        56      1979
 MINIMUM TEMPERATURE (F)    2       -36      1929


SUNRISE AND SUNSET
DECEMBER 17 2014......SUNRISE   840 AM CST   SUNSET   501 PM CST
DECEMBER 18 2014......SUNRISE   841 AM CST   SUNSET   502 PM CST


-  INDICATES NEGATIVE NUMBERS.
R  INDICATES RECORD WAS SET OR TIED.
MM INDICATES DATA IS MISSING.
T  INDICATES TRACE AMOUNT.




$$
