662
CDUS43 KBIS 191227
CLIISN


CLIMATE REPORT
NATIONAL WEATHER SERVICE BISMARCK ND
627 AM CST SUN FEB 19 2017


...................................

...THE WILLISTON ND CLIMATE SUMMARY FOR FEBRUARY 18 2017...

CLIMATE NORMAL PERIOD 1981 TO 2010
CLIMATE RECORD PERIOD 1894 TO 2017


WEATHER ITEM   OBSERVED TIME   RECORD YEAR NORMAL DEPARTURE LAST
                VALUE   (LST)  VALUE       VALUE  FROM      YEAR
                                                  NORMAL
..................................................................
TEMPERATURE (F)
 YESTERDAY
  MAXIMUM         42    228 PM  55    1930  28     14       36
  MINIMUM         23    745 AM -40    1910   7     16       32
  AVERAGE         33                        18     15       34

PRECIPITATION (IN)
  YESTERDAY        T             0.25 1994   0.02  -0.02      T
  MONTH TO DATE    0.41                      0.23   0.18     0.67
  SINCE DEC 1      1.81                      1.44   0.37     1.60
  SINCE JAN 1      0.85                      0.82   0.03     1.05

SNOWFALL (IN)
  YESTERDAY       MM
  SNOW DEPTH      MM

DEGREE DAYS
 HEATING
  YESTERDAY       32                        47    -15       31
  MONTH TO DATE  841                       896    -55      684
  SINCE DEC 1   4027                      4155   -128     3513
  SINCE JUL 1   5606                      6317   -711     5263

 COOLING
  YESTERDAY        0                         0      0        0
  MONTH TO DATE    0                         0      0        0
  SINCE DEC 1      0                         0      0        0
  SINCE JAN 1      0                         0      0        0
..................................................................


WIND (MPH)
  HIGHEST WIND SPEED    14   HIGHEST WIND DIRECTION    NE (40)
  HIGHEST GUST SPEED    17   HIGHEST GUST DIRECTION    NE (40)
  AVERAGE WIND SPEED     5.8


SKY COVER
  POSSIBLE SUNSHINE  MM
  AVERAGE SKY COVER 0.2


WEATHER CONDITIONS
 THE FOLLOWING WEATHER WAS RECORDED YESTERDAY.
  NO SIGNIFICANT WEATHER WAS OBSERVED.


RELATIVE HUMIDITY (PERCENT)
 HIGHEST   100           700 AM
 LOWEST     67           200 PM
 AVERAGE    84

..........................................................


THE WILLISTON ND CLIMATE NORMALS FOR TODAY
                         NORMAL    RECORD    YEAR
 MAXIMUM TEMPERATURE (F)   29        55      1981
 MINIMUM TEMPERATURE (F)    8       -38      1929


SUNRISE AND SUNSET
FEBRUARY 19 2017......SUNRISE   754 AM CST   SUNSET   624 PM CST
FEBRUARY 20 2017......SUNRISE   752 AM CST   SUNSET   625 PM CST


-  INDICATES NEGATIVE NUMBERS.
R  INDICATES RECORD WAS SET OR TIED.
MM INDICATES DATA IS MISSING.
T  INDICATES TRACE AMOUNT.




$$
