000
CDUS43 KBIS 050924
CLIISN


CLIMATE REPORT
NATIONAL WEATHER SERVICE BISMARCK ND
423 AM CDT SUN JUL 5 2015


...................................

...THE WILLISTON ND CLIMATE SUMMARY FOR JULY 4 2015...

CLIMATE NORMAL PERIOD 1981 TO 2010
CLIMATE RECORD PERIOD 1894 TO 2015


WEATHER ITEM   OBSERVED TIME   RECORD YEAR NORMAL DEPARTURE LAST
                VALUE   (LST)  VALUE       VALUE  FROM      YEAR
                                                  NORMAL
..................................................................
TEMPERATURE (F)
 YESTERDAY
  MAXIMUM         98    249 PM 107    1989  82     16       93
  MINIMUM         60    529 AM  38    1972  54      6       64
  AVERAGE         79                        68     11       79

PRECIPITATION (IN)
  YESTERDAY        0.26          2.24 1978   0.11   0.15      T
  MONTH TO DATE    0.36                      0.38  -0.02     0.05
  SINCE JUN 1      2.26                      2.90  -0.64     1.49
  SINCE JAN 1      5.76                      7.51  -1.75     5.58

SNOWFALL (IN)
  YESTERDAY       MM             0.0  2002   0.0   MM       MM
                                      2001
  MONTH TO DATE   MM                         0.0   MM       MM
  SINCE JUN 1     MM                         0.0   MM       MM
  SINCE JUL 1     MM                         0.0   MM       MM
  SNOW DEPTH      MM

DEGREE DAYS
 HEATING
  YESTERDAY        0                         1     -1        0
  MONTH TO DATE    0                         6     -6        8
  SINCE JUN 1     54                       126    -72      118
  SINCE JUL 1      0                         6     -6        8

 COOLING
  YESTERDAY       14                         4     10       14
  MONTH TO DATE   33                        16     17       14
  SINCE JUN 1    136                        84     52       42
  SINCE JAN 1    137                        97     40       63
..................................................................


WIND (MPH)
  HIGHEST WIND SPEED    35   HIGHEST WIND DIRECTION    NW (330)
  HIGHEST GUST SPEED    42   HIGHEST GUST DIRECTION    NW (330)
  AVERAGE WIND SPEED     8.1


SKY COVER
  POSSIBLE SUNSHINE  MM
  AVERAGE SKY COVER 0.0


WEATHER CONDITIONS
 THE FOLLOWING WEATHER WAS RECORDED YESTERDAY.
  THUNDERSTORM
  HEAVY RAIN
  RAIN
  LIGHT RAIN
  FOG
  HAZE


RELATIVE HUMIDITY (PERCENT)
 HIGHEST    87           600 AM
 LOWEST     24           300 PM
 AVERAGE    56

..........................................................


THE WILLISTON ND CLIMATE NORMALS FOR TODAY
                         NORMAL    RECORD    YEAR
 MAXIMUM TEMPERATURE (F)   82       110      1936
 MINIMUM TEMPERATURE (F)   54        42      1929


SUNRISE AND SUNSET
JULY  5 2015..........SUNRISE   601 AM CDT   SUNSET   957 PM CDT
JULY  6 2015..........SUNRISE   602 AM CDT   SUNSET   957 PM CDT


-  INDICATES NEGATIVE NUMBERS.
R  INDICATES RECORD WAS SET OR TIED.
MM INDICATES DATA IS MISSING.
T  INDICATES TRACE AMOUNT.




$$
