000
CDUS41 KOKX 260623
CLIISP


CLIMATE REPORT
NATIONAL WEATHER SERVICE NEW YORK NY
223 AM EDT THU MAY 26 2016


...................................

...THE ISLIP NY CLIMATE SUMMARY FOR MAY 25 2016...

CLIMATE NORMAL PERIOD 1981 TO 2010
CLIMATE RECORD PERIOD 1986 TO 2016


WEATHER ITEM   OBSERVED TIME   RECORD YEAR NORMAL DEPARTURE LAST
                VALUE   (LST)  VALUE       VALUE  FROM      YEAR
                                                  NORMAL
..................................................................
TEMPERATURE (F)
 YESTERDAY
  MAXIMUM         88    210 PM  92    1991  70     18       75
  MINIMUM         53    454 AM  41    1992  53      0       56
  AVERAGE         71                        61     10       66

PRECIPITATION (IN)
  YESTERDAY        0.00          1.16 1997   0.13  -0.13     0.00
  MONTH TO DATE    2.77                      2.96  -0.19     0.42
  SINCE MAR 1      7.88                     11.74  -3.86     7.15
  SINCE JAN 1     16.35                     18.64  -2.29    15.09

SNOWFALL (IN)
  YESTERDAY        0.0          MM      MM   0.0    0.0      0.0
  MONTH TO DATE    0.0                       0.0    0.0      0.0
  SINCE OCT 1     41.4                      24.8   16.6     63.7
  SINCE JUL 1     41.4                      24.8   16.6     63.7
  SNOW DEPTH       0

DEGREE DAYS
 HEATING
  YESTERDAY        0                         5     -5        0
  MONTH TO DATE  226                       195     31      112
  SINCE MAR 1   1282                      1471   -189     1491
  SINCE JUL 1   4364                      5366  -1002     5511

 COOLING
  YESTERDAY        6                         1      5        1
  MONTH TO DATE    6                         9     -3       26
  SINCE MAR 1      6                        11     -5       26
  SINCE JAN 1      6                        11     -5       26
..................................................................


WIND (MPH)
  HIGHEST WIND SPEED    18   HIGHEST WIND DIRECTION    SW (240)
  HIGHEST GUST SPEED    23   HIGHEST GUST DIRECTION    SW (230)
  AVERAGE WIND SPEED     6.1


SKY COVER
  AVERAGE SKY COVER 0.3


WEATHER CONDITIONS
 THE FOLLOWING WEATHER WAS RECORDED YESTERDAY.
  FOG
  FOG W/VISIBILITY <= 1/4 MILE


RELATIVE HUMIDITY (PERCENT)
 HIGHEST   100           100 AM
 LOWEST     31          1100 AM
 AVERAGE    66

..........................................................


THE ISLIP NY CLIMATE NORMALS FOR TODAY
                         NORMAL    RECORD    YEAR
 MAXIMUM TEMPERATURE (F)   71        92      2010
 MINIMUM TEMPERATURE (F)   53        37      1992


SUNRISE AND SUNSET
MAY 26 2016...........SUNRISE   526 AM EDT   SUNSET   813 PM EDT
MAY 27 2016...........SUNRISE   526 AM EDT   SUNSET   814 PM EDT


-  INDICATES NEGATIVE NUMBERS.
R  INDICATES RECORD WAS SET OR TIED.
MM INDICATES DATA IS MISSING.
T  INDICATES TRACE AMOUNT.




$$
