000
CDUS41 KOKX 290616
CLIISP


CLIMATE REPORT
NATIONAL WEATHER SERVICE NEW YORK NY
216 AM EDT FRI AUG 29 2014


...................................

...THE ISLIP NY CLIMATE SUMMARY FOR AUGUST 28 2014...

CLIMATE NORMAL PERIOD 1981 TO 2010
CLIMATE RECORD PERIOD 1986 TO 2014


WEATHER ITEM   OBSERVED TIME   RECORD YEAR NORMAL DEPARTURE LAST
                VALUE   (LST)  VALUE       VALUE  FROM      YEAR
                                                  NORMAL
..................................................................
TEMPERATURE (F)
 YESTERDAY
  MAXIMUM         82    332 PM  89    1991  79      3       86
  MINIMUM         66   1159 PM  49    1986  64      2       67
  AVERAGE         74                        71      3       77

PRECIPITATION (IN)
  YESTERDAY        0.00          1.80 2011   0.12  -0.12     0.00
  MONTH TO DATE   14.05                      3.62  10.43     2.72
  SINCE JUN 1     18.80                     11.32   7.48    13.21
  SINCE JAN 1     40.54                     30.78   9.76    28.56

SNOWFALL (IN)
  YESTERDAY        0.0          MM      MM   0.0    0.0      0.0
  MONTH TO DATE    0.0                       0.0    0.0      0.0
  SINCE OCT 1     63.7                      24.8   38.9     46.9
  SINCE JUL 1      0.0                       0.0    0.0      0.0
  SNOW DEPTH       0

DEGREE DAYS
 HEATING
  YESTERDAY        0                         0      0        0
  MONTH TO DATE    0                         0      0        0
  SINCE JUN 1      2                        40    -38       12
  SINCE JUL 1      0                         2     -2        0

 COOLING
  YESTERDAY        9                         7      2       12
  MONTH TO DATE  203                       229    -26      211
  SINCE JUN 1    698                       645     53      789
  SINCE JAN 1    727                       669     58      821
..................................................................


WIND (MPH)
  HIGHEST WIND SPEED    22   HIGHEST WIND DIRECTION    NW (320)
  HIGHEST GUST SPEED    28   HIGHEST GUST DIRECTION    NW (320)
  AVERAGE WIND SPEED    12.4


SKY COVER
  AVERAGE SKY COVER 0.3


WEATHER CONDITIONS
 THE FOLLOWING WEATHER WAS RECORDED YESTERDAY.
  NO SIGNIFICANT WEATHER WAS OBSERVED.


RELATIVE HUMIDITY (PERCENT)
 HIGHEST    84          1200 AM
 LOWEST     39           200 PM
 AVERAGE    62

..........................................................


THE ISLIP NY CLIMATE NORMALS FOR TODAY
                         NORMAL    RECORD    YEAR
 MAXIMUM TEMPERATURE (F)   79        91      2010
 MINIMUM TEMPERATURE (F)   64        46      1986


SUNRISE AND SUNSET
AUGUST 29 2014........SUNRISE   616 AM EDT   SUNSET   730 PM EDT
AUGUST 30 2014........SUNRISE   617 AM EDT   SUNSET   728 PM EDT


-  INDICATES NEGATIVE NUMBERS.
R  INDICATES RECORD WAS SET OR TIED.
MM INDICATES DATA IS MISSING.
T  INDICATES TRACE AMOUNT.




$$
