000
CDUS41 KOKX 250622
CLIISP


CLIMATE REPORT
NATIONAL WEATHER SERVICE NEW YORK NY
221 AM EDT FRI JUL 25 2014


...................................

...THE ISLIP NY CLIMATE SUMMARY FOR JULY 24 2014...

CLIMATE NORMAL PERIOD 1981 TO 2010
CLIMATE RECORD PERIOD 1986 TO 2014


WEATHER ITEM   OBSERVED TIME   RECORD YEAR NORMAL DEPARTURE LAST
                VALUE   (LST)  VALUE       VALUE  FROM      YEAR
                                                  NORMAL
..................................................................
TEMPERATURE (F)
 YESTERDAY
  MAXIMUM         82    402 PM  96    2010  82      0       86
  MINIMUM         71   1159 PM  58    1992  67      4       69
                                      1985
  AVERAGE         77                        74      3       78

PRECIPITATION (IN)
  YESTERDAY        0.01          0.67 2008   0.11  -0.10     0.00
  MONTH TO DATE    2.62                      2.58   0.04     2.00
  SINCE JUN 1      4.41                      6.85  -2.44    10.15
  SINCE JAN 1     26.15                     26.31  -0.16    25.50

SNOWFALL (IN)
  YESTERDAY        0.0          MM      MM   0.0    0.0      0.0
  MONTH TO DATE    0.0                       0.0    0.0      0.0
  SINCE OCT 1     63.7                      24.8   38.9     46.9
  SINCE JUL 1      0.0                       0.0    0.0      0.0
  SNOW DEPTH       0

DEGREE DAYS
 HEATING
  YESTERDAY        0                         0      0        0
  MONTH TO DATE    0                         0      0        0
  SINCE JUN 1      2                        38    -36       12
  SINCE JUL 1      0                         0      0        0

 COOLING
  YESTERDAY       12                         9      3       13
  MONTH TO DATE  259                       209     50      361
  SINCE JUN 1    430                       349     81      530
  SINCE JAN 1    459                       373     86      562
..................................................................


WIND (MPH)
  HIGHEST WIND SPEED    17   HIGHEST WIND DIRECTION     N (350)
  HIGHEST GUST SPEED    24   HIGHEST GUST DIRECTION     N (340)
  AVERAGE WIND SPEED     9.9


SKY COVER
  AVERAGE SKY COVER 0.6


WEATHER CONDITIONS
 THE FOLLOWING WEATHER WAS RECORDED YESTERDAY.
  NO SIGNIFICANT WEATHER WAS OBSERVED.


RELATIVE HUMIDITY (PERCENT)
 HIGHEST    87           200 AM
 LOWEST     45           500 PM
 AVERAGE    66

..........................................................


THE ISLIP NY CLIMATE NORMALS FOR TODAY
                         NORMAL    RECORD    YEAR
 MAXIMUM TEMPERATURE (F)   82        94      1987
 MINIMUM TEMPERATURE (F)   67        55      2002


SUNRISE AND SUNSET
JULY 25 2014..........SUNRISE   542 AM EDT   SUNSET   815 PM EDT
JULY 26 2014..........SUNRISE   543 AM EDT   SUNSET   814 PM EDT


-  INDICATES NEGATIVE NUMBERS.
R  INDICATES RECORD WAS SET OR TIED.
MM INDICATES DATA IS MISSING.
T  INDICATES TRACE AMOUNT.




$$
