000
CDCA42 TJSJ 030436
CLIIST


CLIMATE REPORT
NATIONAL WEATHER SERVICE SAN JUAN, PR
1235 AM AST FRI JUL 3 2015


...................................

...THE CYRIL E. KING AP/ST THOMAS  CLIMATE SUMMARY FOR JULY 2 2015...

CLIMATE NORMAL PERIOD 1981 TO 2010
CLIMATE RECORD PERIOD 1953 TO 2015


WEATHER ITEM   OBSERVED TIME   RECORD YEAR NORMAL DEPARTURE LAST
                VALUE   (LST)  VALUE       VALUE  FROM      YEAR
                                                  NORMAL
..................................................................
TEMPERATURE (F)
 YESTERDAY
  MAXIMUM         92    138 PM  95    1995  90      2       90
  MINIMUM         79    501 AM  74    1994  78      1       79
  AVERAGE         86                        84      2       85

PRECIPITATION (IN)
  YESTERDAY        0.01          0.69 1958   0.09  -0.08      T
  MONTH TO DATE    0.02                      0.19  -0.17      T
  SINCE JUN 1      1.09                      2.72  -1.63     0.14
  SINCE JAN 1     25.13                     13.75  11.38    13.38

SNOWFALL (IN)
  YESTERDAY        0.0                       0.0    0.0      0.0
  MONTH TO DATE    0.0                       0.0    0.0      0.0
  SINCE JUN 1      0.0                       0.0    0.0      0.0
  SINCE JUL 1      0.0                       0.0    0.0      0.0

DEGREE DAYS
 HEATING
  YESTERDAY        0                         0      0        0
  MONTH TO DATE    0                         0      0        0
  SINCE JUN 1      0                         0      0        0
  SINCE JUL 1      0                         0      0        0

 COOLING
  YESTERDAY       21                        19      2       20
  MONTH TO DATE   41                        38      3       40
  SINCE JUN 1    610                       593     17      615
  SINCE JAN 1   2849                      2845      4     2838
..................................................................


WIND (MPH)
  HIGHEST WIND SPEED    22   HIGHEST WIND DIRECTION     E (80)
  HIGHEST GUST SPEED    29   HIGHEST GUST DIRECTION     E (80)
  AVERAGE WIND SPEED    13.0


SKY COVER
  AVERAGE SKY COVER 0.9


WEATHER CONDITIONS
 THE FOLLOWING WEATHER WAS RECORDED YESTERDAY.
  NO SIGNIFICANT WEATHER WAS OBSERVED.


RELATIVE HUMIDITY (PERCENT)
 HIGHEST    79
 LOWEST     52
 AVERAGE    66

..........................................................


THE CYRIL E. KING AP/ST THOMAS  CLIMATE NORMALS FOR TODAY
                         NORMAL    RECORD    YEAR
 MAXIMUM TEMPERATURE (F)   90        96      1995
 MINIMUM TEMPERATURE (F)   78        72      2011
                                             1956


SUNRISE AND SUNSET
JULY  3 2015..........SUNRISE   548 AM AST   SUNSET   700 PM AST
JULY  4 2015..........SUNRISE   548 AM AST   SUNSET   700 PM AST


-  INDICATES NEGATIVE NUMBERS.
R  INDICATES RECORD WAS SET OR TIED.
MM INDICATES DATA IS MISSING.
T  INDICATES TRACE AMOUNT.




$$
