000
CDCA42 TJSJ 300430
CLIISX


CLIMATE REPORT
NATIONAL WEATHER SERVICE SAN JUAN, PR
1228 AM AST TUE JUN 30 2015


...................................

...THE HENRY E. ROHLSEN AP/ST CROIX CLIMATE SUMMARY FOR JUNE 29 2015...

CLIMATE NORMAL PERIOD 1981 TO 2010
CLIMATE RECORD PERIOD 1951 TO 2015


WEATHER ITEM   OBSERVED TIME   RECORD YEAR NORMAL DEPARTURE LAST
                VALUE   (LST)  VALUE       VALUE  FROM      YEAR
                                                  NORMAL
..................................................................
TEMPERATURE (F)
 YESTERDAY
  MAXIMUM         92R   107 PM  92    1980  88      4       91
  MINIMUM         80   1159 PM  71    1994  79      1       79
  AVERAGE         86                        84      2       85

PRECIPITATION (IN)
  YESTERDAY        T             2.00 1979   0.07  -0.07     0.00
  MONTH TO DATE    0.21                      2.24  -2.03     0.22
  SINCE JUN 1      0.21                      2.24  -2.03     0.22
  SINCE JAN 1      5.57                     13.87  -8.30    13.38

SNOWFALL (IN)
  YESTERDAY        0.0                       0.0    0.0      0.0
  MONTH TO DATE    0.0                       0.0    0.0      0.0
  SINCE JUN 1      0.0                       0.0    0.0      0.0
  SINCE JUL 1      0.0                       0.0    0.0      0.0

DEGREE DAYS
 HEATING
  YESTERDAY        0                         0      0        0
  MONTH TO DATE    0                         0      0        0
  SINCE JUN 1      0                         0      0        0
  SINCE JUL 1      0                         0      0        0

 COOLING
  YESTERDAY       21                        18      3       20
  MONTH TO DATE  558                       517     41      553
  SINCE JUN 1    558                       517     41      553
  SINCE JAN 1   2802                      2670    132     2805
..................................................................


WIND (MPH)
  HIGHEST WIND SPEED    26   HIGHEST WIND DIRECTION     E (100)
  HIGHEST GUST SPEED    34   HIGHEST GUST DIRECTION     E (80)
  AVERAGE WIND SPEED    16.2


SKY COVER
  AVERAGE SKY COVER 0.5


WEATHER CONDITIONS
 THE FOLLOWING WEATHER WAS RECORDED YESTERDAY.
  HAZE


RELATIVE HUMIDITY (PERCENT)
 HIGHEST    79
 LOWEST     52
 AVERAGE    66

..........................................................


THE HENRY E. ROHLSEN AP/ST CROIX CLIMATE NORMALS FOR TODAY
                         NORMAL    RECORD    YEAR
 MAXIMUM TEMPERATURE (F)   89        91      2003
 MINIMUM TEMPERATURE (F)   79        71      1972


SUNRISE AND SUNSET
JUNE 30 2015..........SUNRISE   548 AM AST   SUNSET   658 PM AST
JULY  1 2015..........SUNRISE   548 AM AST   SUNSET   658 PM AST


-  INDICATES NEGATIVE NUMBERS.
R  INDICATES RECORD WAS SET OR TIED.
MM INDICATES DATA IS MISSING.
T  INDICATES TRACE AMOUNT.




$$
