000
CDCA42 TJSJ 220440
CLIISX


CLIMATE REPORT
NATIONAL WEATHER SERVICE SAN JUAN, PR
1238 AM AST WED NOV 22 2017


...................................

...THE HENRY E. ROHLSEN AP/ST CROIX CLIMATE SUMMARY FOR NOVEMBER 21 2017...

CLIMATE NORMAL PERIOD 1981 TO 2010
CLIMATE RECORD PERIOD 1951 TO 2017


WEATHER ITEM   OBSERVED TIME   RECORD YEAR NORMAL DEPARTURE LAST
                VALUE   (LST)  VALUE       VALUE  FROM      YEAR
                                                  NORMAL
..................................................................
TEMPERATURE (F)
 YESTERDAY
  MAXIMUM         MM        MM  92    1972  86     MM       81
  MINIMUM         MM        MM  63    1982  75     MM       74
  AVERAGE         MM                        80     MM       78

PRECIPITATION (IN)
  YESTERDAY       MM             1.10 2016   0.18  MM        1.10
  MONTH TO DATE   MM                         4.18  MM        5.64
  SINCE SEP 1     11.04                     14.29  -3.25    11.21
  SINCE JAN 1     37.61                     34.42   3.19    29.27

SNOWFALL (IN)
  YESTERDAY       MM                         0.0   MM        0.0
  MONTH TO DATE   MM                         0.0   MM        0.0
  SINCE SEP 1      0.0                       0.0    0.0      0.0
  SINCE JUL 1      0.0                       0.0    0.0      0.0

DEGREE DAYS
 HEATING
  YESTERDAY       MM                         0     MM        0
  MONTH TO DATE   MM                         0     MM        0
  SINCE SEP 1      0                         0      0        0
  SINCE JUL 1      0                         0      0        0

 COOLING
  YESTERDAY       MM                        15     MM       13
  MONTH TO DATE   MM                       332     MM      351
  SINCE SEP 1    408                      1406   -998     1286
  SINCE JAN 1   4200                      5259  -1059     5416
..................................................................


WIND (MPH)
  HIGHEST WIND SPEED    MM   HIGHEST WIND DIRECTION    MM
  HIGHEST GUST SPEED    MM   HIGHEST GUST DIRECTION    MM
  AVERAGE WIND SPEED    MM


SKY COVER
  AVERAGE SKY COVER  MM


WEATHER CONDITIONS
 THE FOLLOWING WEATHER WAS RECORDED YESTERDAY.
  NO SIGNIFICANT WEATHER WAS OBSERVED.


RELATIVE HUMIDITY (PERCENT)
 HIGHEST    MM
 LOWEST     MM
 AVERAGE    MM

..........................................................


THE HENRY E. ROHLSEN AP/ST CROIX CLIMATE NORMALS FOR TODAY
                         NORMAL    RECORD    YEAR
 MAXIMUM TEMPERATURE (F)   86        92      1980
 MINIMUM TEMPERATURE (F)   75        62      1982


SUNRISE AND SUNSET
NOVEMBER 22 2017......SUNRISE   629 AM AST   SUNSET   542 PM AST
NOVEMBER 23 2017......SUNRISE   629 AM AST   SUNSET   542 PM AST


-  INDICATES NEGATIVE NUMBERS.
R  INDICATES RECORD WAS SET OR TIED.
MM INDICATES DATA IS MISSING.
T  INDICATES TRACE AMOUNT.




$$
