906
CDHW43 PHFO 120251
CLIITO


CLIMATE REPORT
NATIONAL WEATHER SERVICE HONOLULU HI
450 PM HST MON DEC 11 2017


...................................

...THE HILO HI CLIMATE SUMMARY FOR DECEMBER 11 2017...
VALID TODAY AS OF 0400 PM LOCAL TIME.

CLIMATE NORMAL PERIOD 1981 TO 2010
CLIMATE RECORD PERIOD 1946 TO 2017


WEATHER ITEM   OBSERVED TIME   RECORD YEAR NORMAL DEPARTURE LAST
                VALUE   (LST)  VALUE       VALUE  FROM      YEAR
                                                  NORMAL
..................................................................
TEMPERATURE (F)
 TODAY
  MAXIMUM         84    303 PM  88    1973  80      4       81
  MINIMUM         61    642 AM  58    1989  65     -4       69
  AVERAGE         73                        72      1       75

PRECIPITATION (IN)
  TODAY            0.00          3.86 1954   0.41  -0.41     0.01
  MONTH TO DATE    3.23                      4.44  -1.21    12.05
  SINCE DEC 1      3.23                      4.44  -1.21    12.05
  SINCE JAN 1     98.48                    119.59 -21.11   120.05

SNOWFALL (IN)
  TODAY            0.0
  MONTH TO DATE    0.0
  SINCE DEC 1      0.0
  SINCE JUL 1      0.0
  SNOW DEPTH      MM

DEGREE DAYS
 HEATING
  TODAY            0                         0      0        0
  MONTH TO DATE    0                         0      0        0
  SINCE DEC 1      0                         0      0        0
  SINCE JUL 1      0                         0      0        0

 COOLING
  TODAY            8                         7      1       10
  MONTH TO DATE   67                        86    -19       87
  SINCE DEC 1     67                        86    -19       87
  SINCE JAN 1   3452                      3093    359     3848
..................................................................


WIND (MPH)
  HIGHEST WIND SPEED    16   HIGHEST WIND DIRECTION    SE (130)
  HIGHEST GUST SPEED    21   HIGHEST GUST DIRECTION    SE (130)
  AVERAGE WIND SPEED    MM


SKY COVER
  POSSIBLE SUNSHINE  MM
  AVERAGE SKY COVER  MM


WEATHER CONDITIONS
 THE FOLLOWING WEATHER WAS RECORDED TODAY.
  NO SIGNIFICANT WEATHER WAS OBSERVED.


RELATIVE HUMIDITY (PERCENT)
 HIGHEST    MM
 LOWEST     MM
 AVERAGE    MM

..........................................................


THE HILO HI CLIMATE NORMALS FOR TOMORROW
                         NORMAL    RECORD    YEAR
 MAXIMUM TEMPERATURE (F)   79        87      1980
 MINIMUM TEMPERATURE (F)   65        60      1989
                                             1968
                                             1953


SUNRISE AND SUNSET
DECEMBER 11 2017......SUNRISE   645 AM HST   SUNSET   543 PM HST
DECEMBER 12 2017......SUNRISE   645 AM HST   SUNSET   543 PM HST


-  INDICATES NEGATIVE NUMBERS.
R  INDICATES RECORD WAS SET OR TIED.
MM INDICATES DATA IS MISSING.
T  INDICATES TRACE AMOUNT.




$$
