000
CDHW43 PHFO 181245
CLIITO


CLIMATE REPORT
NATIONAL WEATHER SERVICE HONOLULU HI
245 AM HST WED JAN 18 2017


...................................

...THE HILO HI CLIMATE SUMMARY FOR JANUARY 17 2017...

CLIMATE NORMAL PERIOD 1981 TO 2010
CLIMATE RECORD PERIOD 1946 TO 2017


WEATHER ITEM   OBSERVED TIME   RECORD YEAR NORMAL DEPARTURE LAST
                VALUE   (LST)  VALUE       VALUE  FROM      YEAR
                                                  NORMAL
..................................................................
TEMPERATURE (F)
 YESTERDAY
  MAXIMUM         81    142 PM  89    1959  79      2       86
  MINIMUM         64    634 AM  60    1985  64      0       64
                                      1966
  AVERAGE         73                        71      2       75

PRECIPITATION (IN)
  YESTERDAY        0.01          1.58 1971   0.29  -0.28      T
  MONTH TO DATE    1.22                      4.70  -3.48     0.49
  SINCE DEC 1     21.62                     16.27   5.35    14.59
  SINCE JAN 1      1.22                      4.70  -3.48     0.49

SNOWFALL (IN)
  YESTERDAY        0.0
  MONTH TO DATE    0.0
  SINCE DEC 1      0.0
  SINCE JUL 1      0.0
  SNOW DEPTH       0

DEGREE DAYS
 HEATING
  YESTERDAY        0                         0      0        0
  MONTH TO DATE    0                         0      0        0
  SINCE DEC 1      0                         0      0        0
  SINCE JUL 1      0                         0      0        0

 COOLING
  YESTERDAY        8                         6      2       10
  MONTH TO DATE  115                       113      2      144
  SINCE DEC 1    345                       338      7      450
  SINCE JAN 1    115                       113      2      144
..................................................................


WIND (MPH)
  HIGHEST WIND SPEED    13   HIGHEST WIND DIRECTION    SE (130)
  HIGHEST GUST SPEED    16   HIGHEST GUST DIRECTION     E (100)
  AVERAGE WIND SPEED     6.4


SKY COVER
  POSSIBLE SUNSHINE  MM
  AVERAGE SKY COVER 0.7


WEATHER CONDITIONS
 THE FOLLOWING WEATHER WAS RECORDED YESTERDAY.
  LIGHT RAIN
  FOG
  HAZE


RELATIVE HUMIDITY (PERCENT)
 HIGHEST    93           700 PM
 LOWEST     69          1200 PM
 AVERAGE    81

..........................................................


THE HILO HI CLIMATE NORMALS FOR TODAY
                         NORMAL    RECORD    YEAR
 MAXIMUM TEMPERATURE (F)   79        88      1974
 MINIMUM TEMPERATURE (F)   64        58      2009


SUNRISE AND SUNSET
JANUARY 18 2017.......SUNRISE   658 AM HST   SUNSET   604 PM HST
JANUARY 19 2017.......SUNRISE   658 AM HST   SUNSET   605 PM HST


-  INDICATES NEGATIVE NUMBERS.
R  INDICATES RECORD WAS SET OR TIED.
MM INDICATES DATA IS MISSING.
T  INDICATES TRACE AMOUNT.




$$
