000
CDHW43 PHFO 050237
CLIITO


CLIMATE REPORT
NATIONAL WEATHER SERVICE HONOLULU HI
427 PM HST SAT JUL 4 2015


...................................

...THE HILO HI CLIMATE SUMMARY FOR JULY 4 2015...
VALID TODAY AS OF 0400 PM LOCAL TIME.

CLIMATE NORMAL PERIOD 1981 TO 2010
CLIMATE RECORD PERIOD 1946 TO 2015


WEATHER ITEM   OBSERVED TIME   RECORD YEAR NORMAL DEPARTURE LAST
                VALUE   (LST)  VALUE       VALUE  FROM      YEAR
                                                  NORMAL
..................................................................
TEMPERATURE (F)
 TODAY
  MAXIMUM         88R  1139 AM  87    1995  83      5       81
                                      1971
  MINIMUM         70    625 AM  64    1999  69      1       67
                                      1963
  AVERAGE         79                        76      3       74

PRECIPITATION (IN)
  TODAY            0.00          1.46 1985   0.30  -0.30     0.09
  MONTH TO DATE    0.05                      1.19  -1.14     0.58
  SINCE JUN 1      5.28                      8.56  -3.28     7.15
  SINCE JAN 1     44.35                     60.47 -16.12    54.89

SNOWFALL (IN)
  TODAY            0.0
  MONTH TO DATE    0.0
  SINCE JUN 1      0.0
  SINCE JUL 1      0.0
  SNOW DEPTH       0

DEGREE DAYS
 HEATING
  TODAY            0                         0      0        0
  MONTH TO DATE    0                         0      0        0
  SINCE JUN 1      0                         0      0        0
  SINCE JUL 1      0                         0      0        0

 COOLING
  TODAY           14                        11      3        9
  MONTH TO DATE   61                        44     17       39
  SINCE JUN 1    422                       350     72      305
  SINCE JAN 1   1749                      1418    331     1561
..................................................................


WIND (MPH)
  HIGHEST WIND SPEED    14   HIGHEST WIND DIRECTION    NE (40)
  HIGHEST GUST SPEED    18   HIGHEST GUST DIRECTION    NE (40)
  AVERAGE WIND SPEED     5.8


SKY COVER
  POSSIBLE SUNSHINE  MM
  AVERAGE SKY COVER 0.6


WEATHER CONDITIONS
 THE FOLLOWING WEATHER WAS RECORDED TODAY.
  NO SIGNIFICANT WEATHER WAS OBSERVED.


RELATIVE HUMIDITY (PERCENT)
 HIGHEST    79           200 AM
 LOWEST     55          1200 PM
 AVERAGE    67

..........................................................


THE HILO HI CLIMATE NORMALS FOR TOMORROW
                         NORMAL    RECORD    YEAR
 MAXIMUM TEMPERATURE (F)   83        87      1968
 MINIMUM TEMPERATURE (F)   69        64      1965
                                             1960


SUNRISE AND SUNSET
JULY  4 2015..........SUNRISE   546 AM HST   SUNSET   703 PM HST
JULY  5 2015..........SUNRISE   546 AM HST   SUNSET   703 PM HST


-  INDICATES NEGATIVE NUMBERS.
R  INDICATES RECORD WAS SET OR TIED.
MM INDICATES DATA IS MISSING.
T  INDICATES TRACE AMOUNT.




$$
