000
CDHW43 PHFO 021245
CLIITO


CLIMATE REPORT
NATIONAL WEATHER SERVICE HONOLULU HI
245 AM HST WED SEP 2 2015


...................................

...THE HILO HI CLIMATE SUMMARY FOR SEPTEMBER 1 2015...

CLIMATE NORMAL PERIOD 1981 TO 2010
CLIMATE RECORD PERIOD 1946 TO 2015


WEATHER ITEM   OBSERVED TIME   RECORD YEAR NORMAL DEPARTURE LAST
                VALUE   (LST)  VALUE       VALUE  FROM      YEAR
                                                  NORMAL
..................................................................
TEMPERATURE (F)
 YESTERDAY
  MAXIMUM         92R   128 PM  88    2014  83      9       88
                                      1996
                                      1990
  MINIMUM         73    619 AM  65    1983  69      4       73
                                      1958
  AVERAGE         83                        76      7       81

PRECIPITATION (IN)
  YESTERDAY        0.00          3.20 2003   0.30  -0.30     0.07
  MONTH TO DATE    0.00                      0.30  -0.30     0.07
  SINCE SEP 1      0.00                      0.30  -0.30     0.07
  SINCE JAN 1     69.56                     80.24 -10.68    81.18

SNOWFALL (IN)
  YESTERDAY        0.0
  MONTH TO DATE    0.0
  SINCE SEP 1      0.0
  SINCE JUL 1      0.0
  SNOW DEPTH       0

DEGREE DAYS
 HEATING
  YESTERDAY        0                         0      0        0
  MONTH TO DATE    0                         0      0        0
  SINCE SEP 1      0                         0      0        0
  SINCE JUL 1      0                         0      0        0

 COOLING
  YESTERDAY       18                        11      7       16
  MONTH TO DATE   18                        11      7       16
  SINCE SEP 1     18                        11      7       16
  SINCE JAN 1   2624                      2083    541     2293
..................................................................


WIND (MPH)
  HIGHEST WIND SPEED    15   HIGHEST WIND DIRECTION     N (350)
  HIGHEST GUST SPEED    18   HIGHEST GUST DIRECTION     N (350)
  AVERAGE WIND SPEED     6.0


SKY COVER
  POSSIBLE SUNSHINE  MM
  AVERAGE SKY COVER 0.2


WEATHER CONDITIONS
 THE FOLLOWING WEATHER WAS RECORDED YESTERDAY.
  THUNDERSTORM


RELATIVE HUMIDITY (PERCENT)
 HIGHEST    94           100 AM
 LOWEST     63           500 PM
 AVERAGE    79

..........................................................


THE HILO HI CLIMATE NORMALS FOR TODAY
                         NORMAL    RECORD    YEAR
 MAXIMUM TEMPERATURE (F)   83        89      1987
 MINIMUM TEMPERATURE (F)   69        64      1956


SUNRISE AND SUNSET
SEPTEMBER  2 2015.....SUNRISE   605 AM HST   SUNSET   634 PM HST
SEPTEMBER  3 2015.....SUNRISE   605 AM HST   SUNSET   634 PM HST


-  INDICATES NEGATIVE NUMBERS.
R  INDICATES RECORD WAS SET OR TIED.
MM INDICATES DATA IS MISSING.
T  INDICATES TRACE AMOUNT.




$$
