000
CDHW43 PHFO 221245
CLIITO


CLIMATE REPORT
NATIONAL WEATHER SERVICE HONOLULU HI
245 AM HST MON MAY 22 2017


...................................

...THE HILO HI CLIMATE SUMMARY FOR MAY 21 2017...

CLIMATE NORMAL PERIOD 1981 TO 2010
CLIMATE RECORD PERIOD 1946 TO 2017


WEATHER ITEM   OBSERVED TIME   RECORD YEAR NORMAL DEPARTURE LAST
                VALUE   (LST)  VALUE       VALUE  FROM      YEAR
                                                  NORMAL
..................................................................
TEMPERATURE (F)
 YESTERDAY
  MAXIMUM         83   1228 PM  88    1992  81      2       83
                                      1966
  MINIMUM         67    450 AM  62    1981  67      0       69
                                      1957
  AVERAGE         75                        74      1       76

PRECIPITATION (IN)
  YESTERDAY        0.03          0.80 1989   0.23  -0.20     0.37
                                      1976
  MONTH TO DATE    6.35                      5.99   0.36     2.90
  SINCE MAR 1     14.83                     30.96 -16.13    17.36
  SINCE JAN 1     33.32                     49.78 -16.46    21.93

SNOWFALL (IN)
  YESTERDAY        0.0
  MONTH TO DATE    0.0
  SINCE MAR 1      0.0
  SINCE JUL 1      0.0
  SNOW DEPTH      MM

DEGREE DAYS
 HEATING
  YESTERDAY        0                         0      0        0
  MONTH TO DATE    0                         0      0        0
  SINCE MAR 1      0                         0      0        0
  SINCE JUL 1      0                         0      0        0

 COOLING
  YESTERDAY       10                         9      1       11
  MONTH TO DATE  214                       177     37      243
  SINCE MAR 1    799                       604    195      869
  SINCE JAN 1   1208                       974    234     1433
..................................................................


WIND (MPH)
  HIGHEST WIND SPEED    18   HIGHEST WIND DIRECTION     E (100)
  HIGHEST GUST SPEED    23   HIGHEST GUST DIRECTION     E (110)
  AVERAGE WIND SPEED     6.7


SKY COVER
  POSSIBLE SUNSHINE  MM
  AVERAGE SKY COVER  MM


WEATHER CONDITIONS
 THE FOLLOWING WEATHER WAS RECORDED YESTERDAY.
  NO SIGNIFICANT WEATHER WAS OBSERVED.


RELATIVE HUMIDITY (PERCENT)
 HIGHEST    MM
 LOWEST     MM
 AVERAGE    MM

..........................................................


THE HILO HI CLIMATE NORMALS FOR TODAY
                         NORMAL    RECORD    YEAR
 MAXIMUM TEMPERATURE (F)   81        87      2005
 MINIMUM TEMPERATURE (F)   67        63      1956


SUNRISE AND SUNSET
MAY 22 2017...........SUNRISE   542 AM HST   SUNSET   652 PM HST
MAY 23 2017...........SUNRISE   542 AM HST   SUNSET   652 PM HST


-  INDICATES NEGATIVE NUMBERS.
R  INDICATES RECORD WAS SET OR TIED.
MM INDICATES DATA IS MISSING.
T  INDICATES TRACE AMOUNT.




$$
