000
CDUS43 KGLD 290801
CLIITR

CLIMATE REPORT
NATIONAL WEATHER SERVICE GOODLAND
1256 AM MST SAT NOV 29 2014

...................................

...THE BURLINGTON CO CLIMATE SUMMARY FOR NOVEMBER 28 2014...

CLIMATE NORMAL PERIOD 1981 TO 2010
CLIMATE RECORD PERIOD 1896 TO 2014


WEATHER ITEM   OBSERVED TIME   RECORD YEAR NORMAL DEPARTURE LAST
                VALUE   (LST)  VALUE       VALUE  FROM      YEAR
                                                  NORMAL
..................................................................
TEMPERATURE (F)
 YESTERDAY
  MAXIMUM         77R   219 PM  75    1949  46     31       45
  MINIMUM         32    248 AM  -5    1976  19     13       20
  AVERAGE         55                        33     22       33

PRECIPITATION (IN)
  YESTERDAY        0.00                      0.01  -0.01     0.00
  MONTH TO DATE    0.02                      0.57  -0.55     0.19
  SINCE SEP 1      1.78                      2.86  -1.08     6.26
  SINCE JAN 1     11.68                     17.01  -5.33    16.71

..................................................................

THE BURLINGTON CO CLIMATE NORMALS FOR TODAY
                         NORMAL    RECORD    YEAR
 MAXIMUM TEMPERATURE (F)   46        72      2003
 MINIMUM TEMPERATURE (F)   19        -1      1952

-  INDICATES NEGATIVE NUMBERS.
R  INDICATES RECORD WAS SET OR TIED.
MM INDICATES DATA IS MISSING.
T  INDICATES TRACE AMOUNT.

$$
