000
CDUS43 KGLD 280856
CLIITR

CLIMATE REPORT
NATIONAL WEATHER SERVICE GOODLAND
154 AM MST TUE FEB 28 2017
...................................

...THE BURLINGTON CO CLIMATE SUMMARY FOR FEBRUARY 27 2017...

CLIMATE NORMAL PERIOD 1981 TO 2010
CLIMATE RECORD PERIOD 1896 TO 2017

WEATHER ITEM   OBSERVED TIME   RECORD YEAR NORMAL DEPARTURE LAST
                VALUE   (LST)  VALUE       VALUE  FROM      YEAR
                                                  NORMAL
..................................................................
TEMPERATURE (F)
 YESTERDAY
  MAXIMUM         61    302 PM  77    1904  48     13       75
  MINIMUM         15    417 AM  -6    1960  21     -6       28
  AVERAGE         38                        34      4       52

PRECIPITATION (IN)
  YESTERDAY        0.00                      0.02  -0.02     0.00
  MONTH TO DATE    T                         0.40  -0.40     0.80
  SINCE DEC 1      0.90                      1.21  -0.31     1.07
  SINCE JAN 1      0.56                      0.78  -0.22     0.81

..................................................................

THE BURLINGTON CO CLIMATE NORMALS FOR TODAY
                         NORMAL    RECORD    YEAR
 MAXIMUM TEMPERATURE (F)   49        80      2006
 MINIMUM TEMPERATURE (F)   21       -17      1960

-  INDICATES NEGATIVE NUMBERS.
R  INDICATES RECORD WAS SET OR TIED.
MM INDICATES DATA IS MISSING.
T  INDICATES TRACE AMOUNT.

$$
