000
CDUS43 KGLD 290744
CLIITR

CLIMATE REPORT
NATIONAL WEATHER SERVICE GOODLAND
1241 AM MST THU JAN 29 2015


...................................

...THE BURLINGTON CO CLIMATE SUMMARY FOR JANUARY 28 2015...

CLIMATE NORMAL PERIOD 1981 TO 2010
CLIMATE RECORD PERIOD 1896 TO 2015


WEATHER ITEM   OBSERVED TIME   RECORD YEAR NORMAL DEPARTURE LAST
                VALUE   (LST)  VALUE       VALUE  FROM      YEAR
                                                  NORMAL
..................................................................
TEMPERATURE (F)
 YESTERDAY
  MAXIMUM         64    149 PM  70    2003  42     22       22
  MINIMUM         33   1019 PM -11    1948  17     16       -5
  AVERAGE         49                        30     19        9

PRECIPITATION (IN)
  YESTERDAY        0.00                      0.02  -0.02      T
  MONTH TO DATE    0.25                      0.31  -0.06     0.23
  SINCE DEC 1      2.72                      0.74   1.98     0.32
  SINCE JAN 1      0.25                      0.31  -0.06     0.23

..................................................................



THE BURLINGTON CO CLIMATE NORMALS FOR TODAY
                         NORMAL    RECORD    YEAR
 MAXIMUM TEMPERATURE (F)   43        72      1920
 MINIMUM TEMPERATURE (F)   17       -11      1951



-  INDICATES NEGATIVE NUMBERS.
R  INDICATES RECORD WAS SET OR TIED.
MM INDICATES DATA IS MISSING.
T  INDICATES TRACE AMOUNT.

$$
