000
CDUS43 KGLD 240043 RRA
CLIITR

CLIMATE REPORT
NATIONAL WEATHER SERVICE GOODLAND
638 PM MDT TUE SEP 23 2014

...................................

...THE BURLINGTON CO CLIMATE SUMMARY FOR SEPTEMBER 23 2014...
VALID TODAY AS OF 0600 PM LOCAL TIME.

CLIMATE NORMAL PERIOD 1981 TO 2010
CLIMATE RECORD PERIOD 1896 TO 2014

WEATHER ITEM   OBSERVED TIME   RECORD YEAR NORMAL DEPARTURE LAST
                VALUE   (LST)  VALUE       VALUE  FROM      YEAR
                                                  NORMAL
..................................................................
TEMPERATURE (F)
 TODAY
  MAXIMUM         83    259 PM  92    2003  76      7       66
                                      1954
  MINIMUM         52    517 AM  24    1983  45      7       49
  AVERAGE         68                        60      8       58

PRECIPITATION (IN)
  TODAY            0.00                      0.03  -0.03      T
  MONTH TO DATE    0.71                      0.92  -0.21     5.30
  SINCE SEP 1      0.71                      0.92  -0.21     5.30
  SINCE JAN 1     10.61                     15.07  -4.46    15.75

..................................................................

THE BURLINGTON CO CLIMATE NORMALS FOR TOMORROW
                         NORMAL    RECORD    YEAR
 MAXIMUM TEMPERATURE (F)   75        93      2005
 MINIMUM TEMPERATURE (F)   45        30      2000

-  INDICATES NEGATIVE NUMBERS.
R  INDICATES RECORD WAS SET OR TIED.
MM INDICATES DATA IS MISSING.
T  INDICATES TRACE AMOUNT.

$$
