000
CDUS43 KGLD 020753
CLIITR

CLIMATE REPORT
NATIONAL WEATHER SERVICE GOODLAND
150 AM MDT SAT AUG 2 2014

...................................

...THE BURLINGTON CO CLIMATE SUMMARY FOR AUGUST 1 2014...

CLIMATE NORMAL PERIOD 1981 TO 2010
CLIMATE RECORD PERIOD 1896 TO 2014

WEATHER ITEM   OBSERVED TIME   RECORD YEAR NORMAL DEPARTURE LAST
                VALUE   (LST)  VALUE       VALUE  FROM      YEAR
                                                  NORMAL
..................................................................
TEMPERATURE (F)
 YESTERDAY
  MAXIMUM         87    247 PM 106    1938  88     -1       94
  MINIMUM         55    411 AM  52    2009  61     -6       63
  AVERAGE         71                        74     -3       79

PRECIPITATION (IN)
  YESTERDAY        0.00                      0.07  -0.07     0.09
  MONTH TO DATE    0.00                      0.07  -0.07     0.09
  SINCE JUN 1      5.04                      6.08  -1.04     3.02
  SINCE JAN 1      7.96                     11.81  -3.85     8.62

..................................................................

THE BURLINGTON CO CLIMATE NORMALS FOR TODAY
                         NORMAL    RECORD    YEAR
 MAXIMUM TEMPERATURE (F)   88       106      1938
 MINIMUM TEMPERATURE (F)   61        43      1972

-  INDICATES NEGATIVE NUMBERS.
R  INDICATES RECORD WAS SET OR TIED.
MM INDICATES DATA IS MISSING.
T  INDICATES TRACE AMOUNT.

$$
