240
CDUS43 KGLD 170800 RRA
CLIITR

CLIMATE REPORT
NATIONAL WEATHER SERVICE GOODLAND
158 AM MDT THU AUG 17 2017
...................................

...THE BURLINGTON CO CLIMATE SUMMARY FOR AUGUST 16 2017...

CLIMATE NORMAL PERIOD 1981 TO 2010
CLIMATE RECORD PERIOD 1896 TO 2017

WEATHER ITEM   OBSERVED TIME   RECORD YEAR NORMAL DEPARTURE LAST
                VALUE   (LST)  VALUE       VALUE  FROM      YEAR
                                                  NORMAL
..................................................................
TEMPERATURE (F)
 YESTERDAY
  MAXIMUM         79    302 PM 100    2002  86     -7       91
  MINIMUM         54   1159 PM  50    1938  59     -5       58
  AVERAGE         67                        72     -5       75

PRECIPITATION (IN)
  YESTERDAY        T                         0.08  -0.08     0.00
  MONTH TO DATE    3.67                      1.29   2.38     0.35
  SINCE JUN 1     11.96                      7.30   4.66     6.51
  SINCE JAN 1     23.30                     13.03  10.27    14.75

..................................................................

THE BURLINGTON CO CLIMATE NORMALS FOR TODAY
                         NORMAL    RECORD    YEAR
 MAXIMUM TEMPERATURE (F)   86       100      1962
 MINIMUM TEMPERATURE (F)   58        47      1944

-  INDICATES NEGATIVE NUMBERS.
R  INDICATES RECORD WAS SET OR TIED.
MM INDICATES DATA IS MISSING.
T  INDICATES TRACE AMOUNT.

$$
