812
CDUS43 KGLD 280048
CLIITR

CLIMATE REPORT
NATIONAL WEATHER SERVICE GOODLAND
645 PM MDT WED JUL 27 2016

...................................

...THE BURLINGTON CO CLIMATE SUMMARY FOR JULY 27 2016...
VALID TODAY AS OF 0600 PM LOCAL TIME.

CLIMATE NORMAL PERIOD 1981 TO 2010
CLIMATE RECORD PERIOD 1896 TO 2016

WEATHER ITEM   OBSERVED TIME   RECORD YEAR NORMAL DEPARTURE LAST
                VALUE   (LST)  VALUE       VALUE  FROM      YEAR
                                                  NORMAL
..................................................................
TEMPERATURE (F)
 TODAY
  MAXIMUM         90    329 PM 103    1960  89      1       92
  MINIMUM         62    508 AM  49    2005  61      1       65
  AVERAGE         76                        75      1       79

PRECIPITATION (IN)
  TODAY            0.00                      0.08  -0.08     0.00
  MONTH TO DATE    1.62                      2.81  -1.19     4.62
  SINCE JUN 1      5.62                      5.69  -0.07     7.53
  SINCE JAN 1     13.86                     11.42   2.44    18.55

..................................................................

THE BURLINGTON CO CLIMATE NORMALS FOR TOMORROW
                         NORMAL    RECORD    YEAR
 MAXIMUM TEMPERATURE (F)   89       102      1947
 MINIMUM TEMPERATURE (F)   61        50      1958

-  INDICATES NEGATIVE NUMBERS.
R  INDICATES RECORD WAS SET OR TIED.
MM INDICATES DATA IS MISSING.
T  INDICATES TRACE AMOUNT.

$$
