000
CDUS43 KGLD 280740 RRA
CLIITR

CLIMATE REPORT
NATIONAL WEATHER SERVICE GOODLAND
138 AM MDT SAT MAR 28 2015


...................................

...THE BURLINGTON CO CLIMATE SUMMARY FOR MARCH 27 2015...

CLIMATE NORMAL PERIOD 1981 TO 2010
CLIMATE RECORD PERIOD 1896 TO 2015


WEATHER ITEM   OBSERVED TIME   RECORD YEAR NORMAL DEPARTURE LAST
                VALUE   (LST)  VALUE       VALUE  FROM      YEAR
                                                  NORMAL
..................................................................
TEMPERATURE (F)
 YESTERDAY
  MAXIMUM         70    345 PM  86    2004  58     12       56
  MINIMUM         31    628 AM  -6    1931  28      3       32
  AVERAGE         51                        43      8       44

PRECIPITATION (IN)
  YESTERDAY        0.00                      0.03  -0.03     0.00
  MONTH TO DATE    0.32                      0.74  -0.42     0.20
  SINCE MAR 1      0.32                      0.74  -0.42     0.20
  SINCE JAN 1      1.46                      1.54  -0.08     0.90

..................................................................


THE BURLINGTON CO CLIMATE NORMALS FOR TODAY
                         NORMAL    RECORD    YEAR
 MAXIMUM TEMPERATURE (F)   58        83      1962
 MINIMUM TEMPERATURE (F)   28         0      1931



-  INDICATES NEGATIVE NUMBERS.
R  INDICATES RECORD WAS SET OR TIED.
MM INDICATES DATA IS MISSING.
T  INDICATES TRACE AMOUNT.

$$
