000
CDUS44 KJAN 250627
CLIJAN


CLIMATE REPORT
NATIONAL WEATHER SERVICE JACKSON MS
125 AM CDT SUN SEP 25 2016


...................................

...THE JACKSON CLIMATE SUMMARY FOR SEPTEMBER 24 2016...

CLIMATE NORMAL PERIOD 1981 TO 2010
CLIMATE RECORD PERIOD 1896 TO 2016


WEATHER ITEM   OBSERVED TIME   RECORD YEAR NORMAL DEPARTURE LAST
                VALUE   (LST)  VALUE       VALUE  FROM      YEAR
                                                  NORMAL
..................................................................
TEMPERATURE (F)
 YESTERDAY
  MAXIMUM         96    227 PM 101    1921  84     12       92
  MINIMUM         69    554 AM  46    1982  62      7       64
  AVERAGE         83                        73     10       78

PRECIPITATION (IN)
  YESTERDAY        0.00          2.24 1991   0.10  -0.10     0.00
  MONTH TO DATE    0.28                      2.38  -2.10     0.77
  SINCE SEP 1      0.28                      2.38  -2.10     0.77
  SINCE JAN 1     53.48                     39.66  13.82    37.38

SNOWFALL (IN)
  YESTERDAY        0.0           0.0  2002   0.0    0.0      0.0
                                      2001
  MONTH TO DATE    0.0                       0.0    0.0      0.0
  SINCE SEP 1      0.0                       0.0    0.0      0.0
  SINCE JUL 1      0.0                       0.0    0.0      0.0

DEGREE DAYS
 HEATING
  YESTERDAY        0                         0      0        0
  MONTH TO DATE    0                         0      0        0
  SINCE SEP 1      0                         0      0        0
  SINCE JUL 1      0                         0      0        0

 COOLING
  YESTERDAY       18                         8     10       13
  MONTH TO DATE  414                       283    131      337
  SINCE SEP 1    414                       283    131      337
  SINCE JAN 1   2488                      2082    406     2466
..................................................................


WIND (MPH)
  HIGHEST WIND SPEED     8   HIGHEST WIND DIRECTION    SW (210)
  HIGHEST GUST SPEED    11   HIGHEST GUST DIRECTION    NE (40)
  AVERAGE WIND SPEED     1.9


SKY COVER
  POSSIBLE SUNSHINE  MM
  AVERAGE SKY COVER 0.1


WEATHER CONDITIONS
 THE FOLLOWING WEATHER WAS RECORDED YESTERDAY.
  NO SIGNIFICANT WEATHER WAS OBSERVED.


RELATIVE HUMIDITY (PERCENT)
 HIGHEST    93          1200 AM
 LOWEST     33           200 PM
 AVERAGE    63

..........................................................


THE JACKSON CLIMATE NORMALS FOR TODAY
                         NORMAL    RECORD    YEAR
 MAXIMUM TEMPERATURE (F)   84        98      1921
 MINIMUM TEMPERATURE (F)   61        46      1994
                                             1975
                                             1965


SUNRISE AND SUNSET
SEPTEMBER 25 2016.....SUNRISE   651 AM CDT   SUNSET   652 PM CDT
SEPTEMBER 26 2016.....SUNRISE   651 AM CDT   SUNSET   651 PM CDT


-  INDICATES NEGATIVE NUMBERS.
R  INDICATES RECORD WAS SET OR TIED.
MM INDICATES DATA IS MISSING.
T  INDICATES TRACE AMOUNT.

&&

AT 1 AM:

THE PEARL RIVER STAGE AT JACKSON WAS 3.6 FEET. THE RIVER ROSE 0.1 FEET OVER THE
PAST 24 HOURS.

THE MISSISSIPPI RIVER STAGE AT VICKSBURG WAS 21.5 FEET. THE RIVER ROSE 0.6 FEET
OVER THE PAST 24 HOURS.




$$
