000
CDUS44 KJAN 181006
CLIJAN


CLIMATE REPORT
NATIONAL WEATHER SERVICE JACKSON MS
502 AM CDT WED OCT 18 2017


...................................

...THE JACKSON CLIMATE SUMMARY FOR OCTOBER 17 2017...

CLIMATE NORMAL PERIOD 1981 TO 2010
CLIMATE RECORD PERIOD 1896 TO 2017


WEATHER ITEM   OBSERVED TIME   RECORD YEAR NORMAL DEPARTURE LAST
                VALUE   (LST)  VALUE       VALUE  FROM      YEAR
                                                  NORMAL
..................................................................
TEMPERATURE (F)
 YESTERDAY
  MAXIMUM         78    340 PM  93    1915  77      1       89
  MINIMUM         49    624 AM  31    1943  53     -4       66
  AVERAGE         64                        65     -1       78

PRECIPITATION (IN)
  YESTERDAY        0.00          1.56 1932   0.13  -0.13     0.00
  MONTH TO DATE    0.99                      2.09  -1.10      T
  SINCE SEP 1      2.16                      5.12  -2.96     0.33
  SINCE JAN 1     56.05                     42.40  13.65    53.53

SNOWFALL (IN)
  YESTERDAY        0.0           0.0         0.0    0.0      0.0
  MONTH TO DATE    0.0                       0.0    0.0      0.0
  SINCE SEP 1      0.0                       0.0    0.0      0.0
  SINCE JUL 1      0.0                       0.0    0.0      0.0

DEGREE DAYS
 HEATING
  YESTERDAY        1                         3     -2        0
  MONTH TO DATE    1                        33    -32        0
  SINCE SEP 1      3                        40    -37        0
  SINCE JUL 1      3                        40    -37        0

 COOLING
  YESTERDAY        0                         3     -3       13
  MONTH TO DATE  177                        74    103      147
  SINCE SEP 1    521                       401    120      620
  SINCE JAN 1   2446                      2200    246     2694
..................................................................


WIND (MPH)
  HIGHEST WIND SPEED    13   HIGHEST WIND DIRECTION    NE (60)
  HIGHEST GUST SPEED    18   HIGHEST GUST DIRECTION    NE (50)
  AVERAGE WIND SPEED     5.8


SKY COVER
  POSSIBLE SUNSHINE  MM
  AVERAGE SKY COVER 0.0


WEATHER CONDITIONS
 THE FOLLOWING WEATHER WAS RECORDED YESTERDAY.
  NO SIGNIFICANT WEATHER WAS OBSERVED.


RELATIVE HUMIDITY (PERCENT)
 HIGHEST    80           500 AM
 LOWEST     39           400 PM
 AVERAGE    60

..........................................................


THE JACKSON CLIMATE NORMALS FOR TODAY
                         NORMAL    RECORD    YEAR
 MAXIMUM TEMPERATURE (F)   77        93      1926
 MINIMUM TEMPERATURE (F)   52        30      1948


SUNRISE AND SUNSET
OCTOBER 18 2017.......SUNRISE   706 AM CDT   SUNSET   624 PM CDT
OCTOBER 19 2017.......SUNRISE   707 AM CDT   SUNSET   623 PM CDT


-  INDICATES NEGATIVE NUMBERS.
R  INDICATES RECORD WAS SET OR TIED.
MM INDICATES DATA IS MISSING.
T  INDICATES TRACE AMOUNT.

&&

AT 1 AM:

THE PEARL RIVER STAGE AT JACKSON WAS 3.6 FEET. THE RIVER LEVEL
REMAINED STEADY OVER THE PAST 24 HOURS.

THE MISSISSIPPI RIVER STAGE AT VICKSBURG WAS 11.8 FEET. THE RIVER
LEVEL ROSE BY 1.6 FEET OVER THE PAST 24 HOURS.

$$

NF
