315
CDUS44 KJAN 220803
CLIJAN


CLIMATE REPORT
NATIONAL WEATHER SERVICE JACKSON MS
301 AM CDT MON MAY 22 2017


...................................

...THE JACKSON CLIMATE SUMMARY FOR MAY 21 2017...

CLIMATE NORMAL PERIOD 1981 TO 2010
CLIMATE RECORD PERIOD 1896 TO 2017


WEATHER ITEM   OBSERVED TIME   RECORD YEAR NORMAL DEPARTURE LAST
                VALUE   (LST)  VALUE       VALUE  FROM      YEAR
                                                  NORMAL
..................................................................
TEMPERATURE (F)
 YESTERDAY
  MAXIMUM         87    203 PM  97    1902  84      3       86
  MINIMUM         65   1013 PM  45    1981  63      2       63
  AVERAGE         76                        74      2       75

PRECIPITATION (IN)
  YESTERDAY        0.91          3.07 1967   0.14   0.77     0.00
  MONTH TO DATE    2.44                      2.96  -0.52     1.30
  SINCE MAR 1     17.42                     12.96   4.46    20.79
  SINCE JAN 1     27.63                     22.69   4.94    32.39

SNOWFALL (IN)
  YESTERDAY        0.0           0.0         0.0    0.0      0.0
  MONTH TO DATE    0.0                       0.0    0.0      0.0
  SINCE MAR 1      T                         0.1   -0.1      0.0
  SINCE JUL 1      0.8                       0.8    0.0       T

DEGREE DAYS
 HEATING
  YESTERDAY        0                         0      0        0
  MONTH TO DATE   13                        10      3        7
  SINCE MAR 1    210                       397   -187      196
  SINCE JUL 1   1328                      2389  -1061     1587

 COOLING
  YESTERDAY       11                         9      2       10
  MONTH TO DATE  140                       138      2      111
  SINCE MAR 1    364                       246    118      261
  SINCE JAN 1    422                       256    166      270
..................................................................


WIND (MPH)
  HIGHEST WIND SPEED    26   HIGHEST WIND DIRECTION    NW (310)
  HIGHEST GUST SPEED    42   HIGHEST GUST DIRECTION     W (280)
  AVERAGE WIND SPEED     4.4


SKY COVER
  POSSIBLE SUNSHINE  MM
  AVERAGE SKY COVER 0.6


WEATHER CONDITIONS
 THE FOLLOWING WEATHER WAS RECORDED YESTERDAY.
  THUNDERSTORM
  HEAVY RAIN
  RAIN
  LIGHT RAIN
  FOG


RELATIVE HUMIDITY (PERCENT)
 HIGHEST    97          1200 AM
 LOWEST     55           200 PM
 AVERAGE    76

..........................................................


THE JACKSON CLIMATE NORMALS FOR TODAY
                         NORMAL    RECORD    YEAR
 MAXIMUM TEMPERATURE (F)   85        98      1902
 MINIMUM TEMPERATURE (F)   63        46      1993


SUNRISE AND SUNSET
MAY 22 2017...........SUNRISE   558 AM CDT   SUNSET   756 PM CDT
MAY 23 2017...........SUNRISE   558 AM CDT   SUNSET   757 PM CDT


-  INDICATES NEGATIVE NUMBERS.
R  INDICATES RECORD WAS SET OR TIED.
MM INDICATES DATA IS MISSING.
T  INDICATES TRACE AMOUNT.

&&

AT 1 AM:

THE PEARL RIVER STAGE AT JACKSON WAS 11.7 FEET. THE RIVER HAS RISEN
3.0 FEET OVER THE PAST 24 HOURS.

THE MISSISSIPPI RIVER STAGE AT VICKSBURG WAS 48.0 FEET. THE RIVER
HAS RISEN 0.1 FEET OVER THE PAST 24 HOURS.

$$

NF
