000
CDUS44 KJAN 130629
CLIJAN


CLIMATE REPORT
NATIONAL WEATHER SERVICE JACKSON MS
1227 AM CST WED DEC 13 2017


...................................

...THE JACKSON CLIMATE SUMMARY FOR DECEMBER 12 2017...

CLIMATE NORMAL PERIOD 1981 TO 2010
CLIMATE RECORD PERIOD 1896 TO 2017


WEATHER ITEM   OBSERVED TIME   RECORD YEAR NORMAL DEPARTURE LAST
                VALUE   (LST)  VALUE       VALUE  FROM      YEAR
                                                  NORMAL
..................................................................
TEMPERATURE (F)
 YESTERDAY
  MAXIMUM         60   1245 PM  81    2007  59      1       66
                                      1971
  MINIMUM         31   1150 PM  12    1962  38     -7       58
  AVERAGE         46                        48     -2       62

PRECIPITATION (IN)
  YESTERDAY        0.00          2.76 1932   0.16  -0.16     0.28
  MONTH TO DATE    1.17                      2.12  -0.95     3.27
  SINCE DEC 1      1.17                      2.12  -0.95     3.27
  SINCE JAN 1     59.27                     51.11   8.16    60.92

SNOWFALL (IN)
  YESTERDAY        0.0           T    1989   0.0    0.0      0.0
                                      1988
                                      1958
  MONTH TO DATE    5.1                       0.1    5.0      0.0
  SINCE DEC 1      5.1                       0.1    5.0      0.0
  SINCE JUL 1      5.1                       0.1    5.0      0.0

DEGREE DAYS
 HEATING
  YESTERDAY       19                        17      2        3
  MONTH TO DATE  166                       189    -23      188
  SINCE DEC 1    166                       189    -23      188
  SINCE JUL 1    425                       597   -172      392

 COOLING
  YESTERDAY        0                         0      0        0
  MONTH TO DATE    0                         0      0        0
  SINCE DEC 1      0                         0      0        0
  SINCE JAN 1   2538                      2253    285     2799
..................................................................


WIND (MPH)
  HIGHEST WIND SPEED    20   HIGHEST WIND DIRECTION     N (350)
  HIGHEST GUST SPEED    25   HIGHEST GUST DIRECTION    NW (320)
  AVERAGE WIND SPEED     7.4


SKY COVER
  POSSIBLE SUNSHINE  MM
  AVERAGE SKY COVER 0.0


WEATHER CONDITIONS
 THE FOLLOWING WEATHER WAS RECORDED YESTERDAY.
  NO SIGNIFICANT WEATHER WAS OBSERVED.


RELATIVE HUMIDITY (PERCENT)
 HIGHEST    78          1100 PM
 LOWEST     32           400 PM
 AVERAGE    55

..........................................................


THE JACKSON CLIMATE NORMALS FOR TODAY
                         NORMAL    RECORD    YEAR
 MAXIMUM TEMPERATURE (F)   59        80      2015
 MINIMUM TEMPERATURE (F)   38         8      1962


SUNRISE AND SUNSET
DECEMBER 13 2017......SUNRISE   653 AM CST   SUNSET   456 PM CST
DECEMBER 14 2017......SUNRISE   654 AM CST   SUNSET   457 PM CST


-  INDICATES NEGATIVE NUMBERS.
R  INDICATES RECORD WAS SET OR TIED.
MM INDICATES DATA IS MISSING.
T  INDICATES TRACE AMOUNT.


&&

AT 1 AM:

THE PEARL RIVER STAGE AT JACKSON WAS 3.6 FEET. THE RIVER HAS
NOT CHANGED OVER THE PAST 24 HOURS.

THE MISSISSIPPI RIVER STAGE AT VICKSBURG WAS 10.9 FEET. THE RIVER
FELL 0.8 FEET OVER THE PAST 24 HOURS.


$$
