000
CDUS42 KJAX 252227
CLIJAX


CLIMATE REPORT
NATIONAL WEATHER SERVICE JACKSONVILLE FL
526 PM EST SUN FEB 25 2018


...................................

...THE JACKSONVILLE CLIMATE SUMMARY FOR FEBRUARY 25 2018...
VALID TODAY AS OF 0500 PM LOCAL TIME.

CLIMATE NORMAL PERIOD 1981 TO 2010
CLIMATE RECORD PERIOD 1871 TO 2018


WEATHER ITEM   OBSERVED TIME   RECORD YEAR NORMAL DEPARTURE LAST
                VALUE   (LST)  VALUE       VALUE  FROM      YEAR
                                                  NORMAL
..................................................................
TEMPERATURE (F)
 TODAY
  MAXIMUM         86R   227 PM  85    2001  70     16       82
  MINIMUM         64    654 AM  24    1989  47     17       57
  AVERAGE         75                        58     17       70

PRECIPITATION (IN)
  TODAY            T             3.20 2013   0.13  -0.13     0.00
  MONTH TO DATE    1.37                      2.83  -1.46     1.35
  SINCE DEC 1      7.43                      8.93  -1.50     7.69
  SINCE JAN 1      5.01                      6.13  -1.12     5.40

SNOWFALL (IN)
  TODAY            0.0           0.0  2002   0.0    0.0      0.0
  MONTH TO DATE    0.0                       0.0    0.0      0.0
  SINCE DEC 1      0.0                       T      0.0      0.0
  SINCE JUL 1      0.0                       T      0.0      0.0
  SNOW DEPTH       0

DEGREE DAYS
 HEATING
  TODAY            0                         8     -8        0
  MONTH TO DATE   66                       235   -169       95
  SINCE DEC 1    768                       938   -170      462
  SINCE JUL 1    864                      1111   -247      592

 COOLING
  TODAY           10                         1      9        5
  MONTH TO DATE   95                        20     75       28
  SINCE DEC 1    149                        52     97      107
  SINCE JAN 1    105                        31     74       64
..................................................................


WIND (MPH)
  HIGHEST WIND SPEED    15   HIGHEST WIND DIRECTION     S (180)
  HIGHEST GUST SPEED    19   HIGHEST GUST DIRECTION     S (180)
  AVERAGE WIND SPEED     7.5


SKY COVER
  POSSIBLE SUNSHINE  MM
  AVERAGE SKY COVER 0.7


WEATHER CONDITIONS
 THE FOLLOWING WEATHER WAS RECORDED TODAY.
  NO SIGNIFICANT WEATHER WAS OBSERVED.


RELATIVE HUMIDITY (PERCENT)
 HIGHEST    93           700 AM
 LOWEST     44           400 PM
 AVERAGE    69

..........................................................


THE JACKSONVILLE CLIMATE NORMALS FOR TOMORROW
                         NORMAL    RECORD    YEAR
 MAXIMUM TEMPERATURE (F)   70        88      1962
 MINIMUM TEMPERATURE (F)   47        22      1967


SUNRISE AND SUNSET
FEBRUARY 25 2018......SUNRISE   657 AM EST   SUNSET   623 PM EST
FEBRUARY 26 2018......SUNRISE   656 AM EST   SUNSET   623 PM EST


-  INDICATES NEGATIVE NUMBERS.
R  INDICATES RECORD WAS SET OR TIED.
MM INDICATES DATA IS MISSING.
T  INDICATES TRACE AMOUNT.




$$
