000
CDUS42 KJAX 210528
CLIJAX


CLIMATE REPORT
NATIONAL WEATHER SERVICE JACKSONVILLE FL
127 AM EDT THU SEP 21 2017


...................................

...THE JACKSONVILLE CLIMATE SUMMARY FOR SEPTEMBER 20 2017...

CLIMATE NORMAL PERIOD 1981 TO 2010
CLIMATE RECORD PERIOD 1871 TO 2017


WEATHER ITEM   OBSERVED TIME   RECORD YEAR NORMAL DEPARTURE LAST
                VALUE   (LST)  VALUE       VALUE  FROM      YEAR
                                                  NORMAL
..................................................................
TEMPERATURE (F)
 YESTERDAY
  MAXIMUM         93    316 PM  95    1955  86      7       89
                                      1925
  MINIMUM         69    636 AM  48    1981  69      0       72
  AVERAGE         81                        78      3       81

PRECIPITATION (IN)
  YESTERDAY        0.00          4.68 1994   0.28  -0.28     0.00
  MONTH TO DATE   10.82                      5.66   5.16     4.35
  SINCE SEP 1     10.82                      5.66   5.16     4.35
  SINCE JAN 1     58.56                     41.02  17.54    26.69

SNOWFALL (IN)
  YESTERDAY        0.0           0.0  2002   0.0    0.0      0.0
                                      2001
  MONTH TO DATE    0.0                       0.0    0.0      0.0
  SINCE SEP 1      0.0                       0.0    0.0      0.0
  SINCE JUL 1      0.0                       0.0    0.0      0.0
  SNOW DEPTH       0

DEGREE DAYS
 HEATING
  YESTERDAY        0                         0      0        0
  MONTH TO DATE    0                         0      0        0
  SINCE SEP 1      0                         0      0        0
  SINCE JUL 1      0                         0      0        0

 COOLING
  YESTERDAY       16                        13      3       16
  MONTH TO DATE  279                       285     -6      285
  SINCE SEP 1    279                       285     -6      285
  SINCE JAN 1   2480                      2275    205     2521
..................................................................


WIND (MPH)
  HIGHEST WIND SPEED    15   HIGHEST WIND DIRECTION    SE (120)
  HIGHEST GUST SPEED    18   HIGHEST GUST DIRECTION     E (110)
  AVERAGE WIND SPEED     4.0


SKY COVER
  POSSIBLE SUNSHINE  MM
  AVERAGE SKY COVER 0.5


WEATHER CONDITIONS
 THE FOLLOWING WEATHER WAS RECORDED YESTERDAY.
  FOG


RELATIVE HUMIDITY (PERCENT)
 HIGHEST   100           200 AM
 LOWEST     41           300 PM
 AVERAGE    71

..........................................................


THE JACKSONVILLE CLIMATE NORMALS FOR TODAY
                         NORMAL    RECORD    YEAR
 MAXIMUM TEMPERATURE (F)   86        97      1990
 MINIMUM TEMPERATURE (F)   69        56      1981
                                             1918


SUNRISE AND SUNSET
SEPTEMBER 21 2017.....SUNRISE   715 AM EDT   SUNSET   724 PM EDT
SEPTEMBER 22 2017.....SUNRISE   715 AM EDT   SUNSET   723 PM EDT


-  INDICATES NEGATIVE NUMBERS.
R  INDICATES RECORD WAS SET OR TIED.
MM INDICATES DATA IS MISSING.
T  INDICATES TRACE AMOUNT.




$$
