000
CDUS42 KJAX 290539
CLIJAX


CLIMATE REPORT
NATIONAL WEATHER SERVICE JACKSONVILLE FL
139 AM EDT FRI MAY 29 2015


...................................

...THE JACKSONVILLE CLIMATE SUMMARY FOR MAY 28 2015...

CLIMATE NORMAL PERIOD 1981 TO 2010
CLIMATE RECORD PERIOD 1871 TO 2015


WEATHER ITEM   OBSERVED TIME   RECORD YEAR NORMAL DEPARTURE LAST
                VALUE   (LST)  VALUE       VALUE  FROM      YEAR
                                                  NORMAL
..................................................................
TEMPERATURE (F)
 YESTERDAY
  MAXIMUM         84    215 PM  99    1967  88     -4       90
  MINIMUM         62    449 AM  52    1988  66     -4       67
  AVERAGE         73                        77     -4       79

PRECIPITATION (IN)
  YESTERDAY        0.00          4.47 1922   0.10  -0.10     0.00
  MONTH TO DATE    0.14                      2.12  -1.98     5.47
  SINCE MAR 1      5.10                      8.71  -3.61    16.11
  SINCE JAN 1     11.50                     15.20  -3.70    25.82

SNOWFALL (IN)
  YESTERDAY        0.0           0.0  2002   0.0    0.0      0.0
                                      2001
  MONTH TO DATE    0.0                       0.0    0.0      0.0
  SINCE MAR 1      0.0                       T      0.0      0.0
  SINCE JUL 1      T                         T      0.0      0.0
  SNOW DEPTH       0

DEGREE DAYS
 HEATING
  YESTERDAY        0                         0      0        0
  MONTH TO DATE    2                         3     -1        6
  SINCE MAR 1     89                       214   -125      232
  SINCE JUL 1   1337                      1347    -10     1309

 COOLING
  YESTERDAY        8                        12     -4       14
  MONTH TO DATE  280                       251     29      248
  SINCE MAR 1    603                       418    185      417
  SINCE JAN 1    616                       447    169      447
..................................................................


WIND (MPH)
  HIGHEST WIND SPEED    17   HIGHEST WIND DIRECTION     E (80)
  HIGHEST GUST SPEED    23   HIGHEST GUST DIRECTION     E (100)
  AVERAGE WIND SPEED     6.2


SKY COVER
  POSSIBLE SUNSHINE  MM
  AVERAGE SKY COVER 0.6


WEATHER CONDITIONS
 THE FOLLOWING WEATHER WAS RECORDED YESTERDAY.
  HAZE


RELATIVE HUMIDITY (PERCENT)
 HIGHEST   100           200 AM
 LOWEST     44          1200 PM
 AVERAGE    72

..........................................................


THE JACKSONVILLE CLIMATE NORMALS FOR TODAY
                         NORMAL    RECORD    YEAR
 MAXIMUM TEMPERATURE (F)   88        97      1967
 MINIMUM TEMPERATURE (F)   67        53      1988


SUNRISE AND SUNSET
MAY 29 2015...........SUNRISE   626 AM EDT   SUNSET   823 PM EDT
MAY 30 2015...........SUNRISE   626 AM EDT   SUNSET   823 PM EDT


-  INDICATES NEGATIVE NUMBERS.
R  INDICATES RECORD WAS SET OR TIED.
MM INDICATES DATA IS MISSING.
T  INDICATES TRACE AMOUNT.




$$
