000
CDUS42 KJAX 230631
CLIJAX


CLIMATE REPORT
NATIONAL WEATHER SERVICE JACKSONVILLE FL
131 AM EST THU NOV 23 2017


...................................

...THE JACKSONVILLE CLIMATE SUMMARY FOR NOVEMBER 22 2017...

CLIMATE NORMAL PERIOD 1981 TO 2010
CLIMATE RECORD PERIOD 1871 TO 2017


WEATHER ITEM   OBSERVED TIME   RECORD YEAR NORMAL DEPARTURE LAST
                VALUE   (LST)  VALUE       VALUE  FROM      YEAR
                                                  NORMAL
..................................................................
TEMPERATURE (F)
 YESTERDAY
  MAXIMUM         77    102 PM  84    1973  72      5       70
  MINIMUM         56    536 AM  25    2000  49      7       34
  AVERAGE         67                        61      6       52

PRECIPITATION (IN)
  YESTERDAY        0.00          2.08 1988   0.06  -0.06     0.00
  MONTH TO DATE    1.87                      1.55   0.32     0.02
  SINCE SEP 1     19.21                     13.67   5.54    13.89
  SINCE JAN 1     66.95                     49.03  17.92    36.23

SNOWFALL (IN)
  YESTERDAY        0.0           0.0  2001   0.0    0.0      0.0
  MONTH TO DATE    0.0                       0.0    0.0      0.0
  SINCE SEP 1      0.0                       0.0    0.0      0.0
  SINCE JUL 1      0.0                       0.0    0.0      0.0
  SNOW DEPTH       0

DEGREE DAYS
 HEATING
  YESTERDAY        0                         6     -6       13
  MONTH TO DATE   43                        91    -48       95
  SINCE SEP 1     75                       119    -44      110
  SINCE JUL 1     75                       119    -44      110

 COOLING
  YESTERDAY        2                         1      1        0
  MONTH TO DATE   66                        51     15       33
  SINCE SEP 1    809                       644    165      690
  SINCE JAN 1   3010                      2634    376     2926
..................................................................


WIND (MPH)
  HIGHEST WIND SPEED    16   HIGHEST WIND DIRECTION    NE (60)
  HIGHEST GUST SPEED    20   HIGHEST GUST DIRECTION     E (70)
  AVERAGE WIND SPEED     4.3


SKY COVER
  POSSIBLE SUNSHINE  MM
  AVERAGE SKY COVER 0.7


WEATHER CONDITIONS
 THE FOLLOWING WEATHER WAS RECORDED YESTERDAY.
  FOG


RELATIVE HUMIDITY (PERCENT)
 HIGHEST   100           100 AM
 LOWEST     60           100 PM
 AVERAGE    80

..........................................................


THE JACKSONVILLE CLIMATE NORMALS FOR TODAY
                         NORMAL    RECORD    YEAR
 MAXIMUM TEMPERATURE (F)   72        84      1992
                                             1941
 MINIMUM TEMPERATURE (F)   49        28      2000


SUNRISE AND SUNSET
NOVEMBER 23 2017......SUNRISE   700 AM EST   SUNSET   527 PM EST
NOVEMBER 24 2017......SUNRISE   701 AM EST   SUNSET   526 PM EST


-  INDICATES NEGATIVE NUMBERS.
R  INDICATES RECORD WAS SET OR TIED.
MM INDICATES DATA IS MISSING.
T  INDICATES TRACE AMOUNT.




$$
