000
CDUS44 KMEG 270639
CLIJBR


CLIMATE REPORT
NATIONAL WEATHER SERVICE MEMPHIS TN
139 AM CDT WED MAY 27 2015


...................................

...THE JONESBORO CLIMATE SUMMARY FOR MAY 26 2015...

CLIMATE NORMAL PERIOD 1981 TO 2010
CLIMATE RECORD PERIOD 1897 TO 2015


WEATHER ITEM   OBSERVED TIME   RECORD YEAR NORMAL DEPARTURE LAST
                VALUE   (LST)  VALUE       VALUE  FROM      YEAR
                                                  NORMAL
..................................................................
TEMPERATURE (F)
 YESTERDAY
  MAXIMUM         76    401 PM 100    1911  83     -7       90
  MINIMUM         62   1127 PM  33    1897  61      1       67
  AVERAGE         69                        72     -3       79

PRECIPITATION (IN)
  YESTERDAY        0.12          4.15 1963   0.12   0.00     0.00
  MONTH TO DATE    6.22                      4.12   2.10     3.50
  SINCE MAR 1     19.36                     13.64   5.72    15.49
  SINCE JAN 1     24.19                     20.79   3.40    20.20

SNOWFALL (IN)
  YESTERDAY        0.0          MM      MM   0.0    0.0      0.0
  MONTH TO DATE    0.0                       0.0    0.0      0.0
  SINCE MAR 1      7.6                       0.7    6.9      3.2
  SINCE JUL 1      9.4                       4.8    4.6      5.2
  SNOW DEPTH       0

DEGREE DAYS
 HEATING
  YESTERDAY        0                         0      0        0
  MONTH TO DATE   48                        35     13       64
  SINCE MAR 1    765                       694     71      885
  SINCE JUL 1   4013                      3650    363     4150

 COOLING
  YESTERDAY        4                         8     -4       14
  MONTH TO DATE  114                       123     -9      177
  SINCE MAR 1    142                       170    -28      198
  SINCE JAN 1    142                       170    -28      198
..................................................................


WIND (MPH)
  HIGHEST WIND SPEED    21   HIGHEST WIND DIRECTION    SW (230)
  HIGHEST GUST SPEED    25   HIGHEST GUST DIRECTION    SW (210)
  AVERAGE WIND SPEED    10.1


SKY COVER
  POSSIBLE SUNSHINE  MM
  AVERAGE SKY COVER 0.6


WEATHER CONDITIONS
 THE FOLLOWING WEATHER WAS RECORDED YESTERDAY.
  HEAVY RAIN
  LIGHT RAIN
  FOG


RELATIVE HUMIDITY (PERCENT)
 HIGHEST   100          1000 PM
 LOWEST     69           200 PM
 AVERAGE    85

..........................................................


THE JONESBORO CLIMATE NORMALS FOR TODAY
                         NORMAL    RECORD    YEAR
 MAXIMUM TEMPERATURE (F)   84       100      1911
 MINIMUM TEMPERATURE (F)   61        41      1961


SUNRISE AND SUNSET
MAY 27 2015...........SUNRISE   550 AM CDT   SUNSET   810 PM CDT
MAY 28 2015...........SUNRISE   549 AM CDT   SUNSET   811 PM CDT


-  INDICATES NEGATIVE NUMBERS.
R  INDICATES RECORD WAS SET OR TIED.
MM INDICATES DATA IS MISSING.
T  INDICATES TRACE AMOUNT.




$$
