000
CDUS44 KMEG 190632
CLIJBR


CLIMATE REPORT
NATIONAL WEATHER SERVICE MEMPHIS TN
131 AM CDT THU OCT 19 2017


...................................

...THE JONESBORO CLIMATE SUMMARY FOR OCTOBER 18 2017...

CLIMATE NORMAL PERIOD 1981 TO 2010
CLIMATE RECORD PERIOD 1897 TO 2017


WEATHER ITEM   OBSERVED TIME   RECORD YEAR NORMAL DEPARTURE LAST
                VALUE   (LST)  VALUE       VALUE  FROM      YEAR
                                                  NORMAL
..................................................................
TEMPERATURE (F)
 YESTERDAY
  MAXIMUM         76    334 PM  90    1910  72      4       80
                                      1909
  MINIMUM         42    629 AM  28    1948  49     -7       71
  AVERAGE         59                        61     -2       76

PRECIPITATION (IN)
  YESTERDAY        0.00          4.02 1980   0.15  -0.15     0.00
  MONTH TO DATE    0.45                      2.41  -1.96     1.25
  SINCE SEP 1      0.84                      5.47  -4.63     3.19
  SINCE JAN 1     40.46                     36.58   3.88    44.21

DEGREE DAYS
 HEATING
  YESTERDAY        6                         6      0        0
  MONTH TO DATE   32                        71    -39        9
  SINCE SEP 1     34                        89    -55        9
  SINCE JUL 1     34                        89    -55        9

 COOLING
  YESTERDAY        0                         1     -1       11
  MONTH TO DATE  118                        40     78      105
  SINCE SEP 1    399                       265    134      466
  SINCE JAN 1   1932                      1811    121     2219
..................................................................


WIND (MPH)
  HIGHEST WIND SPEED    15   HIGHEST WIND DIRECTION     S (200)
  HIGHEST GUST SPEED    72   HIGHEST GUST DIRECTION    SW (210)
  AVERAGE WIND SPEED     4.6


SKY COVER
  POSSIBLE SUNSHINE  MM
  AVERAGE SKY COVER 0.0


WEATHER CONDITIONS
 THE FOLLOWING WEATHER WAS RECORDED YESTERDAY.
  NO SIGNIFICANT WEATHER WAS OBSERVED.


RELATIVE HUMIDITY (PERCENT)
 HIGHEST   100           200 AM
 LOWEST     41           300 PM
 AVERAGE    71

..........................................................


THE JONESBORO CLIMATE NORMALS FOR TODAY
                         NORMAL    RECORD    YEAR
 MAXIMUM TEMPERATURE (F)   72        91      2005
 MINIMUM TEMPERATURE (F)   49        31      1948
                                             1917


SUNRISE AND SUNSET
OCTOBER 19 2017.......SUNRISE   713 AM CDT   SUNSET   621 PM CDT
OCTOBER 20 2017.......SUNRISE   714 AM CDT   SUNSET   620 PM CDT


-  INDICATES NEGATIVE NUMBERS.
R  INDICATES RECORD WAS SET OR TIED.
MM INDICATES DATA IS MISSING.
T  INDICATES TRACE AMOUNT.




$$
