000
CDUS44 KMEG 182249
CLIJBR


CLIMATE REPORT
NATIONAL WEATHER SERVICE MEMPHIS TN
449 PM CST SUN FEB 18 2018


...................................

...THE JONESBORO CLIMATE SUMMARY FOR FEBRUARY 18 2018...
VALID TODAY AS OF 0400 PM LOCAL TIME.

CLIMATE NORMAL PERIOD 1981 TO 2010
CLIMATE RECORD PERIOD 1897 TO 2018


WEATHER ITEM   OBSERVED TIME   RECORD YEAR NORMAL DEPARTURE LAST
                VALUE   (LST)  VALUE       VALUE  FROM      YEAR
                                                  NORMAL
..................................................................
TEMPERATURE (F)
 TODAY
  MAXIMUM         56    226 PM  76    1961  52      4       63
  MINIMUM         32    427 AM  -1    1936  33     -1       47
                                      1910
  AVERAGE         44                        42      2       55

PRECIPITATION (IN)
  TODAY            0.00          4.83 1938   0.15  -0.15     0.15
  MONTH TO DATE    3.06                      2.35   0.71     0.77
  SINCE DEC 1     10.69                     10.55   0.14     8.93
  SINCE JAN 1      5.57                      5.78  -0.21     4.47

DEGREE DAYS
 HEATING
  TODAY           21                        23     -2       10
  MONTH TO DATE  442                       446     -4      313
  SINCE DEC 1   2127                      2092     35     1700
  SINCE JUL 1   2671                      2742    -71     2049

 COOLING
  TODAY            0                         0      0        0
  MONTH TO DATE    2                         0      2        3
  SINCE DEC 1      2                         0      2        3
  SINCE JAN 1      2                         0      2        3
..................................................................


WIND (MPH)
  HIGHEST WIND SPEED    21   HIGHEST WIND DIRECTION     E (110)
  HIGHEST GUST SPEED    24   HIGHEST GUST DIRECTION     E (110)
  AVERAGE WIND SPEED     6.8


SKY COVER
  POSSIBLE SUNSHINE  MM
  AVERAGE SKY COVER 0.4


WEATHER CONDITIONS
 THE FOLLOWING WEATHER WAS RECORDED TODAY.
  FOG
  FOG W/VISIBILITY <= 1/4 MILE


RELATIVE HUMIDITY (PERCENT)
 HIGHEST   100          1200 AM
 LOWEST     59           100 PM
 AVERAGE    80

..........................................................


THE JONESBORO CLIMATE NORMALS FOR TOMORROW
                         NORMAL    RECORD    YEAR
 MAXIMUM TEMPERATURE (F)   52        82      1913
 MINIMUM TEMPERATURE (F)   33         5      1910


SUNRISE AND SUNSET
FEBRUARY 18 2018......SUNRISE   646 AM CST   SUNSET   547 PM CST
FEBRUARY 19 2018......SUNRISE   645 AM CST   SUNSET   548 PM CST


-  INDICATES NEGATIVE NUMBERS.
R  INDICATES RECORD WAS SET OR TIED.
MM INDICATES DATA IS MISSING.
T  INDICATES TRACE AMOUNT.




$$
