000
CDUS44 KMEG 160734
CLIJBR


CLIMATE REPORT
NATIONAL WEATHER SERVICE MEMPHIS TN
132 AM CST MON JAN 16 2017


...................................

...THE JONESBORO CLIMATE SUMMARY FOR JANUARY 15 2017...

CLIMATE NORMAL PERIOD 1981 TO 2010
CLIMATE RECORD PERIOD 1897 TO 2017


WEATHER ITEM   OBSERVED TIME   RECORD YEAR NORMAL DEPARTURE LAST
                VALUE   (LST)  VALUE       VALUE  FROM      YEAR
                                                  NORMAL
..................................................................
TEMPERATURE (F)
 YESTERDAY
  MAXIMUM         45   1159 PM  72    1950  46     -1       62
                                      1949
                                      1907
  MINIMUM         38    853 AM  -4    1918  29      9       37
  AVERAGE         42                        37      5       50

PRECIPITATION (IN)
  YESTERDAY        0.00          1.76 1962   0.11  -0.11     0.02
  MONTH TO DATE    1.50                      1.65  -0.15     1.61
  SINCE DEC 1      5.96                      6.42  -0.46     7.98
  SINCE JAN 1      1.50                      1.65  -0.15     1.61

DEGREE DAYS
 HEATING
  YESTERDAY       23                        28     -5       15
  MONTH TO DATE  388                       420    -32      396
  SINCE DEC 1   1123                      1212    -89      900
  SINCE JUL 1   1472                      1862   -390     1409

 COOLING
  YESTERDAY        0                         0      0        0
  MONTH TO DATE    0                         0      0        0
  SINCE DEC 1      0                         0      0        3
  SINCE JAN 1      0                         0      0        0
..................................................................


WIND (MPH)
  HIGHEST WIND SPEED    13   HIGHEST WIND DIRECTION    NE (60)
  HIGHEST GUST SPEED    17   HIGHEST GUST DIRECTION    NE (50)
  AVERAGE WIND SPEED     8.7


SKY COVER
  POSSIBLE SUNSHINE  MM
  AVERAGE SKY COVER 1.0


WEATHER CONDITIONS
 THE FOLLOWING WEATHER WAS RECORDED YESTERDAY.
  FOG
  FOG W/VISIBILITY <= 1/4 MILE


RELATIVE HUMIDITY (PERCENT)
 HIGHEST   100           200 AM
 LOWEST     89           200 PM
 AVERAGE    95

..........................................................


THE JONESBORO CLIMATE NORMALS FOR TODAY
                         NORMAL    RECORD    YEAR
 MAXIMUM TEMPERATURE (F)   46        75      1952
 MINIMUM TEMPERATURE (F)   29         5      1979


SUNRISE AND SUNSET
JANUARY 16 2017.......SUNRISE   712 AM CST   SUNSET   514 PM CST
JANUARY 17 2017.......SUNRISE   711 AM CST   SUNSET   515 PM CST


-  INDICATES NEGATIVE NUMBERS.
R  INDICATES RECORD WAS SET OR TIED.
MM INDICATES DATA IS MISSING.
T  INDICATES TRACE AMOUNT.




$$
