000
CDUS44 KMEG 110737
CLIJBR


CLIMATE REPORT
NATIONAL WEATHER SERVICE MEMPHIS TN
136 AM CST SUN DEC 11 2016


...................................

...THE JONESBORO CLIMATE SUMMARY FOR DECEMBER 10 2016...

CLIMATE NORMAL PERIOD 1981 TO 2010
CLIMATE RECORD PERIOD 1897 TO 2016


WEATHER ITEM   OBSERVED TIME   RECORD YEAR NORMAL DEPARTURE LAST
                VALUE   (LST)  VALUE       VALUE  FROM      YEAR
                                                  NORMAL
..................................................................
TEMPERATURE (F)
 YESTERDAY
  MAXIMUM         39    425 PM  75    1918  49    -10       62
  MINIMUM         20    651 AM   4    1917  32    -12       40
  AVERAGE         30                        40    -10       51

PRECIPITATION (IN)
  YESTERDAY        0.00          1.59 1923   0.18  -0.18     0.00
  MONTH TO DATE    0.87                      1.81  -0.94     0.00
  SINCE DEC 1      0.87                      1.81  -0.94     0.00
  SINCE JAN 1     48.97                     45.14   3.83    58.16

DEGREE DAYS
 HEATING
  YESTERDAY       35                        25     10       14
  MONTH TO DATE  255                       234     21      196
  SINCE DEC 1    255                       234     21      196
  SINCE JUL 1    604                       884   -280      705

 COOLING
  YESTERDAY        0                         0      0        0
  MONTH TO DATE    0                         0      0        0
  SINCE DEC 1      0                         0      0        0
  SINCE JAN 1   2285                      1827    458     1748
..................................................................


WIND (MPH)
  HIGHEST WIND SPEED    12   HIGHEST WIND DIRECTION     S (160)
  HIGHEST GUST SPEED    15   HIGHEST GUST DIRECTION     S (160)
  AVERAGE WIND SPEED     3.6


SKY COVER
  POSSIBLE SUNSHINE  MM
  AVERAGE SKY COVER 0.4


WEATHER CONDITIONS
 THE FOLLOWING WEATHER WAS RECORDED YESTERDAY.
  NO SIGNIFICANT WEATHER WAS OBSERVED.


RELATIVE HUMIDITY (PERCENT)
 HIGHEST    96          1200 AM
 LOWEST     48           400 PM
 AVERAGE    72

..........................................................


THE JONESBORO CLIMATE NORMALS FOR TODAY
                         NORMAL    RECORD    YEAR
 MAXIMUM TEMPERATURE (F)   49        77      1949
 MINIMUM TEMPERATURE (F)   32         0      1917


SUNRISE AND SUNSET
DECEMBER 11 2016......SUNRISE   703 AM CST   SUNSET   449 PM CST
DECEMBER 12 2016......SUNRISE   704 AM CST   SUNSET   449 PM CST


-  INDICATES NEGATIVE NUMBERS.
R  INDICATES RECORD WAS SET OR TIED.
MM INDICATES DATA IS MISSING.
T  INDICATES TRACE AMOUNT.




$$
