000
CDUS44 KMEG 062147
CLIJBR


CLIMATE REPORT
NATIONAL WEATHER SERVICE MEMPHIS TN
446 PM CDT FRI MAY 6 2016


...................................

...THE JONESBORO CLIMATE SUMMARY FOR MAY 6 2016...
VALID TODAY AS OF 0400 PM LOCAL TIME.

CLIMATE NORMAL PERIOD 1981 TO 2010
CLIMATE RECORD PERIOD 1897 TO 2016


WEATHER ITEM   OBSERVED TIME   RECORD YEAR NORMAL DEPARTURE LAST
                VALUE   (LST)  VALUE       VALUE  FROM      YEAR
                                                  NORMAL
..................................................................
TEMPERATURE (F)
 TODAY
  MAXIMUM         76    344 PM  94    2012  77     -1       85
                                      1952
  MINIMUM         48    443 AM  29    1927  56     -8       54
  AVERAGE         62                        66     -4       70

PRECIPITATION (IN)
  TODAY            0.00          2.50 1907   0.21  -0.21     0.00
  MONTH TO DATE    0.02                      1.20  -1.18     0.00
  SINCE MAR 1     17.70                     10.72   6.98    13.14
  SINCE JAN 1     21.63                     17.87   3.76    17.97

SNOWFALL (IN)
  TODAY            0.0

DEGREE DAYS
 HEATING
  TODAY            3                         2      1        0
  MONTH TO DATE   14                        14      0       17
  SINCE MAR 1    480                       673   -193      734
  SINCE JUL 1   2969                      3629   -660     3982

 COOLING
  TODAY            0                         3     -3        5
  MONTH TO DATE    5                        16    -11       13
  SINCE MAR 1     55                        63     -8       41
  SINCE JAN 1     55                        63     -8       41
..................................................................


WIND (MPH)
  HIGHEST WIND SPEED    12   HIGHEST WIND DIRECTION     W (260)
  HIGHEST GUST SPEED    16   HIGHEST GUST DIRECTION    NW (320)
  AVERAGE WIND SPEED     5.1


SKY COVER
  POSSIBLE SUNSHINE  MM
  AVERAGE SKY COVER 0.0


WEATHER CONDITIONS
 THE FOLLOWING WEATHER WAS RECORDED TODAY.
  NO SIGNIFICANT WEATHER WAS OBSERVED.


RELATIVE HUMIDITY (PERCENT)
 HIGHEST    86           100 AM
 LOWEST     31           300 PM
 AVERAGE    59

..........................................................


THE JONESBORO CLIMATE NORMALS FOR TOMORROW
                         NORMAL    RECORD    YEAR
 MAXIMUM TEMPERATURE (F)   77        93      1952
 MINIMUM TEMPERATURE (F)   56        36      1944


SUNRISE AND SUNSET
MAY  6 2016...........SUNRISE   605 AM CDT   SUNSET   754 PM CDT
MAY  7 2016...........SUNRISE   604 AM CDT   SUNSET   755 PM CDT


-  INDICATES NEGATIVE NUMBERS.
R  INDICATES RECORD WAS SET OR TIED.
MM INDICATES DATA IS MISSING.
T  INDICATES TRACE AMOUNT.




$$
