000
CDUS45 KGGW 010742
CLIJDN


CLIMATE REPORT
NATIONAL WEATHER SERVICE GLASGOW MT
142 AM MDT WED OCT 1 2014


...................................

...THE JORDAN  ASOS MT CLIMATE SUMMARY FOR SEPTEMBER 30 2014...

CLIMATE NORMAL PERIOD 1981 TO 2010
CLIMATE RECORD PERIOD 9999 TO 9999


WEATHER ITEM   OBSERVED TIME   RECORD YEAR NORMAL DEPARTURE LAST
                VALUE   (LST)  VALUE       VALUE  FROM      YEAR
                                                  NORMAL
..................................................................
TEMPERATURE (F)
 YESTERDAY
  MAXIMUM         67    100 PM  MM      MM  66      1       70
  MINIMUM         49   1200 AM  MM      MM  36     13       34
  AVERAGE         58                        51      7       52

PRECIPITATION (IN)
  YESTERDAY        0.02         MM      MM   0.03  -0.01     0.09
  MONTH TO DATE    0.64                      1.21  -0.57     1.16
  SINCE OCT 1     14.94                     12.67   2.27    17.72
  SINCE JAN 1     12.53                     11.13   1.40    15.46

SNOWFALL (IN)
  YESTERDAY       MM            MM      MM  MM     MM       MM
  MONTH TO DATE    0.0                      MM     MM        0.0
  SINCE SEP 1      0.0                      MM     MM        0.0
  SINCE JUL 1      0.0                      MM     MM        0.0
  SNOW DEPTH       0

DEGREE DAYS
 HEATING
  YESTERDAY        7                        14     -7       13
  MONTH TO DATE  242                       262    -20      148
  SINCE SEP 1    242                       261    -19      148
  SINCE JUL 1    291                       326    -35      161

 COOLING
  YESTERDAY        0                         0      0        0
  MONTH TO DATE    9                        27    -18       77
  SINCE SEP 1      9                        27    -18       77
  SINCE JAN 1    460                       420     40      520
..................................................................


WIND (MPH)
  HIGHEST WIND SPEED    24   HIGHEST WIND DIRECTION    NW (300)
  HIGHEST GUST SPEED    31   HIGHEST GUST DIRECTION    NW (300)
  AVERAGE WIND SPEED     9.2


SKY COVER
  POSSIBLE SUNSHINE  MM
  AVERAGE SKY COVER 0.0


WEATHER CONDITIONS
 THE FOLLOWING WEATHER WAS RECORDED YESTERDAY.
  NO SIGNIFICANT WEATHER WAS OBSERVED.


RELATIVE HUMIDITY (PERCENT)
 HIGHEST   100           700 AM
 LOWEST     52           100 PM
 AVERAGE    76

..........................................................


THE JORDAN  ASOS MT CLIMATE NORMALS FOR TODAY
                         NORMAL    RECORD    YEAR
 MAXIMUM TEMPERATURE (F)   66        MM        MM
 MINIMUM TEMPERATURE (F)   35        MM        MM


SUNRISE AND SUNSET
OCTOBER  1 2014.......SUNRISE   706 AM MDT   SUNSET   647 PM MDT
OCTOBER  2 2014.......SUNRISE   708 AM MDT   SUNSET   645 PM MDT


-  INDICATES NEGATIVE NUMBERS.
R  INDICATES RECORD WAS SET OR TIED.
MM INDICATES DATA IS MISSING.
T  INDICATES TRACE AMOUNT.




$$
