000
CDUS45 KGGW 030740
CLIJDN


CLIMATE REPORT
NATIONAL WEATHER SERVICE GLASGOW MT
140 AM MDT MON AUG 3 2015


...................................

...THE JORDAN  ASOS MT CLIMATE SUMMARY FOR AUGUST 2 2015...

CLIMATE NORMAL PERIOD 1981 TO 2010
CLIMATE RECORD PERIOD 9999 TO 9999


WEATHER ITEM   OBSERVED TIME   RECORD YEAR NORMAL DEPARTURE LAST
                VALUE   (LST)  VALUE       VALUE  FROM      YEAR
                                                  NORMAL
..................................................................
TEMPERATURE (F)
 YESTERDAY
  MAXIMUM         85    440 PM  MM      MM  88     -3       90
  MINIMUM         56    414 AM  MM      MM  56      0       57
  AVERAGE         71                        72     -1       74

PRECIPITATION (IN)
  YESTERDAY        0.00         MM      MM   0.05  -0.05     0.16
  MONTH TO DATE    0.00                      0.09  -0.09     0.16
  SINCE OCT 1     10.15                     10.36  -0.21     7.93
  SINCE JAN 1      8.96                      8.82   0.14     5.52

SNOWFALL (IN)
  YESTERDAY        0.0          MM      MM  MM     MM        0.0
  MONTH TO DATE    0.0                      MM     MM        0.0
  SINCE JUN 1      0.0                      MM     MM        0.0
  SINCE JUL 1      0.0                      MM     MM        0.0
  SNOW DEPTH       0

DEGREE DAYS
 HEATING
  YESTERDAY        0                         0      0        0
  MONTH TO DATE    0                         0      0        0
  SINCE JUN 1     46                       150   -104      135
  SINCE JUL 1      2                        25    -23        5

 COOLING
  YESTERDAY        6                         7     -1        9
  MONTH TO DATE   16                        14      2       20
  SINCE JUN 1    320                       239     81      268
  SINCE JAN 1    320                       245     75      293
..................................................................


WIND (MPH)
  HIGHEST WIND SPEED    15   HIGHEST WIND DIRECTION    NE (60)
  HIGHEST GUST SPEED    19   HIGHEST GUST DIRECTION    NE (60)
  AVERAGE WIND SPEED     7.0


SKY COVER
  POSSIBLE SUNSHINE  MM
  AVERAGE SKY COVER 0.0


WEATHER CONDITIONS
 THE FOLLOWING WEATHER WAS RECORDED YESTERDAY.
  NO SIGNIFICANT WEATHER WAS OBSERVED.


RELATIVE HUMIDITY (PERCENT)
 HIGHEST    80           300 AM
 LOWEST     26           200 PM
 AVERAGE    53

..........................................................


THE JORDAN  ASOS MT CLIMATE NORMALS FOR TODAY
                         NORMAL    RECORD    YEAR
 MAXIMUM TEMPERATURE (F)   88        MM        MM
 MINIMUM TEMPERATURE (F)   56        MM        MM


SUNRISE AND SUNSET
AUGUST  3 2015........SUNRISE   548 AM MDT   SUNSET   838 PM MDT
AUGUST  4 2015........SUNRISE   549 AM MDT   SUNSET   837 PM MDT


-  INDICATES NEGATIVE NUMBERS.
R  INDICATES RECORD WAS SET OR TIED.
MM INDICATES DATA IS MISSING.
T  INDICATES TRACE AMOUNT.




$$
