000
CDUS45 KGGW 280018
CLIJDN


CLIMATE REPORT
NATIONAL WEATHER SERVICE GLASGOW MT
618 PM MDT SUN JUL 27 2014


...................................

...THE JORDAN  ASOS MT CLIMATE SUMMARY FOR JULY 27 2014...
VALID TODAY AS OF 0500 PM LOCAL TIME.

CLIMATE NORMAL PERIOD 1981 TO 2010
CLIMATE RECORD PERIOD 9999 TO 9999


WEATHER ITEM   OBSERVED TIME   RECORD YEAR NORMAL DEPARTURE LAST
                VALUE   (LST)  VALUE       VALUE  FROM      YEAR
                                                  NORMAL
..................................................................
TEMPERATURE (F)
 TODAY
  MAXIMUM         87        MM  MM      MM  87      0       86
  MINIMUM         46        MM  MM      MM  56    -10       53
  AVERAGE         67                        72     -5       70

PRECIPITATION (IN)
  TODAY            0.00         MM      MM   0.04  -0.04     0.00
  MONTH TO DATE    0.39                      1.70  -1.31     1.77
  SINCE OCT 1      7.76                     10.10  -2.34    15.05
  SINCE JAN 1      5.35                      8.56  -3.21    12.79

SNOWFALL (IN)
  TODAY            0.0          MM      MM  MM     MM        0.0
  MONTH TO DATE    0.0                      MM     MM        0.0
  SINCE JUN 1      0.0                      MM     MM        0.0
  SINCE JUL 1      0.0                      MM     MM        0.0
  SNOW DEPTH       0

DEGREE DAYS
 HEATING
  TODAY            0                         0      0        0
  MONTH TO DATE    5                        27    -22        6
  SINCE JUN 1    135                       152    -17      101
  SINCE JUL 1      5                        27    -22        6

 COOLING
  TODAY            2                         7     -5        5
  MONTH TO DATE  182                       150     32      184
  SINCE JUN 1    207                       198      9      232
  SINCE JAN 1    232                       204     28      244
..................................................................


WIND (MPH)
  HIGHEST WIND SPEED    12   HIGHEST WIND DIRECTION     N (350)
  HIGHEST GUST SPEED    22   HIGHEST GUST DIRECTION     E (99)
  AVERAGE WIND SPEED     4.4


SKY COVER
  POSSIBLE SUNSHINE  MM
  AVERAGE SKY COVER 0.0


WEATHER CONDITIONS
 THE FOLLOWING WEATHER WAS RECORDED TODAY.
  NO SIGNIFICANT WEATHER WAS OBSERVED.


RELATIVE HUMIDITY (PERCENT)
 HIGHEST    86           400 AM
 LOWEST     19           400 PM
 AVERAGE    53

..........................................................


THE JORDAN  ASOS MT CLIMATE NORMALS FOR TOMORROW
                         NORMAL    RECORD    YEAR
 MAXIMUM TEMPERATURE (F)   87        MM        MM
 MINIMUM TEMPERATURE (F)   56        MM        MM


SUNRISE AND SUNSET
JULY 27 2014..........SUNRISE   540 AM MDT   SUNSET   847 PM MDT
JULY 28 2014..........SUNRISE   541 AM MDT   SUNSET   846 PM MDT


-  INDICATES NEGATIVE NUMBERS.
R  INDICATES RECORD WAS SET OR TIED.
MM INDICATES DATA IS MISSING.
T  INDICATES TRACE AMOUNT.




$$
