000
CDUS45 KBOI 090931
CLIJER


CLIMATE REPORT
NATIONAL WEATHER SERVICE BOISE ID
231 AM MST TUE FEB 9 2016


...................................

...THE JEROME ID CLIMATE SUMMARY FOR FEBRUARY 8 2016...

CLIMATE NORMAL PERIOD 1981 TO 2010
CLIMATE RECORD PERIOD 1919 TO 2016


WEATHER ITEM   OBSERVED TIME   RECORD YEAR NORMAL DEPARTURE LAST
                VALUE   (LST)  VALUE       VALUE  FROM      YEAR
                                                  NORMAL
..................................................................
TEMPERATURE (F)
 YESTERDAY
  MAXIMUM         32    356 PM  62    2015  37     -5       62
  MINIMUM         22   1143 PM -10    1989  21      1       36
  AVERAGE         27                        29     -2       49

PRECIPITATION (IN)
  YESTERDAY        0.00          0.64 1960   0.03  -0.03      T
  MONTH TO DATE    0.01                      0.23  -0.22     0.30
  SINCE OCT 1      5.81                      4.81   1.00     4.39
  SINCE JAN 1      1.22                      1.29  -0.07     1.49

DEGREE DAYS
 HEATING
  YESTERDAY       38                        36      2       16
  MONTH TO DATE  325                       294     31      159
  SINCE DEC 1   2662                      2668     -6     2197
  SINCE JUL 1   3995                      4219   -224     3533

 COOLING
  YESTERDAY        0                         0      0        0
  MONTH TO DATE    0                         0      0        0
  SINCE DEC 1      0                         0      0        0
  SINCE JAN 1      0                         0      0        0
..................................................................


WIND (MPH)
  HIGHEST WIND SPEED    21   HIGHEST WIND DIRECTION     E (70)
  HIGHEST GUST SPEED    27   HIGHEST GUST DIRECTION    NE (60)
  AVERAGE WIND SPEED    13.8


SKY COVER
  AVERAGE SKY COVER 0.5


WEATHER CONDITIONS
 THE FOLLOWING WEATHER WAS RECORDED YESTERDAY.
  FOG
  FOG W/VISIBILITY <= 1/4 MILE


RELATIVE HUMIDITY (PERCENT)
 HIGHEST   100           600 AM
 LOWEST     78           400 PM
 AVERAGE    89

..........................................................


THE JEROME ID CLIMATE NORMALS FOR TODAY
                         NORMAL    RECORD    YEAR
 MAXIMUM TEMPERATURE (F)   37        61      1963
 MINIMUM TEMPERATURE (F)   21        -4      1989


SUNRISE AND SUNSET
FEBRUARY  9 2016......SUNRISE   743 AM MST   SUNSET   601 PM MST
FEBRUARY 10 2016......SUNRISE   742 AM MST   SUNSET   602 PM MST


-  INDICATES NEGATIVE NUMBERS.
R  INDICATES RECORD WAS SET OR TIED.
MM INDICATES DATA IS MISSING.
T  INDICATES TRACE AMOUNT.




$$
