000
CDUS45 KBOI 100933
CLIJER


CLIMATE REPORT
NATIONAL WEATHER SERVICE BOISE ID
232 AM MST SAT DEC 10 2016


...................................

...THE JEROME ID CLIMATE SUMMARY FOR DECEMBER 9 2016...

CLIMATE NORMAL PERIOD 1981 TO 2010
CLIMATE RECORD PERIOD 1915 TO 2016


WEATHER ITEM   OBSERVED TIME   RECORD YEAR NORMAL DEPARTURE LAST
                VALUE   (LST)  VALUE       VALUE  FROM      YEAR
                                                  NORMAL
..................................................................
TEMPERATURE (F)
 YESTERDAY
  MAXIMUM         39   1046 PM  56    1976  35      4       51
  MINIMUM         21    312 AM -13    1972  20      1       34
  AVERAGE         30                        28      2       43

PRECIPITATION (IN)
  YESTERDAY        0.17          0.63 1992   0.05   0.12     0.02
  MONTH TO DATE    0.37                      0.45  -0.08     0.48
  SINCE OCT 1      3.25                      2.48   0.77     3.73
  SINCE JAN 1     10.26                      9.77   0.49    11.03

DEGREE DAYS
 HEATING
  YESTERDAY       35                        37     -2       22
  MONTH TO DATE  355                       326     29      300
  SINCE DEC 1    355                       326     29      300
  SINCE JUL 1   1581                      1877   -296     1633

 COOLING
  YESTERDAY        0                         0      0        0
  MONTH TO DATE    0                         0      0        0
  SINCE DEC 1      0                         0      0        0
  SINCE JAN 1    612                       510    102      713
..................................................................


WIND (MPH)
  HIGHEST WIND SPEED    21   HIGHEST WIND DIRECTION    NE (40)
  HIGHEST GUST SPEED    24   HIGHEST GUST DIRECTION    NE (30)
  AVERAGE WIND SPEED    11.0


SKY COVER
  AVERAGE SKY COVER 1.0


WEATHER CONDITIONS
 THE FOLLOWING WEATHER WAS RECORDED YESTERDAY.
  LIGHT RAIN
  LT FREEZING RAIN
  FOG


RELATIVE HUMIDITY (PERCENT)
 HIGHEST   100           100 PM
 LOWEST     81           600 AM
 AVERAGE    91

..........................................................


THE JEROME ID CLIMATE NORMALS FOR TODAY
                         NORMAL    RECORD    YEAR
 MAXIMUM TEMPERATURE (F)   35        54      1950
 MINIMUM TEMPERATURE (F)   20       -15      1972


SUNRISE AND SUNSET
DECEMBER 10 2016......SUNRISE   758 AM MST   SUNSET   504 PM MST
DECEMBER 11 2016......SUNRISE   759 AM MST   SUNSET   504 PM MST


-  INDICATES NEGATIVE NUMBERS.
R  INDICATES RECORD WAS SET OR TIED.
MM INDICATES DATA IS MISSING.
T  INDICATES TRACE AMOUNT.




$$
