000
CDUS45 KBOI 190932
CLIJER


CLIMATE REPORT
NATIONAL WEATHER SERVICE BOISE ID
332 AM MDT FRI SEP 19 2014


...................................

...THE JEROME ID CLIMATE SUMMARY FOR SEPTEMBER 18 2014...

CLIMATE NORMAL PERIOD 1981 TO 2010
CLIMATE RECORD PERIOD 1919 TO 2014


WEATHER ITEM   OBSERVED TIME   RECORD YEAR NORMAL DEPARTURE LAST
                VALUE   (LST)  VALUE       VALUE  FROM      YEAR
                                                  NORMAL
..................................................................
TEMPERATURE (F)
 YESTERDAY
  MAXIMUM         80    516 PM  95    1981  74      6       62
  MINIMUM         58   1048 PM  26    1965  46     12       42
  AVERAGE         69                        60      9       52

PRECIPITATION (IN)
  YESTERDAY        T             0.19 1978   0.01  -0.01      T
  MONTH TO DATE    T                         0.18  -0.18     0.23
  SINCE OCT 1      9.17                     10.56  -1.39     6.05
  SINCE JAN 1      8.57                      7.04   1.53     2.75

DEGREE DAYS
 HEATING
  YESTERDAY        0                         6     -6       13
  MONTH TO DATE   57                        72    -15       15
  SINCE SEP 1     57                        72    -15       15
  SINCE JUL 1     84                       105    -21       15

 COOLING
  YESTERDAY        4                         1      3        0
  MONTH TO DATE   35                        38     -3       86
  SINCE SEP 1     35                        38     -3       86
  SINCE JAN 1    627                       503    124      904
..................................................................


WIND (MPH)
  HIGHEST WIND SPEED    13   HIGHEST WIND DIRECTION    SW (240)
  HIGHEST GUST SPEED    17   HIGHEST GUST DIRECTION    SW (240)
  AVERAGE WIND SPEED     5.9


SKY COVER
  AVERAGE SKY COVER 0.1


WEATHER CONDITIONS
 THE FOLLOWING WEATHER WAS RECORDED YESTERDAY.
  THUNDERSTORM
  LIGHT RAIN


RELATIVE HUMIDITY (PERCENT)
 HIGHEST    60           500 AM
 LOWEST     28           300 PM
 AVERAGE    44

..........................................................


THE JEROME ID CLIMATE NORMALS FOR TODAY
                         NORMAL    RECORD    YEAR
 MAXIMUM TEMPERATURE (F)   74        95      1962
 MINIMUM TEMPERATURE (F)   45        24      1965


SUNRISE AND SUNSET
SEPTEMBER 19 2014.....SUNRISE   722 AM MDT   SUNSET   740 PM MDT
SEPTEMBER 20 2014.....SUNRISE   723 AM MDT   SUNSET   739 PM MDT


-  INDICATES NEGATIVE NUMBERS.
R  INDICATES RECORD WAS SET OR TIED.
MM INDICATES DATA IS MISSING.
T  INDICATES TRACE AMOUNT.




$$
