000
CDUS45 KBOI 010935
CLIJER


CLIMATE REPORT
NATIONAL WEATHER SERVICE BOISE ID
332 AM MDT SAT AUG 1 2015


...................................

...THE JEROME ID CLIMATE SUMMARY FOR JULY 31 2015...

CLIMATE NORMAL PERIOD 1981 TO 2010
CLIMATE RECORD PERIOD 1919 TO 2015


WEATHER ITEM   OBSERVED TIME   RECORD YEAR NORMAL DEPARTURE LAST
                VALUE   (LST)  VALUE       VALUE  FROM      YEAR
                                                  NORMAL
..................................................................
TEMPERATURE (F)
 YESTERDAY
  MAXIMUM         93    324 PM 104    2003  88      5       91
  MINIMUM         52    443 AM  44    1995  57     -5       60
  AVERAGE         73                        73      0       76

PRECIPITATION (IN)
  YESTERDAY        0.00          0.52 1985   0.01  -0.01     0.00
  MONTH TO DATE    0.46                      0.23   0.23     0.02
  SINCE OCT 1      8.67                     10.12  -1.45     5.65
  SINCE JAN 1      5.77                      6.60  -0.83     5.05

DEGREE DAYS
 HEATING
  YESTERDAY        0                         0      0        0
  MONTH TO DATE   12                        10      2        0
  SINCE JUN 1     27                       119    -92       74
  SINCE JUL 1     12                        12      0        0

 COOLING
  YESTERDAY        8                         8      0       11
  MONTH TO DATE  201                       202     -1      372
  SINCE JUN 1    415                       270    145      417
  SINCE JAN 1    425                       283    142      427
..................................................................


WIND (MPH)
  HIGHEST WIND SPEED    13   HIGHEST WIND DIRECTION    NE (40)
  HIGHEST GUST SPEED    15   HIGHEST GUST DIRECTION    NE (40)
  AVERAGE WIND SPEED     6.0


SKY COVER
  AVERAGE SKY COVER 0.0


WEATHER CONDITIONS
 THE FOLLOWING WEATHER WAS RECORDED YESTERDAY.
  HAZE


RELATIVE HUMIDITY (PERCENT)
 HIGHEST    54           400 AM
 LOWEST      8          1200 PM
 AVERAGE    31

..........................................................


THE JEROME ID CLIMATE NORMALS FOR TODAY
                         NORMAL    RECORD    YEAR
 MAXIMUM TEMPERATURE (F)   88       104      2000
 MINIMUM TEMPERATURE (F)   57        44      1995


SUNRISE AND SUNSET
AUGUST  1 2015........SUNRISE   629 AM MDT   SUNSET   858 PM MDT
AUGUST  2 2015........SUNRISE   630 AM MDT   SUNSET   857 PM MDT


-  INDICATES NEGATIVE NUMBERS.
R  INDICATES RECORD WAS SET OR TIED.
MM INDICATES DATA IS MISSING.
T  INDICATES TRACE AMOUNT.




$$
