953
CDUS45 KBOI 290931
CLIJER


CLIMATE REPORT
NATIONAL WEATHER SERVICE BOISE ID
331 AM MDT SUN MAY 29 2016


...................................

...THE JEROME ID CLIMATE SUMMARY FOR MAY 28 2016...

CLIMATE NORMAL PERIOD 1981 TO 2010
CLIMATE RECORD PERIOD 1915 TO 2016


WEATHER ITEM   OBSERVED TIME   RECORD YEAR NORMAL DEPARTURE LAST
                VALUE   (LST)  VALUE       VALUE  FROM      YEAR
                                                  NORMAL
..................................................................
TEMPERATURE (F)
 YESTERDAY
  MAXIMUM         67    522 PM  95    1919  71     -4       72
  MINIMUM         40    541 AM  28    1954  46     -6       46
  AVERAGE         54                        58     -4       59

PRECIPITATION (IN)
  YESTERDAY        0.00          0.70 1918   0.02  -0.02     0.00
  MONTH TO DATE    1.29                      1.16   0.13     3.17
  SINCE OCT 1      9.84                      9.04   0.80     8.08
  SINCE JAN 1      5.25                      5.52  -0.27     5.18

DEGREE DAYS
 HEATING
  YESTERDAY       11                         7      4        6
  MONTH TO DATE  252                       303    -51      225
  SINCE MAR 1   1313                      1619   -306     1287
  SINCE JUL 1   5852                      6506   -654     5329

 COOLING
  YESTERDAY        0                         1     -1        0
  MONTH TO DATE    3                         7     -4        0
  SINCE MAR 1      4                         7     -3        0
  SINCE JAN 1      4                         7     -3        0
..................................................................


WIND (MPH)
  HIGHEST WIND SPEED    18   HIGHEST WIND DIRECTION     W (260)
  HIGHEST GUST SPEED    23   HIGHEST GUST DIRECTION     W (260)
  AVERAGE WIND SPEED     8.9


SKY COVER
  AVERAGE SKY COVER 0.0


WEATHER CONDITIONS
 THE FOLLOWING WEATHER WAS RECORDED YESTERDAY.
  NO SIGNIFICANT WEATHER WAS OBSERVED.


RELATIVE HUMIDITY (PERCENT)
 HIGHEST    65           500 AM
 LOWEST     20           600 PM
 AVERAGE    43

..........................................................


THE JEROME ID CLIMATE NORMALS FOR TODAY
                         NORMAL    RECORD    YEAR
 MAXIMUM TEMPERATURE (F)   72       103      2003
 MINIMUM TEMPERATURE (F)   46        33      1979


SUNRISE AND SUNSET
MAY 29 2016...........SUNRISE   604 AM MDT   SUNSET   907 PM MDT
MAY 30 2016...........SUNRISE   603 AM MDT   SUNSET   908 PM MDT


-  INDICATES NEGATIVE NUMBERS.
R  INDICATES RECORD WAS SET OR TIED.
MM INDICATES DATA IS MISSING.
T  INDICATES TRACE AMOUNT.




$$
