000
CDUS45 KBOI 270931
CLIJER


CLIMATE REPORT
NATIONAL WEATHER SERVICE BOISE ID
331 AM MDT WED MAY 27 2015


...................................

...THE JEROME ID CLIMATE SUMMARY FOR MAY 26 2015...

CLIMATE NORMAL PERIOD 1981 TO 2010
CLIMATE RECORD PERIOD 1919 TO 2015


WEATHER ITEM   OBSERVED TIME   RECORD YEAR NORMAL DEPARTURE LAST
                VALUE   (LST)  VALUE       VALUE  FROM      YEAR
                                                  NORMAL
..................................................................
TEMPERATURE (F)
 YESTERDAY
  MAXIMUM         72    314 PM  93    2001  71      1       83
  MINIMUM         51    535 AM  29    1975  45      6       48
  AVERAGE         62                        58      4       66

PRECIPITATION (IN)
  YESTERDAY        0.00          0.82 2012   0.03  -0.03     0.00
  MONTH TO DATE    3.11                      1.11   2.00     0.34
  SINCE OCT 1      8.02                      8.99  -0.97     5.28
  SINCE JAN 1      5.12                      5.47  -0.35     4.68

DEGREE DAYS
 HEATING
  YESTERDAY        3                         8     -5        0
  MONTH TO DATE  214                       288    -74      210
  SINCE MAR 1   1276                      1604   -328     1429
  SINCE JUL 1   5318                      6491  -1173     6097

 COOLING
  YESTERDAY        0                         1     -1        1
  MONTH TO DATE    0                         5     -5        6
  SINCE MAR 1      0                         5     -5        6
  SINCE JAN 1      0                         5     -5        6
..................................................................


WIND (MPH)
  HIGHEST WIND SPEED    26   HIGHEST WIND DIRECTION    SW (230)
  HIGHEST GUST SPEED    36   HIGHEST GUST DIRECTION    SW (220)
  AVERAGE WIND SPEED     6.5


SKY COVER
  AVERAGE SKY COVER 0.3


WEATHER CONDITIONS
 THE FOLLOWING WEATHER WAS RECORDED YESTERDAY.
  NO SIGNIFICANT WEATHER WAS OBSERVED.


RELATIVE HUMIDITY (PERCENT)
 HIGHEST    77           100 AM
 LOWEST     28           300 PM
 AVERAGE    53

..........................................................


THE JEROME ID CLIMATE NORMALS FOR TODAY
                         NORMAL    RECORD    YEAR
 MAXIMUM TEMPERATURE (F)   71        95      1958
 MINIMUM TEMPERATURE (F)   45        29      1920


SUNRISE AND SUNSET
MAY 27 2015...........SUNRISE   605 AM MDT   SUNSET   905 PM MDT
MAY 28 2015...........SUNRISE   605 AM MDT   SUNSET   906 PM MDT


-  INDICATES NEGATIVE NUMBERS.
R  INDICATES RECORD WAS SET OR TIED.
MM INDICATES DATA IS MISSING.
T  INDICATES TRACE AMOUNT.




$$
