000
CDUS45 KBOI 170935
CLIJER


CLIMATE REPORT
NATIONAL WEATHER SERVICE BOISE ID
335 AM MDT TUE OCT 17 2017


...................................

...THE JEROME ID CLIMATE SUMMARY FOR OCTOBER 16 2017...

CLIMATE NORMAL PERIOD 1981 TO 2010
CLIMATE RECORD PERIOD 1915 TO 2017


WEATHER ITEM   OBSERVED TIME   RECORD YEAR NORMAL DEPARTURE LAST
                VALUE   (LST)  VALUE       VALUE  FROM      YEAR
                                                  NORMAL
..................................................................
TEMPERATURE (F)
 YESTERDAY
  MAXIMUM         64    410 PM  84    1991  61      3       55
  MINIMUM         31    731 AM  20    1989  37     -6       41
  AVERAGE         48                        49     -1       48

PRECIPITATION (IN)
  YESTERDAY        0.00          0.62 2016   0.03  -0.03     0.62
  MONTH TO DATE    0.39                      0.37   0.02     1.08
  SINCE OCT 1      0.39                      0.37   0.02     1.08
  SINCE JAN 1      7.92                      7.66   0.26     8.09

DEGREE DAYS
 HEATING
  YESTERDAY       17                        16      1       17
  MONTH TO DATE  309                       212     97      195
  SINCE SEP 1    519                       382    137      370
  SINCE JUL 1    520                       415    105      392

 COOLING
  YESTERDAY        0                         0      0        0
  MONTH TO DATE    0                         0      0        0
  SINCE SEP 1    121                        44     77       30
  SINCE JAN 1    929                       509    420      612
..................................................................


WIND (MPH)
  HIGHEST WIND SPEED    17   HIGHEST WIND DIRECTION    NE (40)
  HIGHEST GUST SPEED    23   HIGHEST GUST DIRECTION    NE (30)
  AVERAGE WIND SPEED     5.6


SKY COVER
  AVERAGE SKY COVER 0.0


WEATHER CONDITIONS
 THE FOLLOWING WEATHER WAS RECORDED YESTERDAY.
  NO SIGNIFICANT WEATHER WAS OBSERVED.


RELATIVE HUMIDITY (PERCENT)
 HIGHEST    69           500 AM
 LOWEST     18           300 PM
 AVERAGE    44

..........................................................


THE JEROME ID CLIMATE NORMALS FOR TODAY
                         NORMAL    RECORD    YEAR
 MAXIMUM TEMPERATURE (F)   60        86      1958
 MINIMUM TEMPERATURE (F)   37        20      1996


SUNRISE AND SUNSET
OCTOBER 17 2017.......SUNRISE   754 AM MDT   SUNSET   652 PM MDT
OCTOBER 18 2017.......SUNRISE   755 AM MDT   SUNSET   650 PM MDT


-  INDICATES NEGATIVE NUMBERS.
R  INDICATES RECORD WAS SET OR TIED.
MM INDICATES DATA IS MISSING.
T  INDICATES TRACE AMOUNT.




$$
