000
CDUS45 KBOI 200930
CLIJER


CLIMATE REPORT
NATIONAL WEATHER SERVICE BOISE ID
330 AM MDT SUN AUG 20 2017


...................................

...THE JEROME ID CLIMATE SUMMARY FOR AUGUST 19 2017...

CLIMATE NORMAL PERIOD 1981 TO 2010
CLIMATE RECORD PERIOD 1915 TO 2017


WEATHER ITEM   OBSERVED TIME   RECORD YEAR NORMAL DEPARTURE LAST
                VALUE   (LST)  VALUE       VALUE  FROM      YEAR
                                                  NORMAL
..................................................................
TEMPERATURE (F)
 YESTERDAY
  MAXIMUM         88    433 PM 102    1999  86      2       84
  MINIMUM         58    457 AM  33    1916  54      4       52
  AVERAGE         73                        70      3       68

PRECIPITATION (IN)
  YESTERDAY        0.00          0.45 1968   0.01  -0.01     0.00
  MONTH TO DATE    0.02                      0.15  -0.13      T
  SINCE OCT 1     11.32                     10.27   1.05     9.99
  SINCE JAN 1      6.80                      6.75   0.05     5.40

DEGREE DAYS
 HEATING
  YESTERDAY        0                         1     -1        0
  MONTH TO DATE    1                         1      0        3
  SINCE JUN 1     65                       120    -55       60
  SINCE JUL 1      1                        13    -12       18

 COOLING
  YESTERDAY        8                         5      3        3
  MONTH TO DATE  170                       129     41      127
  SINCE JUN 1    683                       399    284      519
  SINCE JAN 1    699                       412    287      523
..................................................................


WIND (MPH)
  HIGHEST WIND SPEED    13   HIGHEST WIND DIRECTION    SW (220)
  HIGHEST GUST SPEED    23   HIGHEST GUST DIRECTION    SW (220)
  AVERAGE WIND SPEED     7.8


SKY COVER
  AVERAGE SKY COVER 0.0


WEATHER CONDITIONS
 THE FOLLOWING WEATHER WAS RECORDED YESTERDAY.
  NO SIGNIFICANT WEATHER WAS OBSERVED.


RELATIVE HUMIDITY (PERCENT)
 HIGHEST    39           700 AM
 LOWEST     16           300 PM
 AVERAGE    28

..........................................................


THE JEROME ID CLIMATE NORMALS FOR TODAY
                         NORMAL    RECORD    YEAR
 MAXIMUM TEMPERATURE (F)   86       100      2003
 MINIMUM TEMPERATURE (F)   54        38      1964


SUNRISE AND SUNSET
AUGUST 20 2017........SUNRISE   650 AM MDT   SUNSET   831 PM MDT
AUGUST 21 2017........SUNRISE   651 AM MDT   SUNSET   830 PM MDT


-  INDICATES NEGATIVE NUMBERS.
R  INDICATES RECORD WAS SET OR TIED.
MM INDICATES DATA IS MISSING.
T  INDICATES TRACE AMOUNT.




$$
