000
CDUS41 KOKX 260616
CLIJFK


CLIMATE REPORT
NATIONAL WEATHER SERVICE NEW YORK NY
216 AM EDT FRI MAY 26 2017


...................................

...THE KENNEDY NY CLIMATE SUMMARY FOR MAY 25 2017...

CLIMATE NORMAL PERIOD 1981 TO 2010
CLIMATE RECORD PERIOD 1948 TO 2017


WEATHER ITEM   OBSERVED TIME   RECORD YEAR NORMAL DEPARTURE LAST
                VALUE   (LST)  VALUE       VALUE  FROM      YEAR
                                                  NORMAL
..................................................................
TEMPERATURE (F)
 YESTERDAY
  MAXIMUM         61    900 PM  91    1991  71    -10       87
  MINIMUM         56    811 AM  41    1967  56      0       57
  AVERAGE         59                        63     -4       72

PRECIPITATION (IN)
  YESTERDAY        1.14R         0.95 1997   0.14   1.00     0.00
  MONTH TO DATE    5.32                      3.08   2.24     2.65
  SINCE MAR 1     15.17                     10.73   4.44     5.28
  SINCE JAN 1     21.39                     16.48   4.91    13.92

SNOWFALL (IN)
  YESTERDAY        0.0          MM      MM   0.0    0.0      0.0
  MONTH TO DATE    0.0                       0.0    0.0      0.0
  SINCE OCT 1     30.9                      23.8    7.1     41.4
  SINCE JUL 1     30.9                      23.8    7.1     41.4
  SNOW DEPTH       0

DEGREE DAYS
 HEATING
  YESTERDAY        6                         3      3        0
  MONTH TO DATE  156                       151      5      192
  SINCE MAR 1   1244                      1291    -47     1136
  SINCE JUL 1   4162                      4802   -640     3890

 COOLING
  YESTERDAY        0                         2     -2        7
  MONTH TO DATE   33                        18     15       11
  SINCE MAR 1     45                        21     24       11
  SINCE JAN 1     45                        21     24       11
..................................................................


WIND (MPH)
  HIGHEST WIND SPEED    24   HIGHEST WIND DIRECTION     E (80)
  HIGHEST GUST SPEED    34   HIGHEST GUST DIRECTION     E (80)
  AVERAGE WIND SPEED    13.3


SKY COVER
  POSSIBLE SUNSHINE  MM
  AVERAGE SKY COVER 1.0


WEATHER CONDITIONS
 THE FOLLOWING WEATHER WAS RECORDED YESTERDAY.
  THUNDERSTORM
  HEAVY RAIN
  RAIN
  LIGHT RAIN
  FOG


RELATIVE HUMIDITY (PERCENT)
 HIGHEST   100           300 AM
 LOWEST     86          1200 AM
 AVERAGE    93

..........................................................


THE KENNEDY NY CLIMATE NORMALS FOR TODAY
                         NORMAL    RECORD    YEAR
 MAXIMUM TEMPERATURE (F)   72        91      2010
                                             1965
 MINIMUM TEMPERATURE (F)   56        42      1967


SUNRISE AND SUNSET
MAY 26 2017...........SUNRISE   529 AM EDT   SUNSET   815 PM EDT
MAY 27 2017...........SUNRISE   529 AM EDT   SUNSET   816 PM EDT


-  INDICATES NEGATIVE NUMBERS.
R  INDICATES RECORD WAS SET OR TIED.
MM INDICATES DATA IS MISSING.
T  INDICATES TRACE AMOUNT.




$$
