000
CDUS41 KOKX 250622
CLIJFK


CLIMATE REPORT
NATIONAL WEATHER SERVICE NEW YORK NY
221 AM EDT FRI JUL 25 2014


...................................

...THE KENNEDY NY CLIMATE SUMMARY FOR JULY 24 2014...

CLIMATE NORMAL PERIOD 1981 TO 2010
CLIMATE RECORD PERIOD 1949 TO 2014


WEATHER ITEM   OBSERVED TIME   RECORD YEAR NORMAL DEPARTURE LAST
                VALUE   (LST)  VALUE       VALUE  FROM      YEAR
                                                  NORMAL
..................................................................
TEMPERATURE (F)
 YESTERDAY
  MAXIMUM         83    350 PM  97    2010  84     -1       88
  MINIMUM         72   1159 PM  58    1997  69      3       70
                                      1985
  AVERAGE         78                        76      2       79

PRECIPITATION (IN)
  YESTERDAY        0.00          3.27 1997   0.13  -0.13     0.00
  MONTH TO DATE    4.22                      3.11   1.11     2.16
  SINCE JUN 1      6.83                      6.97  -0.14    10.11
  SINCE JAN 1     29.27                     24.31   4.96    23.36

SNOWFALL (IN)
  YESTERDAY        0.0          MM      MM   0.0    0.0      0.0
  MONTH TO DATE    0.0                       0.0    0.0      0.0
  SINCE OCT 1     45.6                      23.8   21.8     17.6
  SINCE JUL 1      0.0                       0.0    0.0      0.0
  SNOW DEPTH       0

DEGREE DAYS
 HEATING
  YESTERDAY        0                         0      0        0
  MONTH TO DATE    0                         0      0        0
  SINCE JUN 1      0                        21    -21       10
  SINCE JUL 1      0                         0      0        0

 COOLING
  YESTERDAY       13                        11      2       14
  MONTH TO DATE  265                       257      8      392
  SINCE JUN 1    473                       440     33      572
  SINCE JAN 1    505                       475     30      598
..................................................................


WIND (MPH)
  HIGHEST WIND SPEED    20   HIGHEST WIND DIRECTION     N (350)
  HIGHEST GUST SPEED    26   HIGHEST GUST DIRECTION     N (360)
  AVERAGE WIND SPEED    10.6


SKY COVER
  POSSIBLE SUNSHINE  MM
  AVERAGE SKY COVER 0.8


WEATHER CONDITIONS
 THE FOLLOWING WEATHER WAS RECORDED YESTERDAY.
  LIGHT RAIN


RELATIVE HUMIDITY (PERCENT)
 HIGHEST    82          1200 AM
 LOWEST     40           400 PM
 AVERAGE    61

..........................................................


THE KENNEDY NY CLIMATE NORMALS FOR TODAY
                         NORMAL    RECORD    YEAR
 MAXIMUM TEMPERATURE (F)   84        93      2010
 MINIMUM TEMPERATURE (F)   69        59      1997
                                             1992


SUNRISE AND SUNSET
JULY 25 2014..........SUNRISE   545 AM EDT   SUNSET   817 PM EDT
JULY 26 2014..........SUNRISE   546 AM EDT   SUNSET   816 PM EDT


-  INDICATES NEGATIVE NUMBERS.
R  INDICATES RECORD WAS SET OR TIED.
MM INDICATES DATA IS MISSING.
T  INDICATES TRACE AMOUNT.




$$
