000
CDUS41 KOKX 260635
CLIJFK


CLIMATE REPORT
NATIONAL WEATHER SERVICE NEW YORK NY
127 AM EST SUN FEB 26 2017


...................................

...THE KENNEDY NY CLIMATE SUMMARY FOR FEBRUARY 25 2017...

CLIMATE NORMAL PERIOD 1981 TO 2010
CLIMATE RECORD PERIOD 1948 TO 2017


WEATHER ITEM   OBSERVED TIME   RECORD YEAR NORMAL DEPARTURE LAST
                VALUE   (LST)  VALUE       VALUE  FROM      YEAR
                                                  NORMAL
..................................................................
TEMPERATURE (F)
 YESTERDAY
  MAXIMUM         63    152 PM  65    1996  44     19       59
  MINIMUM         47   1159 PM  12    1990  30     17       38
                                      1967
  AVERAGE         55                        37     18       49

PRECIPITATION (IN)
  YESTERDAY        0.34          1.59 2010   0.10   0.24     0.04
  MONTH TO DATE    1.58                      2.28  -0.70     3.99
  SINCE DEC 1      9.28                      8.83   0.45    13.37
  SINCE JAN 1      6.22                      5.44   0.78     8.58

SNOWFALL (IN)
  YESTERDAY        0.0           2.9  2010   0.3   -0.3      0.0
  MONTH TO DATE    8.4                       7.6    0.8      8.1
  SINCE OCT 1     23.4                      18.8    4.6     39.5
  SINCE JUL 1     23.4                      18.8    4.6     39.5
  SNOW DEPTH       0

DEGREE DAYS
 HEATING
  YESTERDAY       10                        28    -18       16
  MONTH TO DATE  624                       758   -134      694
  SINCE DEC 1   2218                      2604   -386     2071
  SINCE JUL 1   2858                      3428   -570     2662

 COOLING
  YESTERDAY        0                         0      0        0
  MONTH TO DATE    0                         0      0        0
  SINCE DEC 1      0                         0      0        0
  SINCE JAN 1      0                         0      0        0
..................................................................


WIND (MPH)
  HIGHEST WIND SPEED    28   HIGHEST WIND DIRECTION    NW (320)
  HIGHEST GUST SPEED    37   HIGHEST GUST DIRECTION     W (290)
  AVERAGE WIND SPEED    11.9


SKY COVER
  POSSIBLE SUNSHINE  MM
  AVERAGE SKY COVER 1.0


WEATHER CONDITIONS
 THE FOLLOWING WEATHER WAS RECORDED YESTERDAY.
  THUNDERSTORM
  HEAVY RAIN
  RAIN
  LIGHT RAIN
  FOG
  FOG W/VISIBILITY <= 1/4 MILE
  HAZE


RELATIVE HUMIDITY (PERCENT)
 HIGHEST   100          1200 AM
 LOWEST     71          1100 PM
 AVERAGE    86

..........................................................


THE KENNEDY NY CLIMATE NORMALS FOR TODAY
                         NORMAL    RECORD    YEAR
 MAXIMUM TEMPERATURE (F)   44        60      1996
 MINIMUM TEMPERATURE (F)   30         9      1990


SUNRISE AND SUNSET
FEBRUARY 26 2017......SUNRISE   633 AM EST   SUNSET   543 PM EST
FEBRUARY 27 2017......SUNRISE   632 AM EST   SUNSET   544 PM EST


-  INDICATES NEGATIVE NUMBERS.
R  INDICATES RECORD WAS SET OR TIED.
MM INDICATES DATA IS MISSING.
T  INDICATES TRACE AMOUNT.




$$
