000
CDUS41 KOKX 012048
CLIJFK


CLIMATE REPORT
NATIONAL WEATHER SERVICE NEW YORK NY
448 PM EDT MON JUN 1 2015


...................................

...THE KENNEDY NY CLIMATE SUMMARY FOR JUNE 1 2015...
VALID TODAY AS OF 0400 PM LOCAL TIME.

CLIMATE NORMAL PERIOD 1981 TO 2010
CLIMATE RECORD PERIOD 1949 TO 2015


WEATHER ITEM   OBSERVED TIME   RECORD YEAR NORMAL DEPARTURE LAST
                VALUE   (LST)  VALUE       VALUE  FROM      YEAR
                                                  NORMAL
..................................................................
TEMPERATURE (F)
 TODAY
  MAXIMUM         63   1205 AM  93    1989  74    -11       75
  MINIMUM         58    259 PM  45    1967  58      0       54
  AVERAGE         61                        66     -5       65

PRECIPITATION (IN)
  TODAY            0.60          1.37 2003   0.15   0.45     0.00
  MONTH TO DATE    0.60                      0.15   0.45     0.00
  SINCE JUN 1      0.60                      0.15   0.45     0.00
  SINCE JAN 1     15.21                     17.49  -2.28    22.44

SNOWFALL (IN)
  TODAY            0.0          MM      MM   0.0    0.0      0.0
  MONTH TO DATE    0.0                       0.0    0.0      0.0
  SINCE OCT 1     44.2                      23.8   20.4     45.6
  SINCE JUL 1     44.2                      23.8   20.4     45.6
  SNOW DEPTH       0

DEGREE DAYS
 HEATING
  TODAY            4                         2      2        0
  MONTH TO DATE    4                         2      2        0
  SINCE JUN 1      4                         2      2        0
  SINCE JUL 1   4975                      4820    155     5099

 COOLING
  TODAY            0                         3     -3        0
  MONTH TO DATE    0                         3     -3        0
  SINCE JUN 1      0                         3     -3        0
  SINCE JAN 1     60                        38     22       32
..................................................................


WIND (MPH)
  HIGHEST WIND SPEED    20   HIGHEST WIND DIRECTION     E (90)
  HIGHEST GUST SPEED    24   HIGHEST GUST DIRECTION     E (100)
  AVERAGE WIND SPEED    12.5


SKY COVER
  AVERAGE SKY COVER 1.0


WEATHER CONDITIONS
 THE FOLLOWING WEATHER WAS RECORDED TODAY.
  HEAVY RAIN
  RAIN
  LIGHT RAIN
  FOG
  HAZE


RELATIVE HUMIDITY (PERCENT)
 HIGHEST    90          1200 AM
 LOWEST     80           300 PM
 AVERAGE    85

..........................................................


THE KENNEDY NY CLIMATE NORMALS FOR TOMORROW
                         NORMAL    RECORD    YEAR
 MAXIMUM TEMPERATURE (F)   74        91      1961
 MINIMUM TEMPERATURE (F)   58        51      2003
                                             1997


SUNRISE AND SUNSET
JUNE  1 2015..........SUNRISE   527 AM EDT   SUNSET   820 PM EDT
JUNE  2 2015..........SUNRISE   526 AM EDT   SUNSET   820 PM EDT


-  INDICATES NEGATIVE NUMBERS.
R  INDICATES RECORD WAS SET OR TIED.
MM INDICATES DATA IS MISSING.
T  INDICATES TRACE AMOUNT.




$$
