000
CDUS41 KOKX 022148
CLIJFK


CLIMATE REPORT
NATIONAL WEATHER SERVICE NEW YORK NY
448 PM EST MON MAR 2 2015


...................................

...THE KENNEDY NY CLIMATE SUMMARY FOR MARCH 2 2015...
VALID TODAY AS OF 0400 PM LOCAL TIME.

CLIMATE NORMAL PERIOD 1981 TO 2010
CLIMATE RECORD PERIOD 1949 TO 2015


WEATHER ITEM   OBSERVED TIME   RECORD YEAR NORMAL DEPARTURE LAST
                VALUE   (LST)  VALUE       VALUE  FROM      YEAR
                                                  NORMAL
..................................................................
TEMPERATURE (F)
 TODAY
  MAXIMUM         39    359 PM  64    1985  45     -6       43
  MINIMUM         30    706 AM  12    1980  31     -1       30
  AVERAGE         35                        38     -3       37

PRECIPITATION (IN)
  TODAY            T             1.58 2007   0.11  -0.11      T
  MONTH TO DATE    0.51                      0.22   0.29      T
  SINCE MAR 1      0.51                      0.22   0.29      T
  SINCE JAN 1      8.17                      5.97   2.20     7.60

SNOWFALL (IN)
  TODAY            T             5.3  1996   0.2   -0.2       T
  MONTH TO DATE    3.1                       0.4    2.7       T
  SINCE OCT 1     34.2                      19.9   14.3     44.9
  SINCE JUL 1     34.2                      19.9   14.3     44.9
  SNOW DEPTH       4

DEGREE DAYS
 HEATING
  TODAY           30                        27      3       28
  MONTH TO DATE   68                        54     14       66
  SINCE MAR 1     68                        54     14       66
  SINCE JUL 1   3760                      3565    195     3773

 COOLING
  TODAY            0                         0      0        0
  MONTH TO DATE    0                         0      0        0
  SINCE MAR 1      0                         0      0        0
  SINCE JAN 1      0                         0      0        0
..................................................................


WIND (MPH)
  HIGHEST WIND SPEED    30   HIGHEST WIND DIRECTION    NW (310)
  HIGHEST GUST SPEED    39   HIGHEST GUST DIRECTION    NW (320)
  AVERAGE WIND SPEED    12.1


SKY COVER
  AVERAGE SKY COVER 0.8


WEATHER CONDITIONS
 THE FOLLOWING WEATHER WAS RECORDED TODAY.
  LIGHT SNOW
  FOG
  HAZE


RELATIVE HUMIDITY (PERCENT)
 HIGHEST    85           100 AM
 LOWEST     35           300 PM
 AVERAGE    60

..........................................................


THE KENNEDY NY CLIMATE NORMALS FOR TOMORROW
                         NORMAL    RECORD    YEAR
 MAXIMUM TEMPERATURE (F)   45        63      1991
 MINIMUM TEMPERATURE (F)   31        12      1950


SUNRISE AND SUNSET
MARCH  2 2015.........SUNRISE   628 AM EST   SUNSET   547 PM EST
MARCH  3 2015.........SUNRISE   626 AM EST   SUNSET   548 PM EST


-  INDICATES NEGATIVE NUMBERS.
R  INDICATES RECORD WAS SET OR TIED.
MM INDICATES DATA IS MISSING.
T  INDICATES TRACE AMOUNT.




$$
