000
CDUS41 KOKX 220617
CLIJFK


CLIMATE REPORT
NATIONAL WEATHER SERVICE NEW YORK NY
217 AM EDT MON SEP 22 2014


...................................

...THE KENNEDY NY CLIMATE SUMMARY FOR SEPTEMBER 21 2014...

CLIMATE NORMAL PERIOD 1981 TO 2010
CLIMATE RECORD PERIOD 1949 TO 2014


WEATHER ITEM   OBSERVED TIME   RECORD YEAR NORMAL DEPARTURE LAST
                VALUE   (LST)  VALUE       VALUE  FROM      YEAR
                                                  NORMAL
..................................................................
TEMPERATURE (F)
 YESTERDAY
  MAXIMUM         77   1111 AM  83    2004  74      3       75
                                      1989
  MINIMUM         67    525 AM  42    1962  59      8       57
  AVERAGE         72                        66      6       66

PRECIPITATION (IN)
  YESTERDAY        0.21          4.49 1966   0.12   0.09     0.33
  MONTH TO DATE    1.17                      2.35  -1.18     0.76
  SINCE SEP 1      1.17                      2.35  -1.18     0.76
  SINCE JAN 1     35.28                     31.31   3.97    26.95

SNOWFALL (IN)
  YESTERDAY        0.0          MM      MM   0.0    0.0      0.0
  MONTH TO DATE    0.0                       0.0    0.0      0.0
  SINCE OCT 1     45.6                      23.8   21.8     17.6
  SINCE JUL 1      0.0                       0.0    0.0      0.0
  SNOW DEPTH       0

DEGREE DAYS
 HEATING
  YESTERDAY        0                         2     -2        0
  MONTH TO DATE    9                        12     -3       20
  SINCE SEP 1      9                        12     -3       20
  SINCE JUL 1      9                        13     -4       20

 COOLING
  YESTERDAY        7                         3      4        1
  MONTH TO DATE  140                       112     28      113
  SINCE SEP 1    140                       112     28      113
  SINCE JAN 1   1003                       973     30     1072
..................................................................


WIND (MPH)
  HIGHEST WIND SPEED    16   HIGHEST WIND DIRECTION    SW (240)
  HIGHEST GUST SPEED    22   HIGHEST GUST DIRECTION    SW (240)
  AVERAGE WIND SPEED     5.1


SKY COVER
  POSSIBLE SUNSHINE  MM
  AVERAGE SKY COVER 0.8


WEATHER CONDITIONS
 THE FOLLOWING WEATHER WAS RECORDED YESTERDAY.
  HEAVY RAIN
  RAIN
  LIGHT RAIN
  FOG


RELATIVE HUMIDITY (PERCENT)
 HIGHEST    97           700 PM
 LOWEST     79          1000 AM
 AVERAGE    88

..........................................................


THE KENNEDY NY CLIMATE NORMALS FOR TODAY
                         NORMAL    RECORD    YEAR
 MAXIMUM TEMPERATURE (F)   73        91      1980
 MINIMUM TEMPERATURE (F)   59        41      1962


SUNRISE AND SUNSET
SEPTEMBER 22 2014.....SUNRISE   643 AM EDT   SUNSET   652 PM EDT
SEPTEMBER 23 2014.....SUNRISE   644 AM EDT   SUNSET   651 PM EDT


-  INDICATES NEGATIVE NUMBERS.
R  INDICATES RECORD WAS SET OR TIED.
MM INDICATES DATA IS MISSING.
T  INDICATES TRACE AMOUNT.




$$
