000
CDUS41 KOKX 310620
CLIJFK


CLIMATE REPORT
NATIONAL WEATHER SERVICE NEW YORK NY
119 AM EST SAT JAN 31 2015


...................................

...THE KENNEDY NY CLIMATE SUMMARY FOR JANUARY 30 2015...

CLIMATE NORMAL PERIOD 1981 TO 2010
CLIMATE RECORD PERIOD 1949 TO 2015


WEATHER ITEM   OBSERVED TIME   RECORD YEAR NORMAL DEPARTURE LAST
                VALUE   (LST)  VALUE       VALUE  FROM      YEAR
                                                  NORMAL
..................................................................
TEMPERATURE (F)
 YESTERDAY
  MAXIMUM         38    223 PM  62    2006  39     -1       28
                                      2002
  MINIMUM         19   1159 PM  10    1977  26     -7       14
                                      1965
  AVERAGE         29                        33     -4       21

PRECIPITATION (IN)
  YESTERDAY        0.04          0.57 1990   0.09  -0.05     0.00
  MONTH TO DATE    5.31                      3.06   2.25     3.01
  SINCE DEC 1     12.35                      6.45   5.90     7.51
  SINCE JAN 1      5.31                      3.06   2.25     3.01

SNOWFALL (IN)
  YESTERDAY        0.6           5.2  1966   0.3    0.3      0.0
  MONTH TO DATE   17.1                       6.1   11.0     17.0
  SINCE OCT 1     17.5                      11.0    6.5     23.9
  SINCE JUL 1     17.5                      11.0    6.5     23.9
  SNOW DEPTH       9

DEGREE DAYS
 HEATING
  YESTERDAY       36                        32      4       44
  MONTH TO DATE 1014                       971     43     1093
  SINCE DEC 1   1736                      1816    -80     1921
  SINCE JUL 1   2520                      2640   -120     2735

 COOLING
  YESTERDAY        0                         0      0        0
  MONTH TO DATE    0                         0      0        0
  SINCE DEC 1      0                         0      0        0
  SINCE JAN 1      0                         0      0        0
..................................................................


WIND (MPH)
  HIGHEST WIND SPEED    38   HIGHEST WIND DIRECTION    NW (310)
  HIGHEST GUST SPEED    49   HIGHEST GUST DIRECTION    NW (320)
  AVERAGE WIND SPEED    18.7


SKY COVER
  POSSIBLE SUNSHINE  MM
  AVERAGE SKY COVER 0.7


WEATHER CONDITIONS
 THE FOLLOWING WEATHER WAS RECORDED YESTERDAY.
  LIGHT SNOW
  FOG


RELATIVE HUMIDITY (PERCENT)
 HIGHEST    89           200 AM
 LOWEST     44           400 PM
 AVERAGE    67

..........................................................


THE KENNEDY NY CLIMATE NORMALS FOR TODAY
                         NORMAL    RECORD    YEAR
 MAXIMUM TEMPERATURE (F)   40        58      1974
 MINIMUM TEMPERATURE (F)   26        10      1977


SUNRISE AND SUNSET
JANUARY 31 2015.......SUNRISE   706 AM EST   SUNSET   511 PM EST
FEBRUARY  1 2015......SUNRISE   705 AM EST   SUNSET   513 PM EST


-  INDICATES NEGATIVE NUMBERS.
R  INDICATES RECORD WAS SET OR TIED.
MM INDICATES DATA IS MISSING.
T  INDICATES TRACE AMOUNT.




$$
