000
CDUS41 KOKX 240621
CLIJFK


CLIMATE REPORT
NATIONAL WEATHER SERVICE NEW YORK NY
121 AM EST MON NOV 24 2014


...................................

...THE KENNEDY NY CLIMATE SUMMARY FOR NOVEMBER 23 2014...

CLIMATE NORMAL PERIOD 1981 TO 2010
CLIMATE RECORD PERIOD 1949 TO 2014


WEATHER ITEM   OBSERVED TIME   RECORD YEAR NORMAL DEPARTURE LAST
                VALUE   (LST)  VALUE       VALUE  FROM      YEAR
                                                  NORMAL
..................................................................
TEMPERATURE (F)
 YESTERDAY
  MAXIMUM         55   1159 PM  71    1992  52      3       55
  MINIMUM         43    724 AM  25    2008  39      4       32
                                      2000
                                      1972
  AVERAGE         49                        45      4       44

PRECIPITATION (IN)
  YESTERDAY        0.00          1.56 2006   0.12  -0.12      T
  MONTH TO DATE    3.01                      2.48   0.53     0.57
  SINCE SEP 1      8.13                      9.60  -1.47     2.82
  SINCE JAN 1     42.24                     38.56   3.68    29.01

SNOWFALL (IN)
  YESTERDAY        0.0           3.2  1989   0.0    0.0       T
  MONTH TO DATE    T                         0.1   -0.1      0.2
  SINCE OCT 1      T                         0.1   -0.1      0.2
  SINCE JUL 1      T                         0.1   -0.1      0.2
  SNOW DEPTH       0

DEGREE DAYS
 HEATING
  YESTERDAY       16                        20     -4       21
  MONTH TO DATE  452                       378     74      384
  SINCE SEP 1    646                       676    -30      615
  SINCE JUL 1    646                       677    -31      615

 COOLING
  YESTERDAY        0                         0      0        0
  MONTH TO DATE    0                         0      0        0
  SINCE SEP 1    187                       144     43      152
  SINCE JAN 1   1050                      1005     45     1111
..................................................................


WIND (MPH)
  HIGHEST WIND SPEED    18   HIGHEST WIND DIRECTION     W (250)
  HIGHEST GUST SPEED    22   HIGHEST GUST DIRECTION     W (250)
  AVERAGE WIND SPEED     9.5


SKY COVER
  POSSIBLE SUNSHINE  MM
  AVERAGE SKY COVER 0.8


WEATHER CONDITIONS
 THE FOLLOWING WEATHER WAS RECORDED YESTERDAY.
  NO SIGNIFICANT WEATHER WAS OBSERVED.


RELATIVE HUMIDITY (PERCENT)
 HIGHEST    89          1000 PM
 LOWEST     35           100 PM
 AVERAGE    62

..........................................................


THE KENNEDY NY CLIMATE NORMALS FOR TODAY
                         NORMAL    RECORD    YEAR
 MAXIMUM TEMPERATURE (F)   51        63      2001
                                             1991
 MINIMUM TEMPERATURE (F)   38        21      2000


SUNRISE AND SUNSET
NOVEMBER 24 2014......SUNRISE   652 AM EST   SUNSET   431 PM EST
NOVEMBER 25 2014......SUNRISE   653 AM EST   SUNSET   431 PM EST


-  INDICATES NEGATIVE NUMBERS.
R  INDICATES RECORD WAS SET OR TIED.
MM INDICATES DATA IS MISSING.
T  INDICATES TRACE AMOUNT.




$$
