000
CDUS43 KJKL 240538
CLIJKL

CLIMATE REPORT
NATIONAL WEATHER SERVICE JACKSON KY
1238 AM EST SAT FEB 24 2018

...................................

...THE JACKSON KY CLIMATE SUMMARY FOR FEBRUARY 23 2018...

CLIMATE NORMAL PERIOD 1981 TO 2010
CLIMATE RECORD PERIOD 1981 TO 2018

WEATHER ITEM   OBSERVED TIME   RECORD YEAR NORMAL DEPARTURE LAST
                VALUE   (LST)  VALUE       VALUE  FROM      YEAR
                                                  NORMAL
..................................................................
TEMPERATURE (F)
 YESTERDAY
  MAXIMUM         80R   356 PM  79    1996  50     30       71
  MINIMUM         53    124 AM  12    2015  32     21       52
  AVERAGE         67                        41     26       62

PRECIPITATION (IN)
  YESTERDAY        0.01          0.94 1994   0.14  -0.13     0.00
  MONTH TO DATE    6.83                      3.07   3.76     1.57
  SINCE DEC 1     12.03                     10.86   1.17    12.44
  SINCE JAN 1      8.75                      6.68   2.07     6.28

SNOWFALL (IN)
  YESTERDAY        0.0           1.6  2003   0.2   -0.2      0.0
  MONTH TO DATE    2.6                       6.0   -3.4       T
  SINCE DEC 1     10.4                      18.0   -7.6      4.6
  SINCE JUL 1     10.4                      18.6   -8.2      4.6
  SNOW DEPTH       0

DEGREE DAYS
 HEATING
  YESTERDAY        0                        24    -24        3
  MONTH TO DATE  452                       617   -165      400
  SINCE DEC 1   2331                      2383    -52     1895
  SINCE JUL 1   3053                      3183   -130     2421

 COOLING
  YESTERDAY        2                         0      2        0
  MONTH TO DATE   12                         0     12        0
  SINCE DEC 1     12                         1     11        0
  SINCE JAN 1     12                         0     12        0
..................................................................

WIND (MPH)
  HIGHEST WIND SPEED    18   HIGHEST WIND DIRECTION    SW (220)
  HIGHEST GUST SPEED    38   HIGHEST GUST DIRECTION    SW (220)
  AVERAGE WIND SPEED     4.7

SKY COVER
  POSSIBLE SUNSHINE  MM
  AVERAGE SKY COVER 0.5

WEATHER CONDITIONS
 THE FOLLOWING WEATHER WAS RECORDED YESTERDAY.
  LIGHT RAIN
  FOG

RELATIVE HUMIDITY (PERCENT)
 HIGHEST   100           400 AM
 LOWEST     42           500 PM
 AVERAGE    71

..........................................................

THE JACKSON KY CLIMATE NORMALS FOR TODAY
                         NORMAL    RECORD    YEAR
 MAXIMUM TEMPERATURE (F)   50        79      2017
 MINIMUM TEMPERATURE (F)   32         8      1989

SUNRISE AND SUNSET
FEBRUARY 24 2018......SUNRISE   711 AM EST   SUNSET   622 PM EST
FEBRUARY 25 2018......SUNRISE   710 AM EST   SUNSET   623 PM EST

-  INDICATES NEGATIVE NUMBERS.
R  INDICATES RECORD WAS SET OR TIED.
MM INDICATES DATA IS MISSING.
T  INDICATES TRACE AMOUNT.

$$
