756
CDUS43 KSGF 250626
CLIJLN


CLIMATE REPORT
NATIONAL WEATHER SERVICE SPRINGFIELD MO
125 AM CDT TUE APR 25 2017


...................................

...THE JOPLIN MO CLIMATE SUMMARY FOR APRIL 24 2017...

CLIMATE NORMAL PERIOD 1981 TO 2010
CLIMATE RECORD PERIOD 1902 TO 2017


WEATHER ITEM   OBSERVED TIME   RECORD YEAR NORMAL DEPARTURE LAST
                VALUE   (LST)  VALUE       VALUE  FROM      YEAR
                                                  NORMAL
..................................................................
TEMPERATURE (F)
 YESTERDAY
  MAXIMUM         77    358 PM  89    1989  73      4       78
  MINIMUM         38    552 AM  31    2005  50    -12       58
  AVERAGE         58                        61     -3       68

PRECIPITATION (IN)
  YESTERDAY        0.00          1.59 1993   0.18  -0.18     0.00
  MONTH TO DATE    5.01                      3.38   1.63     1.86
  SINCE MAR 1      7.71                      6.80   0.91     4.43
  SINCE JAN 1     11.70                     11.15   0.55     5.10

DEGREE DAYS
 HEATING
  YESTERDAY        7                         6      1        0
  MONTH TO DATE  132                       211    -79      138
  SINCE MAR 1    512                       719   -207      500
  SINCE JUL 1   3064                      3973   -909     3250

 COOLING
  YESTERDAY        0                         2     -2        3
  MONTH TO DATE   44                        32     12       10
  SINCE MAR 1     61                        41     20       13
  SINCE JAN 1     71                        42     29       14
..................................................................


WIND (MPH)
  HIGHEST WIND SPEED    24   HIGHEST WIND DIRECTION     S (170)
  HIGHEST GUST SPEED    31   HIGHEST GUST DIRECTION     S (170)
  AVERAGE WIND SPEED     9.8


SKY COVER
  AVERAGE SKY COVER 0.0


WEATHER CONDITIONS
 THE FOLLOWING WEATHER WAS RECORDED YESTERDAY.
  NO SIGNIFICANT WEATHER WAS OBSERVED.


RELATIVE HUMIDITY (PERCENT)
 HIGHEST   100          1200 AM
 LOWEST     22           400 PM
 AVERAGE    61

..........................................................


THE JOPLIN MO CLIMATE NORMALS FOR TODAY
                         NORMAL    RECORD    YEAR
 MAXIMUM TEMPERATURE (F)   73        87      1949
                                             1986
 MINIMUM TEMPERATURE (F)   50        31      1976


SUNRISE AND SUNSET
APRIL 25 2017.........SUNRISE   630 AM CDT   SUNSET   802 PM CDT
APRIL 26 2017.........SUNRISE   629 AM CDT   SUNSET   803 PM CDT


-  INDICATES NEGATIVE NUMBERS.
R  INDICATES RECORD WAS SET OR TIED.
MM INDICATES DATA IS MISSING.
T  INDICATES TRACE AMOUNT.




$$
