000
CDUS43 KSGF 312232
CLIJLN


CLIMATE REPORT
NATIONAL WEATHER SERVICE SPRINGFIELD MO
531 PM CDT FRI OCT 31 2014


...................................

...THE JOPLIN MO CLIMATE SUMMARY FOR OCTOBER 31 2014...
VALID AS OF 0400 PM LOCAL TIME.

CLIMATE NORMAL PERIOD 1981 TO 2010
CLIMATE RECORD PERIOD 1902 TO 2014


WEATHER ITEM   OBSERVED TIME   RECORD YEAR NORMAL DEPARTURE LAST
                VALUE   (LST)  VALUE       VALUE  FROM      YEAR
                                                  NORMAL
..................................................................
TEMPERATURE (F)
 TODAY
  MAXIMUM         51   1231 AM  83    1950  66    -15       64
  MINIMUM         41    925 AM  18    1993  44     -3       48
  AVERAGE         46                        55     -9       56

PRECIPITATION (IN)
  TODAY            0.00          1.84 2005   0.13  -0.13     0.78
  MONTH TO DATE    7.95                      4.03   3.92     4.72
  SINCE SEP 1     12.48                      8.98   3.50     4.72
  SINCE JAN 1     27.92                     39.95 -12.03    40.18

DEGREE DAYS
 HEATING
  TODAY           19                        11      8        9
  MONTH TO DATE  179                       211    -32      266
  SINCE SEP 1    206                       251    -45      277
  SINCE JUL 1    207                       252    -45      277

 COOLING
  TODAY            0                         1     -1        0
  MONTH TO DATE   54                        49      5       53
  SINCE SEP 1    250                       264    -14      304
  SINCE JAN 1   1583                      1691   -108     1568
..................................................................


WIND (MPH)
  HIGHEST WIND SPEED    25   HIGHEST WIND DIRECTION     N (350)
  HIGHEST GUST SPEED    33   HIGHEST GUST DIRECTION     N (10)


SKY COVER
  AVERAGE SKY COVER 0.3


WEATHER CONDITIONS
 THE FOLLOWING WEATHER WAS RECORDED TODAY.
  NO SIGNIFICANT WEATHER WAS OBSERVED.


RELATIVE HUMIDITY (PERCENT)
 HIGHEST    82           500 AM
 LOWEST     34           400 PM
 AVERAGE    58

..........................................................


THE JOPLIN MO CLIMATE NORMALS FOR TOMORROW
                         NORMAL    RECORD    YEAR
 MAXIMUM TEMPERATURE (F)   66        79      1952
                                             1982
                                             1995
 MINIMUM TEMPERATURE (F)   44        22      1991


SUNRISE AND SUNSET
OCTOBER 31 2014.......SUNRISE   741 AM CDT   SUNSET   621 PM CDT
NOVEMBER  1 2014......SUNRISE   742 AM CDT   SUNSET   620 PM CDT


-  INDICATES NEGATIVE NUMBERS.
R  INDICATES RECORD WAS SET OR TIED.
MM INDICATES DATA IS MISSING.
T  INDICATES TRACE AMOUNT.




$$
