000
CDUS43 KSGF 170628
CLIJLN


CLIMATE REPORT
NATIONAL WEATHER SERVICE SPRINGFIELD MO
1228 AM CST SUN DEC 17 2017


...................................

...THE JOPLIN MO CLIMATE SUMMARY FOR DECEMBER 16 2017...

CLIMATE NORMAL PERIOD 1981 TO 2010
CLIMATE RECORD PERIOD 1902 TO 2017


WEATHER ITEM   OBSERVED TIME   RECORD YEAR NORMAL DEPARTURE LAST
                VALUE   (LST)  VALUE       VALUE  FROM      YEAR
                                                  NORMAL
..................................................................
TEMPERATURE (F)
 YESTERDAY
  MAXIMUM         59    312 PM  72    2006  47     12       55
  MINIMUM         38    537 AM  -7    1989  27     11       30
  AVERAGE         49                        37     12       43

PRECIPITATION (IN)
  YESTERDAY        T             0.76 2001   0.09  -0.09     0.00
  MONTH TO DATE    0.16                      1.58  -1.42     0.29
  SINCE DEC 1      0.16                      1.58  -1.42     0.29
  SINCE JAN 1     45.16                     45.31  -0.15    38.93

DEGREE DAYS
 HEATING
  YESTERDAY       16                        28    -12       22
  MONTH TO DATE  364                       419    -55      474
  SINCE DEC 1    364                       419    -55      474
  SINCE JUL 1   1009                      1176   -167      929

 COOLING
  YESTERDAY        0                         0      0        0
  MONTH TO DATE    0                         0      0        0
  SINCE DEC 1      0                         0      0        0
  SINCE JAN 1   1750                      1698     52     1878
..................................................................


WIND (MPH)
  HIGHEST WIND SPEED    28   HIGHEST WIND DIRECTION     S (200)
  HIGHEST GUST SPEED    36   HIGHEST GUST DIRECTION     S (200)
  AVERAGE WIND SPEED    15.4


SKY COVER
  AVERAGE SKY COVER 0.0


WEATHER CONDITIONS
 THE FOLLOWING WEATHER WAS RECORDED YESTERDAY.
  LIGHT RAIN


RELATIVE HUMIDITY (PERCENT)
 HIGHEST    59           500 AM
 LOWEST     26           300 PM
 AVERAGE    43

..........................................................


THE JOPLIN MO CLIMATE NORMALS FOR TODAY
                         NORMAL    RECORD    YEAR
 MAXIMUM TEMPERATURE (F)   46        68      1962
                                             2002
 MINIMUM TEMPERATURE (F)   27         1      1989


SUNRISE AND SUNSET
DECEMBER 17 2017......SUNRISE   726 AM CST   SUNSET   503 PM CST
DECEMBER 18 2017......SUNRISE   726 AM CST   SUNSET   503 PM CST


-  INDICATES NEGATIVE NUMBERS.
R  INDICATES RECORD WAS SET OR TIED.
MM INDICATES DATA IS MISSING.
T  INDICATES TRACE AMOUNT.




$$
