000
CDUS43 KBIS 290725
CLIJMS


CLIMATE REPORT
NATIONAL WEATHER SERVICE BISMARCK ND
224 AM CDT TUE JUL 29 2014


...................................

...THE JAMESTOWN ND CLIMATE SUMMARY FOR JULY 28 2014...

CLIMATE NORMAL PERIOD 1981 TO 2010
CLIMATE RECORD PERIOD 1891 TO 2014


WEATHER ITEM   OBSERVED TIME   RECORD YEAR NORMAL DEPARTURE LAST
                VALUE   (LST)  VALUE       VALUE  FROM      YEAR
                                                  NORMAL
..................................................................
TEMPERATURE (F)
 YESTERDAY
  MAXIMUM         72    627 PM 112    1917  84    -12       75
  MINIMUM         54   1124 PM  42    1934  58     -4       56
  AVERAGE         63                        71     -8       66

PRECIPITATION (IN)
  YESTERDAY        0.00          0.99 1996   0.08  -0.08     0.00
  MONTH TO DATE    0.82                      3.11  -2.29     0.39
  SINCE JUN 1      7.18                      6.30   0.88     2.12
  SINCE JAN 1     15.62                     11.85   3.77     7.71

DEGREE DAYS
 HEATING
  YESTERDAY        2                         0      2        0
  MONTH TO DATE   28                        19      9       20
  SINCE JUN 1     87                       116    -29      105
  SINCE JUL 1     28                        19      9       20

 COOLING
  YESTERDAY        0                         6     -6        1
  MONTH TO DATE  112                       157    -45      180
  SINCE JUN 1    168                       237    -69      280
  SINCE JAN 1    222                       257    -35      291
..................................................................


WIND (MPH)
  HIGHEST WIND SPEED    13   HIGHEST WIND DIRECTION     N (10)
  HIGHEST GUST SPEED    16   HIGHEST GUST DIRECTION     N (10)
  AVERAGE WIND SPEED     5.7


SKY COVER
  POSSIBLE SUNSHINE  MM
  AVERAGE SKY COVER 0.7


WEATHER CONDITIONS
 THE FOLLOWING WEATHER WAS RECORDED YESTERDAY.
  FOG


RELATIVE HUMIDITY (PERCENT)
 HIGHEST    93           200 AM
 LOWEST     47           300 PM
 AVERAGE    70

..........................................................


THE JAMESTOWN ND CLIMATE NORMALS FOR TODAY
                         NORMAL    RECORD    YEAR
 MAXIMUM TEMPERATURE (F)   84       103      1939
 MINIMUM TEMPERATURE (F)   58        40      1899


SUNRISE AND SUNSET
JULY 29 2014..........SUNRISE   611 AM CDT   SUNSET   911 PM CDT
JULY 30 2014..........SUNRISE   612 AM CDT   SUNSET   910 PM CDT


-  INDICATES NEGATIVE NUMBERS.
R  INDICATES RECORD WAS SET OR TIED.
MM INDICATES DATA IS MISSING.
T  INDICATES TRACE AMOUNT.




$$
