000
CDUS43 KBIS 300757
CLIJMS


CLIMATE REPORT
NATIONAL WEATHER SERVICE BISMARCK ND
256 AM CDT THU MAR 30 2017


...................................

...THE JAMESTOWN ND CLIMATE SUMMARY FOR MARCH 29 2017...

CLIMATE NORMAL PERIOD 1981 TO 2010
CLIMATE RECORD PERIOD 1891 TO 2017


WEATHER ITEM   OBSERVED TIME   RECORD YEAR NORMAL DEPARTURE LAST
                VALUE   (LST)  VALUE       VALUE  FROM      YEAR
                                                  NORMAL
..................................................................
TEMPERATURE (F)
 YESTERDAY
  MAXIMUM         63    319 PM  73    1986  44     19       65
  MINIMUM         31    538 AM -16    1969  23      8       35
  AVERAGE         47                        34     13       50

PRECIPITATION (IN)
  YESTERDAY        0.00          0.70 1989   0.03  -0.03     0.02
  MONTH TO DATE    0.08                      0.77  -0.69     0.34
  SINCE MAR 1      0.08                      0.77  -0.69     0.34
  SINCE JAN 1      0.50                      1.62  -1.12     0.45

DEGREE DAYS
 HEATING
  YESTERDAY       18                        31    -13       15
  MONTH TO DATE 1112                      1101     11      812
  SINCE MAR 1   1112                      1101     11      812
  SINCE JUL 1   7121                      7860   -739     6554

 COOLING
  YESTERDAY        0                         0      0        0
  MONTH TO DATE    0                         0      0        0
  SINCE MAR 1      0                         0      0        0
  SINCE JAN 1      0                         0      0        0
..................................................................


WIND (MPH)
  HIGHEST WIND SPEED    22   HIGHEST WIND DIRECTION     S (180)
  HIGHEST GUST SPEED    26   HIGHEST GUST DIRECTION     S (170)
  AVERAGE WIND SPEED     9.6


SKY COVER
  POSSIBLE SUNSHINE  MM
  AVERAGE SKY COVER 0.1


WEATHER CONDITIONS
 THE FOLLOWING WEATHER WAS RECORDED YESTERDAY.
  FOG
  FOG W/VISIBILITY <= 1/4 MILE


RELATIVE HUMIDITY (PERCENT)
 HIGHEST   100           200 AM
 LOWEST     32           500 PM
 AVERAGE    66

..........................................................


THE JAMESTOWN ND CLIMATE NORMALS FOR TODAY
                         NORMAL    RECORD    YEAR
 MAXIMUM TEMPERATURE (F)   45        74      2010
 MINIMUM TEMPERATURE (F)   24       -12      1969


SUNRISE AND SUNSET
MARCH 30 2017.........SUNRISE   717 AM CDT   SUNSET   802 PM CDT
MARCH 31 2017.........SUNRISE   715 AM CDT   SUNSET   803 PM CDT


-  INDICATES NEGATIVE NUMBERS.
R  INDICATES RECORD WAS SET OR TIED.
MM INDICATES DATA IS MISSING.
T  INDICATES TRACE AMOUNT.




$$
