000
CDUS43 KBIS 310733
CLIJMS


CLIMATE REPORT
NATIONAL WEATHER SERVICE BISMARCK ND
233 AM CDT TUE MAY 31 2016


...................................

...THE JAMESTOWN ND CLIMATE SUMMARY FOR MAY 30 2016...

CLIMATE NORMAL PERIOD 1981 TO 2010
CLIMATE RECORD PERIOD 1891 TO 2016


WEATHER ITEM   OBSERVED TIME   RECORD YEAR NORMAL DEPARTURE LAST
                VALUE   (LST)  VALUE       VALUE  FROM      YEAR
                                                  NORMAL
..................................................................
TEMPERATURE (F)
 YESTERDAY
  MAXIMUM         83    110 PM 101    1939  72     11       56
  MINIMUM         50    502 AM  24    1947  48      2       34
  AVERAGE         67                        60      7       45

PRECIPITATION (IN)
  YESTERDAY        0.99          1.86 2004   0.10   0.89     0.00
  MONTH TO DATE    2.68                      2.56   0.12     8.75
  SINCE MAR 1      5.61                      4.60   1.01     9.74
  SINCE JAN 1      5.72                      5.45   0.27    10.16

DEGREE DAYS
 HEATING
  YESTERDAY        0                         6     -6       20
  MONTH TO DATE  247                       317    -70      358
  SINCE MAR 1   1792                      2152   -360     1945
  SINCE JUL 1   7534                      8911  -1377     8682

 COOLING
  YESTERDAY        2                         1      1        0
  MONTH TO DATE   14                        19     -5        8
  SINCE MAR 1     14                        21     -7        8
  SINCE JAN 1     14                        21     -7        8
..................................................................


WIND (MPH)
  HIGHEST WIND SPEED    38   HIGHEST WIND DIRECTION     S (180)
  HIGHEST GUST SPEED    46   HIGHEST GUST DIRECTION     S (190)
  AVERAGE WIND SPEED     9.2


SKY COVER
  POSSIBLE SUNSHINE  MM
  AVERAGE SKY COVER 0.3


WEATHER CONDITIONS
 THE FOLLOWING WEATHER WAS RECORDED YESTERDAY.
  THUNDERSTORM
  HEAVY RAIN
  RAIN
  LIGHT RAIN
  FOG


RELATIVE HUMIDITY (PERCENT)
 HIGHEST    89           200 AM
 LOWEST     34           100 PM
 AVERAGE    62

..........................................................


THE JAMESTOWN ND CLIMATE NORMALS FOR TODAY
                         NORMAL    RECORD    YEAR
 MAXIMUM TEMPERATURE (F)   72        95      1939
 MINIMUM TEMPERATURE (F)   48        30      1897


SUNRISE AND SUNSET
MAY 31 2016...........SUNRISE   544 AM CDT   SUNSET   921 PM CDT
JUNE  1 2016..........SUNRISE   544 AM CDT   SUNSET   922 PM CDT


-  INDICATES NEGATIVE NUMBERS.
R  INDICATES RECORD WAS SET OR TIED.
MM INDICATES DATA IS MISSING.
T  INDICATES TRACE AMOUNT.




$$
