000
CDUS43 KBIS 220757
CLIJMS


CLIMATE REPORT
NATIONAL WEATHER SERVICE BISMARCK ND
157 AM CST WED FEB 22 2017


...................................

...THE JAMESTOWN ND CLIMATE SUMMARY FOR FEBRUARY 21 2017...

CLIMATE NORMAL PERIOD 1981 TO 2010
CLIMATE RECORD PERIOD 1891 TO 2017


WEATHER ITEM   OBSERVED TIME   RECORD YEAR NORMAL DEPARTURE LAST
                VALUE   (LST)  VALUE       VALUE  FROM      YEAR
                                                  NORMAL
..................................................................
TEMPERATURE (F)
 YESTERDAY
  MAXIMUM         47    138 PM  50    1982  27     20       28
  MINIMUM         29   1231 AM -30    1918   8     21       16
  AVERAGE         38                        17     21       22

PRECIPITATION (IN)
  YESTERDAY        0.00          0.40 1919   0.01  -0.01     0.01
  MONTH TO DATE    0.09                      0.26  -0.17     0.07
  SINCE DEC 1      1.60                      1.11   0.49     0.21
  SINCE JAN 1      0.31                      0.71  -0.40     0.07

DEGREE DAYS
 HEATING
  YESTERDAY       27                        48    -21       43
  MONTH TO DATE  902                      1074   -172      906
  SINCE DEC 1   4153                      4352   -199     3824
  SINCE JUL 1   5714                      6436   -722     5472

 COOLING
  YESTERDAY        0                         0      0        0
  MONTH TO DATE    0                         0      0        0
  SINCE DEC 1      0                         0      0        0
  SINCE JAN 1      0                         0      0        0
..................................................................


WIND (MPH)
  HIGHEST WIND SPEED    18   HIGHEST WIND DIRECTION     S (180)
  HIGHEST GUST SPEED    22   HIGHEST GUST DIRECTION     S (180)
  AVERAGE WIND SPEED     6.9


SKY COVER
  POSSIBLE SUNSHINE  MM
  AVERAGE SKY COVER 0.5


WEATHER CONDITIONS
 THE FOLLOWING WEATHER WAS RECORDED YESTERDAY.
  NO SIGNIFICANT WEATHER WAS OBSERVED.


RELATIVE HUMIDITY (PERCENT)
 HIGHEST   100           100 AM
 LOWEST     70          1100 AM
 AVERAGE    85

..........................................................


THE JAMESTOWN ND CLIMATE NORMALS FOR TODAY
                         NORMAL    RECORD    YEAR
 MAXIMUM TEMPERATURE (F)   27        51      1958
 MINIMUM TEMPERATURE (F)    8       -29      1918


SUNRISE AND SUNSET
FEBRUARY 22 2017......SUNRISE   727 AM CST   SUNSET   610 PM CST
FEBRUARY 23 2017......SUNRISE   725 AM CST   SUNSET   612 PM CST


-  INDICATES NEGATIVE NUMBERS.
R  INDICATES RECORD WAS SET OR TIED.
MM INDICATES DATA IS MISSING.
T  INDICATES TRACE AMOUNT.




$$
