459
CDUS43 KBIS 230724
CLIJMS


CLIMATE REPORT
NATIONAL WEATHER SERVICE BISMARCK ND
224 AM CDT SUN JUL 23 2017


...................................

...THE JAMESTOWN ND CLIMATE SUMMARY FOR JULY 22 2017...

CLIMATE NORMAL PERIOD 1981 TO 2010
CLIMATE RECORD PERIOD 1891 TO 2017


WEATHER ITEM   OBSERVED TIME   RECORD YEAR NORMAL DEPARTURE LAST
                VALUE   (LST)  VALUE       VALUE  FROM      YEAR
                                                  NORMAL
..................................................................
TEMPERATURE (F)
 YESTERDAY
  MAXIMUM         85    238 PM 107    1940  83      2       88
  MINIMUM         60    532 AM  43    1909  58      2       66
  AVERAGE         73                        70      3       77

PRECIPITATION (IN)
  YESTERDAY        0.00          1.20 1965   0.09  -0.09     0.06
  MONTH TO DATE    0.59                      2.57  -1.98     4.73
  SINCE JUN 1      2.67                      5.76  -3.09     7.18
  SINCE JAN 1      5.46                     11.31  -5.85    13.01

DEGREE DAYS
 HEATING
  YESTERDAY        0                         0      0        0
  MONTH TO DATE    3                        19    -16        7
  SINCE JUN 1     53                       116    -63       56
  SINCE JUL 1      3                        19    -16        7

 COOLING
  YESTERDAY        8                         6      2       12
  MONTH TO DATE  163                       121     42      113
  SINCE JUN 1    246                       201     45      217
  SINCE JAN 1    246                       221     25      231
..................................................................


WIND (MPH)
  HIGHEST WIND SPEED    21   HIGHEST WIND DIRECTION     N (360)
  HIGHEST GUST SPEED    27   HIGHEST GUST DIRECTION     N (10)
  AVERAGE WIND SPEED     9.1


SKY COVER
  POSSIBLE SUNSHINE  MM
  AVERAGE SKY COVER 0.1


WEATHER CONDITIONS
 THE FOLLOWING WEATHER WAS RECORDED YESTERDAY.
  NO SIGNIFICANT WEATHER WAS OBSERVED.


RELATIVE HUMIDITY (PERCENT)
 HIGHEST    97           500 AM
 LOWEST     34          1200 PM
 AVERAGE    66

..........................................................


THE JAMESTOWN ND CLIMATE NORMALS FOR TODAY
                         NORMAL    RECORD    YEAR
 MAXIMUM TEMPERATURE (F)   83       104      1931
 MINIMUM TEMPERATURE (F)   58        43      1914
                                             1904


SUNRISE AND SUNSET
JULY 23 2017..........SUNRISE   604 AM CDT   SUNSET   918 PM CDT
JULY 24 2017..........SUNRISE   605 AM CDT   SUNSET   917 PM CDT


-  INDICATES NEGATIVE NUMBERS.
R  INDICATES RECORD WAS SET OR TIED.
MM INDICATES DATA IS MISSING.
T  INDICATES TRACE AMOUNT.




$$
