000
CDUS43 KBIS 150020
CLIJMS


CLIMATE REPORT
NATIONAL WEATHER SERVICE BISMARCK ND
719 PM CDT SUN SEP 14 2014


...................................

...THE JAMESTOWN ND CLIMATE SUMMARY FOR SEPTEMBER 14 2014...
VALID TODAY AS OF 0700 PM LOCAL TIME.

CLIMATE NORMAL PERIOD 1981 TO 2010
CLIMATE RECORD PERIOD 1891 TO 2014


WEATHER ITEM   OBSERVED TIME   RECORD YEAR NORMAL DEPARTURE LAST
                VALUE   (LST)  VALUE       VALUE  FROM      YEAR
                                                  NORMAL
..................................................................
TEMPERATURE (F)
 TODAY
  MAXIMUM         57    356 PM  91    1908  71    -14       60
  MINIMUM         40    606 AM  27    1949  46     -6       55
  AVERAGE         49                        58     -9       58

PRECIPITATION (IN)
  TODAY            0.00          1.00 1991   0.07  -0.07     0.72
  MONTH TO DATE    1.46                      1.06   0.40     1.68
  SINCE SEP 1      1.46                      1.06   0.40     1.68
  SINCE JAN 1     20.14                     15.25   4.89    10.88

DEGREE DAYS
 HEATING
  TODAY           16                         8      8        7
  MONTH TO DATE  122                        78     44       21
  SINCE SEP 1    122                        78     44       21
  SINCE JUL 1    177                       144     33       65

 COOLING
  TODAY            0                         1     -1        0
  MONTH TO DATE    5                        22    -17       43
  SINCE SEP 1      5                        22    -17       43
  SINCE JAN 1    343                       437    -94      509
..................................................................


WIND (MPH)
  RESULTANT WIND SPEED  10   RESULTANT WIND DIRECTION  NW (300)
  HIGHEST WIND SPEED    20   HIGHEST WIND DIRECTION    NW (300)
  HIGHEST GUST SPEED    25   HIGHEST GUST DIRECTION     W (290)
  AVERAGE WIND SPEED    10.4


SKY COVER
  POSSIBLE SUNSHINE  MM
  AVERAGE SKY COVER 0.4


WEATHER CONDITIONS
 THE FOLLOWING WEATHER WAS RECORDED TODAY.
  NO SIGNIFICANT WEATHER WAS OBSERVED.


RELATIVE HUMIDITY (PERCENT)
 HIGHEST    89           200 AM
 LOWEST     51           400 PM
 AVERAGE    70

..........................................................


THE JAMESTOWN ND CLIMATE NORMALS FOR TOMORROW
                         NORMAL    RECORD    YEAR
 MAXIMUM TEMPERATURE (F)   71       100      1948
 MINIMUM TEMPERATURE (F)   45        25      1916


SUNRISE AND SUNSET
SEPTEMBER 14 2014.....SUNRISE   711 AM CDT   SUNSET   748 PM CDT
SEPTEMBER 15 2014.....SUNRISE   712 AM CDT   SUNSET   746 PM CDT


-  INDICATES NEGATIVE NUMBERS.
R  INDICATES RECORD WAS SET OR TIED.
MM INDICATES DATA IS MISSING.
T  INDICATES TRACE AMOUNT.




$$
