000
CDAK47 PAJK 161131
CLIJNU
CLIMATE REPORT
NATIONAL WEATHER SERVICE JUNEAU, AK
328 AM AKDT MON OCT 16 2017


...................................

...THE JUNEAU CLIMATE SUMMARY FOR OCTOBER 15 2017...

CLIMATE NORMAL PERIOD 1981 TO 2010
CLIMATE RECORD PERIOD 1936 TO 2017


WEATHER ITEM   OBSERVED RECORD YEAR NORMAL DEPARTURE LAST
                VALUE   VALUE       VALUE  FROM      YEAR
                                           NORMAL
...........................................................
TEMPERATURE (F)
 YESTERDAY
  MAXIMUM         47     55    1981  48     -1       43
  MINIMUM         43     21    1992  38      5       32
  AVERAGE         45                 43      2       38

PRECIPITATION (IN)
  YESTERDAY        0.34   1.98 1936   0.28   0.06     0.37
  MONTH TO DATE    2.27               4.49  -2.22     0.37
  SINCE JAN 1     52.10              46.30   5.80    48.53

SNOWFALL (IN)
  YESTERDAY        0.0    0.6  2016   0.0    0.0      0.6
  MONTH TO DATE    0.0                0.1   -0.1      0.6
  SINCE JUL 1      0.0                0.1   -0.1      0.6
  SNOW DEPTH       0

DEGREE DAYS
 HEATING
  YESTERDAY       20                 22     -2       27
  MONTH TO DATE  204                299    -95      353
...........................................................


WIND (MPH)
  HIGHEST WIND SPEED    18   HIGHEST WIND DIRECTION     E (100)
  HIGHEST GUST SPEED    22   HIGHEST GUST DIRECTION     E (100)
  AVERAGE WIND SPEED     6.4


SKY COVER
  AVERAGE SKY COVER 1.0


WEATHER CONDITIONS
 THE FOLLOWING WEATHER WAS RECORDED YESTERDAY.
  RAIN
  LIGHT RAIN
  FOG


..........................................................


THE JUNEAU CLIMATE NORMALS FOR TODAY
                         NORMAL    RECORD    YEAR
 MAXIMUM TEMPERATURE (F)   47        54      2015
 MINIMUM TEMPERATURE (F)   38        23      1992


SUNRISE AND SUNSET
OCTOBER 16 2017.......SUNRISE   737 AM AKDT  SUNSET   549 PM AKDT
OCTOBER 17 2017.......SUNRISE   740 AM AKDT  SUNSET   546 PM AKDT


-  INDICATES NEGATIVE NUMBERS.
R  INDICATES RECORD WAS SET OR TIED.
MM INDICATES DATA IS MISSING.
T  INDICATES TRACE AMOUNT.




$$
--------------------------------------------------------------

AMOUNT OF DAYLIGHT TODAY (HOUR:MIN)......... 10 HOURS 11 MINUTES
GAIN/LOSS SINCE YESTERDAY (HOUR:MIN:SEC).... -0:05:00

$$
