000
CDAK47 PAJK 281146
CLIJNU
AKZ025-282300-
CLIMATE REPORT
NATIONAL WEATHER SERVICE JUNEAU, AK
245 AM AKST WED JAN 28 2015

...................................

...THE JUNEAU CLIMATE SUMMARY FOR JANUARY 27 2015...

CLIMATE NORMAL PERIOD 1981 TO 2010
CLIMATE RECORD PERIOD 1943 TO 2015


WEATHER ITEM   OBSERVED TIME   RECORD YEAR NORMAL DEPARTURE LAST
                VALUE   (LST)  VALUE       VALUE  FROM      YEAR
                                                  NORMAL
..................................................................
TEMPERATURE (F)
 YESTERDAY
  MAXIMUM         31   1159 AM  50    2015  33     -2       34
  MINIMUM         24    734 AM -10    1969  24      0       28
  AVERAGE         28                        29     -1       31

PRECIPITATION (IN)
  YESTERDAY        T             2.06 2000   0.17  -0.17      T
  MONTH TO DATE   11.34                      4.68   6.66     9.74
  SINCE DEC 1     14.63                     10.52   4.11    18.26
  SINCE JAN 1     11.34                      4.68   6.66     9.74

SNOWFALL (IN)
  YESTERDAY        T             9.0  1962   0.9   -0.9      0.0
  MONTH TO DATE    9.1                      24.1  -15.0      4.7
  SINCE DEC 1     12.6                      39.7  -27.1     44.8
  SINCE JUL 1     22.4                      53.6  -31.2     64.0
  SNOW DEPTH       0

DEGREE DAYS
 HEATING
  YESTERDAY       37                        36      1       34
  MONTH TO DATE  785                       998   -213      748
  SINCE DEC 1   1757                      2088   -331     1900
  SINCE JUL 1   4166                      4719   -553     4373
..................................................................

WIND (MPH)
  HIGHEST WIND SPEED     6   HIGHEST WIND DIRECTION     W (250)
  HIGHEST GUST SPEED     9   HIGHEST GUST DIRECTION    SW (220)
  AVERAGE WIND SPEED     1.0

SKY COVER
  POSSIBLE SUNSHINE  MM
  AVERAGE SKY COVER 0.7

WEATHER CONDITIONS
 THE FOLLOWING WEATHER WAS RECORDED YESTERDAY.
  LIGHT SNOW
  FOG

RELATIVE HUMIDITY (PERCENT)
 HIGHEST   100          1100 PM
 LOWEST     78          1200 PM
 AVERAGE    89
..........................................................

THE JUNEAU CLIMATE NORMALS FOR TODAY
                         NORMAL    RECORD    YEAR
 MAXIMUM TEMPERATURE (F)   33        44      1995
 MINIMUM TEMPERATURE (F)   24       -20      1966

SUNRISE AND SUNSET
JANUARY 28 2015.......SUNRISE   812 AM AKST  SUNSET   411 PM AKST
JANUARY 29 2015.......SUNRISE   810 AM AKST  SUNSET   414 PM AKST

-  INDICATES NEGATIVE NUMBERS.
R  INDICATES RECORD WAS SET OR TIED.
MM INDICATES DATA IS MISSING.
T  INDICATES TRACE AMOUNT.

$$
&&
----------------------------
AMOUNT OF DAYLIGHT TODAY  (HOUR:MIN)........ 7:59
GAIN/LOSS SINCE YESTERDAY (HOUR:MIN:SEC)....+0:04:21
