000
CDAK47 PAJK 261126
CLIJNU
AKZ025-262300-
CLIMATE REPORT
NATIONAL WEATHER SERVICE JUNEAU, AK
325 AM AKDT THU MAR 26 2015

...................................

...THE JUNEAU CLIMATE SUMMARY FOR MARCH 25 2015...

CLIMATE NORMAL PERIOD 1981 TO 2010
CLIMATE RECORD PERIOD 1943 TO 2015

WEATHER ITEM   OBSERVED TIME   RECORD YEAR NORMAL DEPARTURE LAST
                VALUE   (LST)  VALUE       VALUE  FROM      YEAR
                                                  NORMAL
..................................................................
TEMPERATURE (F)
 YESTERDAY
  MAXIMUM         50   1225 PM  51    2001  42      8       40
                                      1979
  MINIMUM         26    255 AM  -2    1967  29     -3       34
  AVERAGE         38                        36      2       37

PRECIPITATION (IN)
  YESTERDAY        T             0.81 1997   0.11  -0.11     0.00
  MONTH TO DATE    3.62                      3.14   0.48     3.45
  SINCE MAR 1      3.62                      3.14   0.48     3.45
  SINCE JAN 1     19.22                     12.62   6.60    15.58

SNOWFALL (IN)
  YESTERDAY        0.0          10.9  1997   0.2   -0.2      0.0
  MONTH TO DATE    9.9                      10.3   -0.4      6.0
  SINCE MAR 1      9.9                      10.3   -0.4      6.0
  SINCE JUL 1     48.6                      84.3  -35.7     96.8
  SNOW DEPTH       0

DEGREE DAYS
 HEATING
  YESTERDAY       27                        29     -2       28
  MONTH TO DATE  719                       794    -75      846
  SINCE MAR 1    719                       794    -75      846
  SINCE JUL 1   5940                      6631   -691     6487

 COOLING
  YESTERDAY        0                         0      0        0
  MONTH TO DATE    0                         0      0        0
  SINCE MAR 1      0                         0      0        0
  SINCE JAN 1      0                         0      0        0
..................................................................

WIND (MPH)
  HIGHEST WIND SPEED    22   HIGHEST WIND DIRECTION     E (70)
  HIGHEST GUST SPEED    28   HIGHEST GUST DIRECTION     E (70)
  AVERAGE WIND SPEED     4.8

SKY COVER
  POSSIBLE SUNSHINE  MM
  AVERAGE SKY COVER 0.7

WEATHER CONDITIONS
 THE FOLLOWING WEATHER WAS RECORDED YESTERDAY.
  LIGHT RAIN

RELATIVE HUMIDITY (PERCENT)
 HIGHEST   100           200 AM
 LOWEST     27          1200 PM
 AVERAGE    64
..........................................................

THE JUNEAU CLIMATE NORMALS FOR TODAY
                         NORMAL    RECORD    YEAR
 MAXIMUM TEMPERATURE (F)   42        50      2005
 MINIMUM TEMPERATURE (F)   30        -4      1967

SUNRISE AND SUNSET
MARCH 26 2015.........SUNRISE   643 AM AKDT  SUNSET   726 PM AKDT
MARCH 27 2015.........SUNRISE   640 AM AKDT  SUNSET   728 PM AKDT

-  INDICATES NEGATIVE NUMBERS.
R  INDICATES RECORD WAS SET OR TIED.
MM INDICATES DATA IS MISSING.
T  INDICATES TRACE AMOUNT.

$$
&&
----------------------------
AMOUNT OF DAYLIGHT TODAY  (HOUR:MIN)........12:43
GAIN/LOSS SINCE YESTERDAY (HOUR:MIN:SEC)....+0:05:07
