000
CDAK47 PAJK 291130
CLIJNU
AKZ025-292300-
CLIMATE REPORT
NATIONAL WEATHER SERVICE JUNEAU, AK
327 AM AKDT WED JUL 29 2015


...................................

...THE JUNEAU CLIMATE SUMMARY FOR JULY 28 2015...

CLIMATE NORMAL PERIOD 1981 TO 2010
CLIMATE RECORD PERIOD 1936 TO 2015


WEATHER ITEM   OBSERVED TIME   RECORD YEAR NORMAL DEPARTURE LAST
                VALUE   (LST)  VALUE       VALUE  FROM      YEAR
                                                  NORMAL
..................................................................
TEMPERATURE (F)
 YESTERDAY
  MAXIMUM         56    400 PM  81    1982  64     -8       58
  MINIMUM         53   1159 PM  41    1945  51      2       51
  AVERAGE         55                        58     -3       55

PRECIPITATION (IN)
  YESTERDAY        0.29          1.20 1946   0.16   0.13     0.47
  MONTH TO DATE    9.46                      4.11   5.35     7.56
  SINCE JUN 1     14.12                      7.35   6.77    15.04
  SINCE JAN 1     41.94                     26.95  14.99    34.96

DEGREE DAYS
 HEATING
  YESTERDAY       10                         7      3       10
  MONTH TO DATE  199                       230    -31      204
  SINCE JUN 1    433                       545   -112      558
  SINCE JUL 1    199                       230    -31      204

 COOLING
  YESTERDAY        0                         0      0        0
  MONTH TO DATE    5                         0      5        0
  SINCE JUN 1      7                         1      6        0
  SINCE JAN 1      7                         1      6        0
..................................................................


WIND (MPH)
  HIGHEST WIND SPEED    21   HIGHEST WIND DIRECTION    SE (130)
  HIGHEST GUST SPEED    26   HIGHEST GUST DIRECTION    SE (130)
  AVERAGE WIND SPEED    13.1


SKY COVER
  AVERAGE SKY COVER 1.0


WEATHER CONDITIONS
 THE FOLLOWING WEATHER WAS RECORDED YESTERDAY.
  LIGHT RAIN
  FOG


RELATIVE HUMIDITY (PERCENT)
 HIGHEST   100           100 AM
 LOWEST     86           500 AM
 AVERAGE    93

..........................................................


THE JUNEAU CLIMATE NORMALS FOR TODAY
                         NORMAL    RECORD    YEAR
 MAXIMUM TEMPERATURE (F)   64        82      2009
 MINIMUM TEMPERATURE (F)   51        40      1978


SUNRISE AND SUNSET
JULY 29 2015..........SUNRISE   443 AM AKDT  SUNSET   925 PM AKDT
JULY 30 2015..........SUNRISE   445 AM AKDT  SUNSET   923 PM AKDT


-  INDICATES NEGATIVE NUMBERS.
R  INDICATES RECORD WAS SET OR TIED.
MM INDICATES DATA IS MISSING.
T  INDICATES TRACE AMOUNT.




$$


&&
----------------------------
AMOUNT OF DAYLIGHT TODAY  (HOUR:MIN)........16:42
GAIN/LOSS SINCE YESTERDAY (HOUR:MIN:SEC)....-0:04:13
