000
CDUS43 KGRR 020523
CLIJXN


CLIMATE REPORT
NATIONAL WEATHER SERVICE GRAND RAPIDS, MI
123 AM EDT TUE JUN 2 2015


...................................

...THE JACKSON MI CLIMATE SUMMARY FOR JUNE 1 2015...

CLIMATE NORMAL PERIOD 1981 TO 2010
CLIMATE RECORD PERIOD 1944 TO 9999


WEATHER ITEM   OBSERVED TIME   NORMAL DEPARTURE LAST
                VALUE   (LST)  VALUE  FROM      YEAR
                                      NORMAL
......................................................
TEMPERATURE (F)
 YESTERDAY
  MAXIMUM         65    348 PM  74     -9       85
  MINIMUM         45    602 AM  52     -7       53
  AVERAGE         55            63     -8       69

PRECIPITATION (IN)
  YESTERDAY        0.00          0.10  -0.10     0.00
  MONTH TO DATE    0.00          0.10  -0.10     0.00
  SINCE JUN 1      0.00          0.10  -0.10     0.00
  SINCE JAN 1     10.63         10.70  -0.07    12.33

DEGREE DAYS
 HEATING
  YESTERDAY       10             4      6        0
  MONTH TO DATE   10             4      6        0
  SINCE JUN 1     10             4      6        0
  SINCE JUL 1   7174          6606    568     7502

 COOLING
  YESTERDAY        0             2     -2        4
  MONTH TO DATE    0             2     -2        4
  SINCE JUN 1      0             2     -2        4
  SINCE JAN 1     55            39     16       38
......................................................


WIND (MPH)
  RESULTANT WIND SPEED   6   RESULTANT WIND DIRECTION  NE (50)
  HIGHEST WIND SPEED    15   HIGHEST WIND DIRECTION    NE (30)
  HIGHEST GUST SPEED    21   HIGHEST GUST DIRECTION    NE (60)
  AVERAGE WIND SPEED     6.2


SKY COVER
  AVERAGE SKY COVER 0.2


WEATHER CONDITIONS
 THE FOLLOWING WEATHER WAS RECORDED YESTERDAY.
  NO SIGNIFICANT WEATHER WAS OBSERVED.


RELATIVE HUMIDITY (PERCENT)
 HIGHEST    89           500 AM
 LOWEST     44           400 PM
 AVERAGE    67

..........................................................


THE JACKSON MI CLIMATE NORMALS FOR TODAY
                         NORMAL
 MAXIMUM TEMPERATURE (F)   75
 MINIMUM TEMPERATURE (F)   52


SUNRISE AND SUNSET
JUNE  2 2015..........SUNRISE   604 AM EDT   SUNSET   908 PM EDT
JUNE  3 2015..........SUNRISE   603 AM EDT   SUNSET   909 PM EDT


-  INDICATES NEGATIVE NUMBERS.
R  INDICATES RECORD WAS SET OR TIED.
MM INDICATES DATA IS MISSING.
T  INDICATES TRACE AMOUNT.




$$
