000
CDUS43 KGRR 010518
CLIJXN


CLIMATE REPORT
NATIONAL WEATHER SERVICE GRAND RAPIDS, MI
118 AM EDT MON SEP 1 2014


...................................

...THE JACKSON MI CLIMATE SUMMARY FOR AUGUST 31 2014...

CLIMATE NORMAL PERIOD 1981 TO 2010
CLIMATE RECORD PERIOD 9999 TO 9999


WEATHER ITEM   OBSERVED TIME   NORMAL DEPARTURE LAST
                VALUE   (LST)  VALUE  FROM      YEAR
                                      NORMAL
......................................................
TEMPERATURE (F)
 YESTERDAY
  MAXIMUM         84    319 PM  78      6       82
  MINIMUM         67   1159 PM  57     10       69
  AVERAGE         76            67      9       76

PRECIPITATION (IN)
  YESTERDAY        0.08          0.12  -0.04     0.00
  MONTH TO DATE    2.78          3.47  -0.69     5.33
  SINCE JUN 1     10.68         10.32   0.36    11.93
  SINCE JAN 1     23.01         20.92   2.09    24.55

DEGREE DAYS
 HEATING
  YESTERDAY        0             1     -1        0
  MONTH TO DATE   12            27    -15       27
  SINCE JUN 1     73            90    -17      105
  SINCE JUL 1     42            35      7       48

 COOLING
  YESTERDAY       11             4      7       11
  MONTH TO DATE  173           164      9      141
  SINCE JUN 1    412           492    -80      473
  SINCE JAN 1    446           529    -83      540
......................................................


WIND (MPH)
  RESULTANT WIND SPEED   4   RESULTANT WIND DIRECTION  SW (240)
  HIGHEST WIND SPEED    12   HIGHEST WIND DIRECTION    SW (240)
  HIGHEST GUST SPEED    17   HIGHEST GUST DIRECTION    SW (230)
  AVERAGE WIND SPEED     4.9


SKY COVER
  AVERAGE SKY COVER 0.4


WEATHER CONDITIONS
 THE FOLLOWING WEATHER WAS RECORDED YESTERDAY.
  LIGHT RAIN
  FOG


RELATIVE HUMIDITY (PERCENT)
 HIGHEST    97           800 AM
 LOWEST     58           300 PM
 AVERAGE    78

..........................................................


THE JACKSON MI CLIMATE NORMALS FOR TODAY
                         NORMAL
 MAXIMUM TEMPERATURE (F)   78
 MINIMUM TEMPERATURE (F)   56


SUNRISE AND SUNSET
SEPTEMBER  1 2014.....SUNRISE   703 AM EDT   SUNSET   812 PM EDT
SEPTEMBER  2 2014.....SUNRISE   704 AM EDT   SUNSET   810 PM EDT


-  INDICATES NEGATIVE NUMBERS.
R  INDICATES RECORD WAS SET OR TIED.
MM INDICATES DATA IS MISSING.
T  INDICATES TRACE AMOUNT.




$$
