000
CDUS43 KGRR 101353
CLIJXN


CLIMATE REPORT
NATIONAL WEATHER SERVICE GRAND RAPIDS, MI
952 AM EDT THU JUL 10 2014


...................................

...THE JACKSON MI CLIMATE SUMMARY FOR JULY 10 2014...
VALID AS OF 0900 AM LOCAL TIME.

CLIMATE NORMAL PERIOD 1981 TO 2010
CLIMATE RECORD PERIOD 9999 TO 9999


WEATHER ITEM   OBSERVED TIME   RECORD YEAR NORMAL DEPARTURE LAST
                VALUE   (LST)  VALUE       VALUE  FROM      YEAR
                                                  NORMAL
..................................................................
TEMPERATURE (F)
 TODAY
  MAXIMUM         63    759 AM  MM      MM  83    -20       87
  MINIMUM         53    549 AM  MM      MM  60     -7       59
  AVERAGE         58                        71    -13       73

PRECIPITATION (IN)
  TODAY            0.00         MM      MM   0.11  -0.11     0.00
  MONTH TO DATE    2.48                      1.08   1.40     0.16
  SINCE JUN 1      7.24                      4.35   2.89     4.78
  SINCE JAN 1     19.57                     14.95   4.62    17.40

DEGREE DAYS
 HEATING
  TODAY            7                         0      7        0
  MONTH TO DATE   13                         1     12        1
  SINCE JUN 1     44                        56    -12       58

 COOLING
  TODAY            0                         7     -7        8
  MONTH TO DATE   34                        68    -34       74
  SINCE JUN 1    175                       194    -19      191
..................................................................


WIND (MPH)
  HIGHEST WIND SPEED     6   HIGHEST WIND DIRECTION     N (340)
  HIGHEST GUST SPEED     8   HIGHEST GUST DIRECTION     N (340)



WEATHER CONDITIONS
 THE FOLLOWING WEATHER WAS RECORDED TODAY.
  NO SIGNIFICANT WEATHER WAS OBSERVED.


..........................................................




SUNRISE AND SUNSET
JULY 10 2014..........SUNRISE   611 AM EDT   SUNSET   915 PM EDT
JULY 11 2014..........SUNRISE   612 AM EDT   SUNSET   915 PM EDT


-  INDICATES NEGATIVE NUMBERS.
R  INDICATES RECORD WAS SET OR TIED.
MM INDICATES DATA IS MISSING.
T  INDICATES TRACE AMOUNT.




$$
