449
CDUS43 KGRR 261354
CLIJXN


CLIMATE REPORT
NATIONAL WEATHER SERVICE GRAND RAPIDS, MI
954 AM EDT WED APR 26 2017


...................................

...THE JACKSON MI CLIMATE SUMMARY FOR APRIL 26 2017...
VALID AS OF 0900 AM LOCAL TIME.

CLIMATE NORMAL PERIOD 1981 TO 2010
CLIMATE RECORD PERIOD 1944 TO 9999


WEATHER ITEM   OBSERVED TIME   NORMAL DEPARTURE LAST
                VALUE   (LST)  VALUE  FROM      YEAR
                                      NORMAL
......................................................
TEMPERATURE (F)
 TODAY
  MAXIMUM         62    759 AM  63     -1       62
  MINIMUM         56   1254 AM  40     16       42
  AVERAGE         59            52      7       52

PRECIPITATION (IN)
  TODAY            0.00          0.09  -0.09     0.01
  MONTH TO DATE    3.43          2.25   1.18     2.14
  SINCE MAR 1      7.32          4.15   3.17     4.79
  SINCE JAN 1     12.26          6.93   5.33     6.66

DEGREE DAYS
 HEATING
  TODAY            6            14     -8       13
  MONTH TO DATE  309           470   -161      490
  SINCE MAR 1   1225          1380   -155     1199
  SINCE JUL 1   5233          6294  -1061     5321

 COOLING
  TODAY            0             0      0        0
  MONTH TO DATE    3             0      3        0
  SINCE MAR 1      3             0      3        0
  SINCE JAN 1      3             0      3        0
......................................................


WIND (MPH)
  RESULTANT WIND SPEED  10   RESULTANT WIND DIRECTION  SE (140)
  HIGHEST WIND SPEED    16   HIGHEST WIND DIRECTION    SE (150)
  HIGHEST GUST SPEED    21   HIGHEST GUST DIRECTION    SE (140)
  AVERAGE WIND SPEED    10.1


SKY COVER
  AVERAGE SKY COVER 0.1


WEATHER CONDITIONS
 THE FOLLOWING WEATHER WAS RECORDED TODAY.
  NO SIGNIFICANT WEATHER WAS OBSERVED.


RELATIVE HUMIDITY (PERCENT)
 HIGHEST    86           400 AM
 LOWEST     78           800 AM
 AVERAGE    82

..........................................................


THE JACKSON MI CLIMATE NORMALS FOR TOMORROW
                         NORMAL
 MAXIMUM TEMPERATURE (F)   63
 MINIMUM TEMPERATURE (F)   41


SUNRISE AND SUNSET
APRIL 26 2017.........SUNRISE   640 AM EDT   SUNSET   832 PM EDT
APRIL 27 2017.........SUNRISE   638 AM EDT   SUNSET   833 PM EDT


-  INDICATES NEGATIVE NUMBERS.
R  INDICATES RECORD WAS SET OR TIED.
MM INDICATES DATA IS MISSING.
T  INDICATES TRACE AMOUNT.




$$
