000
CDUS43 KGRR 182224
CLIJXN


CLIMATE REPORT
NATIONAL WEATHER SERVICE GRAND RAPIDS, MI
524 PM EST WED JAN 18 2017


...................................

...THE JACKSON MI CLIMATE SUMMARY FOR JANUARY 18 2017...
VALID TODAY AS OF 0500 PM LOCAL TIME.

CLIMATE NORMAL PERIOD 1981 TO 2010
CLIMATE RECORD PERIOD 1944 TO 9999


WEATHER ITEM   OBSERVED TIME   NORMAL DEPARTURE LAST
                VALUE   (LST)  VALUE  FROM      YEAR
                                      NORMAL
......................................................
TEMPERATURE (F)
 TODAY
  MAXIMUM         38    339 PM  31      7       12
  MINIMUM         35    459 PM  16     19        4
  AVERAGE         37            23     14        8

PRECIPITATION (IN)
  TODAY            T             0.05  -0.05      T
  MONTH TO DATE    2.30          0.96   1.34     0.65
  SINCE DEC 1      3.18          2.83   0.35     2.96
  SINCE JAN 1      2.30          0.96   1.34     0.65

DEGREE DAYS
 HEATING
  TODAY           28            42    -14       57
  MONTH TO DATE  692           745    -53      708
  SINCE DEC 1   1857          1889    -32     1480
  SINCE JUL 1   2827          3293   -466     2601

 COOLING
  TODAY            0             0      0        0
  MONTH TO DATE    0             0      0        0
  SINCE DEC 1      0             0      0        0
  SINCE JAN 1      0             0      0        0
......................................................


WIND (MPH)
  RESULTANT WIND SPEED  10   RESULTANT WIND DIRECTION   W (260)
  HIGHEST WIND SPEED    16   HIGHEST WIND DIRECTION    SW (240)
  HIGHEST GUST SPEED    21   HIGHEST GUST DIRECTION     W (260)
  AVERAGE WIND SPEED     9.7


SKY COVER
  AVERAGE SKY COVER 1.0


WEATHER CONDITIONS
 THE FOLLOWING WEATHER WAS RECORDED TODAY.
  LIGHT RAIN
  FOG


RELATIVE HUMIDITY (PERCENT)
 HIGHEST    92          1200 AM
 LOWEST     85          1100 AM
 AVERAGE    89

..........................................................


THE JACKSON MI CLIMATE NORMALS FOR TOMORROW
                         NORMAL
 MAXIMUM TEMPERATURE (F)   31
 MINIMUM TEMPERATURE (F)   16


SUNRISE AND SUNSET
JANUARY 18 2017.......SUNRISE   802 AM EST   SUNSET   535 PM EST
JANUARY 19 2017.......SUNRISE   802 AM EST   SUNSET   536 PM EST


-  INDICATES NEGATIVE NUMBERS.
R  INDICATES RECORD WAS SET OR TIED.
MM INDICATES DATA IS MISSING.
T  INDICATES TRACE AMOUNT.




$$
