000
CDUS43 KIND 210531
CLILAF


CLIMATE REPORT
NATIONAL WEATHER SERVICE INDIANAPOLIS IN
130 AM EDT SAT OCT 21 2017


...................................

...THE LAFAYETTE IN CLIMATE SUMMARY FOR OCTOBER 20 2017...

CLIMATE NORMAL PERIOD 1981 TO 2010
CLIMATE RECORD PERIOD 9999 TO 9999


WEATHER ITEM   OBSERVED TIME   NORMAL DEPARTURE LAST
                VALUE   (LST)  VALUE  FROM      YEAR
                                      NORMAL
......................................................
TEMPERATURE (F)
 YESTERDAY
  MAXIMUM         76    342 PM  64     12       58
  MINIMUM         47    720 AM  42      5       50
  AVERAGE         62            53      9       54

PRECIPITATION (IN)
  YESTERDAY        0.00          0.09  -0.09     0.62
  MONTH TO DATE    0.46          1.87  -1.41     1.02
  SINCE SEP 1      1.92          4.53  -2.61     3.93
  SINCE JAN 1     38.31         30.08   8.23    31.27

DEGREE DAYS
 HEATING
  YESTERDAY        3            12     -9       11
  MONTH TO DATE   72           192   -120       96
  SINCE SEP 1    141           271   -130      121
  SINCE JUL 1    150           277   -127      131

 COOLING
  YESTERDAY        0             0      0        0
  MONTH TO DATE   42            13     29       29
  SINCE SEP 1    178           126     52      183
  SINCE JAN 1    851           978   -127     1095
......................................................


WIND (MPH)
  HIGHEST WIND SPEED    13   HIGHEST WIND DIRECTION     S (200)
  HIGHEST GUST SPEED    18   HIGHEST GUST DIRECTION    SW (210)
  AVERAGE WIND SPEED     2.9


SKY COVER
  AVERAGE SKY COVER 0.0


WEATHER CONDITIONS
 THE FOLLOWING WEATHER WAS RECORDED YESTERDAY.
  NO SIGNIFICANT WEATHER WAS OBSERVED.


RELATIVE HUMIDITY (PERCENT)
 HIGHEST   100           100 AM
 LOWEST     41           400 PM
 AVERAGE    71

..........................................................


THE LAFAYETTE IN CLIMATE NORMALS FOR TODAY
                         NORMAL
 MAXIMUM TEMPERATURE (F)   63
 MINIMUM TEMPERATURE (F)   42


SUNRISE AND SUNSET
OCTOBER 21 2017.......SUNRISE   805 AM EDT   SUNSET   659 PM EDT
OCTOBER 22 2017.......SUNRISE   806 AM EDT   SUNSET   657 PM EDT


-  INDICATES NEGATIVE NUMBERS.
R  INDICATES RECORD WAS SET OR TIED.
MM INDICATES DATA IS MISSING.
T  INDICATES TRACE AMOUNT.




$$
