000
CDUS43 KIND 220532
CLILAF


CLIMATE REPORT
NATIONAL WEATHER SERVICE INDIANAPOLIS IN
131 AM EDT FRI AUG 22 2014


...................................

...THE LAFAYETTE IN CLIMATE SUMMARY FOR AUGUST 21 2014...

CLIMATE NORMAL PERIOD 1981 TO 2010
CLIMATE RECORD PERIOD 9999 TO 9999


WEATHER ITEM   OBSERVED TIME   NORMAL DEPARTURE LAST
                VALUE   (LST)  VALUE  FROM      YEAR
                                      NORMAL
......................................................
TEMPERATURE (F)
 YESTERDAY
  MAXIMUM         86    504 PM  84      2       88
  MINIMUM         69    455 AM  62      7       63
  AVERAGE         78            73      5       76

PRECIPITATION (IN)
  YESTERDAY        0.10          0.12  -0.02     0.00
  MONTH TO DATE    2.23          2.36  -0.13     1.74
  SINCE JUN 1     10.69         10.43   0.26     8.66
  SINCE JAN 1     23.52         24.45  -0.93    27.28

DEGREE DAYS
 HEATING
  YESTERDAY        0             0      0        0
  MONTH TO DATE    6             0      6       11
  SINCE JUN 1     30            23      7       38
  SINCE JUL 1     24             1     23       20

 COOLING
  YESTERDAY       13             8      5       11
  MONTH TO DATE  113           186    -73      114
  SINCE JUN 1    464           700   -236      516
  SINCE JAN 1    561           777   -216      617
......................................................


WIND (MPH)
  HIGHEST WIND SPEED    22   HIGHEST WIND DIRECTION     N (20)
  HIGHEST GUST SPEED    29   HIGHEST GUST DIRECTION     N (10)
  AVERAGE WIND SPEED     4.8


SKY COVER
  AVERAGE SKY COVER 0.6


WEATHER CONDITIONS
 THE FOLLOWING WEATHER WAS RECORDED YESTERDAY.
  THUNDERSTORM
  RAIN
  LIGHT RAIN
  FOG


RELATIVE HUMIDITY (PERCENT)
 HIGHEST   100           700 AM
 LOWEST     70           200 PM
 AVERAGE    85

..........................................................


THE LAFAYETTE IN CLIMATE NORMALS FOR TODAY
                         NORMAL
 MAXIMUM TEMPERATURE (F)   84
 MINIMUM TEMPERATURE (F)   62


SUNRISE AND SUNSET
AUGUST 22 2014........SUNRISE   705 AM EDT   SUNSET   835 PM EDT
AUGUST 23 2014........SUNRISE   706 AM EDT   SUNSET   834 PM EDT


-  INDICATES NEGATIVE NUMBERS.
R  INDICATES RECORD WAS SET OR TIED.
MM INDICATES DATA IS MISSING.
T  INDICATES TRACE AMOUNT.




$$
