000
CDUS43 KIND 150531
CLILAF


CLIMATE REPORT
NATIONAL WEATHER SERVICE INDIANAPOLIS IN
1231 AM EST FRI DEC 15 2017


...................................

...THE LAFAYETTE IN CLIMATE SUMMARY FOR DECEMBER 14 2017...

CLIMATE NORMAL PERIOD 1981 TO 2010
CLIMATE RECORD PERIOD 9999 TO 9999


WEATHER ITEM   OBSERVED TIME   NORMAL DEPARTURE LAST
                VALUE   (LST)  VALUE  FROM      YEAR
                                      NORMAL
......................................................
TEMPERATURE (F)
 YESTERDAY
  MAXIMUM         31    329 PM  38     -7       22
  MINIMUM         22   1158 PM  23     -1        3
  AVERAGE         27            30     -3       13

PRECIPITATION (IN)
  YESTERDAY        0.00          0.07  -0.07     0.00
  MONTH TO DATE    0.10          1.24  -1.14     0.67
  SINCE DEC 1      0.10          1.24  -1.14     0.67
  SINCE JAN 1     42.81         35.31   7.50    34.98

DEGREE DAYS
 HEATING
  YESTERDAY       38            35      3       52
  MONTH TO DATE  445           450     -5      504
  SINCE DEC 1    445           450     -5      504
  SINCE JUL 1   1490          1551    -61     1350

 COOLING
  YESTERDAY        0             0      0        0
  MONTH TO DATE    0             0      0        0
  SINCE DEC 1      0             0      0        0
  SINCE JAN 1    853           983   -130     1102
......................................................


WIND (MPH)
  HIGHEST WIND SPEED    22   HIGHEST WIND DIRECTION     N (340)
  HIGHEST GUST SPEED    28   HIGHEST GUST DIRECTION    NW (330)
  AVERAGE WIND SPEED     6.0


SKY COVER
  AVERAGE SKY COVER 0.7


WEATHER CONDITIONS
 THE FOLLOWING WEATHER WAS RECORDED YESTERDAY.
  NO SIGNIFICANT WEATHER WAS OBSERVED.


RELATIVE HUMIDITY (PERCENT)
 HIGHEST    75           200 AM
 LOWEST     47           300 PM
 AVERAGE    61

..........................................................


THE LAFAYETTE IN CLIMATE NORMALS FOR TODAY
                         NORMAL
 MAXIMUM TEMPERATURE (F)   37
 MINIMUM TEMPERATURE (F)   23


SUNRISE AND SUNSET
DECEMBER 15 2017......SUNRISE   804 AM EST   SUNSET   522 PM EST
DECEMBER 16 2017......SUNRISE   805 AM EST   SUNSET   522 PM EST


-  INDICATES NEGATIVE NUMBERS.
R  INDICATES RECORD WAS SET OR TIED.
MM INDICATES DATA IS MISSING.
T  INDICATES TRACE AMOUNT.




$$
