000
CDUS43 KIND 260535
CLILAF


CLIMATE REPORT
NATIONAL WEATHER SERVICE INDIANAPOLIS IN
1234 AM EST SUN FEB 26 2017


...................................

...THE LAFAYETTE IN CLIMATE SUMMARY FOR FEBRUARY 25 2017...

CLIMATE NORMAL PERIOD 1981 TO 2010
CLIMATE RECORD PERIOD 9999 TO 9999


WEATHER ITEM   OBSERVED TIME   NORMAL DEPARTURE LAST
                VALUE   (LST)  VALUE  FROM      YEAR
                                      NORMAL
......................................................
TEMPERATURE (F)
 YESTERDAY
  MAXIMUM         41    109 AM  42     -1       33
  MINIMUM         22   1159 PM  25     -3       30
  AVERAGE         32            34     -2       32

PRECIPITATION (IN)
  YESTERDAY        T             0.07  -0.07     0.01
  MONTH TO DATE    0.74          1.53  -0.79     1.42
  SINCE DEC 1      6.30          5.90   0.40     9.26
  SINCE JAN 1      4.74          3.39   1.35     2.50

DEGREE DAYS
 HEATING
  YESTERDAY       33            31      2       33
  MONTH TO DATE  625           872   -247      857
  SINCE DEC 1   2776          3139   -363     2761
  SINCE JUL 1   3622          4240   -618     3710

 COOLING
  YESTERDAY        0             0      0        0
  MONTH TO DATE    0             0      0        0
  SINCE DEC 1      0             0      0        0
  SINCE JAN 1      0             0      0        0
......................................................


WIND (MPH)
  HIGHEST WIND SPEED    30   HIGHEST WIND DIRECTION     W (270)
  HIGHEST GUST SPEED    39   HIGHEST GUST DIRECTION     W (280)
  AVERAGE WIND SPEED    15.8


SKY COVER
  AVERAGE SKY COVER 0.9


WEATHER CONDITIONS
 THE FOLLOWING WEATHER WAS RECORDED YESTERDAY.
  LIGHT RAIN
  LIGHT SNOW
  FOG


RELATIVE HUMIDITY (PERCENT)
 HIGHEST   100           600 AM
 LOWEST     63           700 PM
 AVERAGE    82

..........................................................


THE LAFAYETTE IN CLIMATE NORMALS FOR TODAY
                         NORMAL
 MAXIMUM TEMPERATURE (F)   42
 MINIMUM TEMPERATURE (F)   25


SUNRISE AND SUNSET
FEBRUARY 26 2017......SUNRISE   725 AM EST   SUNSET   636 PM EST
FEBRUARY 27 2017......SUNRISE   724 AM EST   SUNSET   637 PM EST


-  INDICATES NEGATIVE NUMBERS.
R  INDICATES RECORD WAS SET OR TIED.
MM INDICATES DATA IS MISSING.
T  INDICATES TRACE AMOUNT.




$$
