000
CDUS43 KGRR 230511
CLILAN


CLIMATE REPORT
NATIONAL WEATHER SERVICE GRAND RAPIDS, MI
111 AM EDT WED JUL 23 2014


...................................

...THE LANSING MI CLIMATE SUMMARY FOR JULY 22 2014...

CLIMATE NORMAL PERIOD 1981 TO 2010
CLIMATE RECORD PERIOD 1864 TO 2014


WEATHER ITEM   OBSERVED TIME   RECORD YEAR NORMAL DEPARTURE LAST
                VALUE   (LST)  VALUE       VALUE  FROM      YEAR
                                                  NORMAL
..................................................................
TEMPERATURE (F)
 YESTERDAY
  MAXIMUM         87    226 PM  95    1914  82      5       82
  MINIMUM         66    601 AM  41    1863  61      5       67
  AVERAGE         77                        72      5       75

PRECIPITATION (IN)
  YESTERDAY        0.00          3.50 1883   0.09  -0.09     0.21
  MONTH TO DATE    4.40                      1.99   2.41     0.91
  SINCE JUN 1     10.80                      5.44   5.36     9.31
  SINCE JAN 1     22.01                     17.01   5.00    27.31

SNOWFALL (IN)
  YESTERDAY        0.0           0.0    MM   0.0    0.0      0.0
  MONTH TO DATE    0.0                       0.0    0.0      0.0
  SINCE JUN 1      0.0                       0.0    0.0      0.0
  SINCE JUL 1      0.0                       0.0    0.0      0.0
  SNOW DEPTH       0

DEGREE DAYS
 HEATING
  YESTERDAY        0                         0      0        0
  MONTH TO DATE   17                         2     15        2
  SINCE JUN 1     41                        57    -16       52
  SINCE JUL 1     17                         2     15        2

 COOLING
  YESTERDAY       12                         7      5       10
  MONTH TO DATE   89                       154    -65      214
  SINCE JUN 1    236                       286    -50      347
  SINCE JAN 1    275                       327    -52      420
..................................................................


WIND (MPH)
  RESULTANT WIND SPEED  10   RESULTANT WIND DIRECTION  SW (210)
  HIGHEST WIND SPEED    20   HIGHEST WIND DIRECTION    SW (210)
  HIGHEST GUST SPEED    25   HIGHEST GUST DIRECTION    SW (210)
  AVERAGE WIND SPEED    10.6


SKY COVER
  AVERAGE SKY COVER 0.2


WEATHER CONDITIONS
 THE FOLLOWING WEATHER WAS RECORDED YESTERDAY.
  NO SIGNIFICANT WEATHER WAS OBSERVED.


RELATIVE HUMIDITY (PERCENT)
 HIGHEST    81           400 AM
 LOWEST     51           200 PM
 AVERAGE    66

..........................................................


THE LANSING MI CLIMATE NORMALS FOR TODAY
                         NORMAL    RECORD    YEAR
 MAXIMUM TEMPERATURE (F)   82        97      2012
 MINIMUM TEMPERATURE (F)   61        43      1985


SUNRISE AND SUNSET
JULY 23 2014..........SUNRISE   621 AM EDT   SUNSET   908 PM EDT
JULY 24 2014..........SUNRISE   622 AM EDT   SUNSET   907 PM EDT


-  INDICATES NEGATIVE NUMBERS.
R  INDICATES RECORD WAS SET OR TIED.
MM INDICATES DATA IS MISSING.
T  INDICATES TRACE AMOUNT.




$$
