000
CDUS43 KGRR 230519
CLILAN


CLIMATE REPORT
NATIONAL WEATHER SERVICE GRAND RAPIDS, MI
1218 AM EST THU FEB 23 2017


...................................

...THE LANSING MI CLIMATE SUMMARY FOR FEBRUARY 22 2017...

CLIMATE NORMAL PERIOD 1981 TO 2010
CLIMATE RECORD PERIOD 1864 TO 2017


WEATHER ITEM   OBSERVED TIME   RECORD YEAR NORMAL DEPARTURE LAST
                VALUE   (LST)  VALUE       VALUE  FROM      YEAR
                                                  NORMAL
..................................................................
TEMPERATURE (F)
 YESTERDAY
  MAXIMUM         62    144 PM  66    1930  35     27       40
  MINIMUM         41    225 AM -14    1936  20     21       29
                                      1885
  AVERAGE         52                        27     25       35

PRECIPITATION (IN)
  YESTERDAY        0.00          0.84 1882   0.06  -0.06     0.00
  MONTH TO DATE    1.10                      1.10   0.00     0.81
  SINCE DEC 1      6.51                      4.62   1.89     4.98
  SINCE JAN 1      4.75                      2.75   2.00     2.26

SNOWFALL (IN)
  YESTERDAY        0.0           6.0  1904   0.4   -0.4      0.0
  MONTH TO DATE    2.3                       9.3   -7.0      5.3
  SINCE DEC 1     27.5                      36.1   -8.6     15.0
  SINCE JUL 1     27.5                      39.9  -12.4     23.2
  SNOW DEPTH       0

DEGREE DAYS
 HEATING
  YESTERDAY       13                        38    -25       30
  MONTH TO DATE  680                       875   -195      822
  SINCE DEC 1   2930                      3301   -371     2830
  SINCE JUL 1   3905                      4715   -810     3938

 COOLING
  YESTERDAY        0                         0      0        0
  MONTH TO DATE    0                         0      0        0
  SINCE DEC 1      0                         0      0        0
  SINCE JAN 1      0                         0      0        0
..................................................................


WIND (MPH)
  RESULTANT WIND SPEED   9   RESULTANT WIND DIRECTION   S (200)
  HIGHEST WIND SPEED    20   HIGHEST WIND DIRECTION     S (190)
  HIGHEST GUST SPEED    25   HIGHEST GUST DIRECTION     S (190)
  AVERAGE WIND SPEED     9.5


SKY COVER
  AVERAGE SKY COVER 0.5


WEATHER CONDITIONS
 THE FOLLOWING WEATHER WAS RECORDED YESTERDAY.
  FOG
  FOG W/VISIBILITY <= 1/4 MILE
  HAZE


RELATIVE HUMIDITY (PERCENT)
 HIGHEST    96           300 AM
 LOWEST     67           100 PM
 AVERAGE    82

..........................................................


THE LANSING MI CLIMATE NORMALS FOR TODAY
                         NORMAL    RECORD    YEAR
 MAXIMUM TEMPERATURE (F)   36        64      1984
 MINIMUM TEMPERATURE (F)   20       -17      1894


SUNRISE AND SUNSET
FEBRUARY 23 2017......SUNRISE   723 AM EST   SUNSET   621 PM EST
FEBRUARY 24 2017......SUNRISE   722 AM EST   SUNSET   622 PM EST


-  INDICATES NEGATIVE NUMBERS.
R  INDICATES RECORD WAS SET OR TIED.
MM INDICATES DATA IS MISSING.
T  INDICATES TRACE AMOUNT.




$$
