000
CDUS43 KGRR 220518
CLILAN


CLIMATE REPORT
NATIONAL WEATHER SERVICE GRAND RAPIDS, MI
118 AM EDT SUN OCT 22 2017


...................................

...THE LANSING MI CLIMATE SUMMARY FOR OCTOBER 21 2017...

CLIMATE NORMAL PERIOD 1981 TO 2010
CLIMATE RECORD PERIOD 1864 TO 2017


WEATHER ITEM   OBSERVED TIME   RECORD YEAR NORMAL DEPARTURE LAST
                VALUE   (LST)  VALUE       VALUE  FROM      YEAR
                                                  NORMAL
..................................................................
TEMPERATURE (F)
 YESTERDAY
  MAXIMUM         76    336 PM  82    1953  58     18       51
                                      1920
  MINIMUM         54    716 AM  10    1895  39     15       41
  AVERAGE         65                        49     16       46

PRECIPITATION (IN)
  YESTERDAY        0.00          2.08 1933   0.08  -0.08      T
  MONTH TO DATE    5.87                      1.74   4.13     2.33
  SINCE SEP 1      6.81                      5.24   1.57     5.68
  SINCE JAN 1     32.11                     26.33   5.78    29.16

SNOWFALL (IN)
  YESTERDAY        0.0           2.0  1873   0.0    0.0      0.0
  MONTH TO DATE    0.0                       0.2   -0.2      0.0
  SINCE SEP 1      0.0                       0.2   -0.2      0.0
  SINCE JUL 1      0.0                       0.2   -0.2      0.0
  SNOW DEPTH       0

DEGREE DAYS
 HEATING
  YESTERDAY        0                        16    -16       19
  MONTH TO DATE  117                       279   -162      150
  SINCE SEP 1    220                       432   -212      200
  SINCE JUL 1    249                       467   -218      203

 COOLING
  YESTERDAY        0                         0      0        0
  MONTH TO DATE   16                         4     12       14
  SINCE SEP 1    146                        65     81      103
  SINCE JAN 1    780                       622    158      869
..................................................................


WIND (MPH)
  RESULTANT WIND SPEED   9   RESULTANT WIND DIRECTION   S (180)
  HIGHEST WIND SPEED    18   HIGHEST WIND DIRECTION     S (180)
  HIGHEST GUST SPEED    24   HIGHEST GUST DIRECTION    SW (210)
  AVERAGE WIND SPEED     9.4


SKY COVER
  AVERAGE SKY COVER 0.0


WEATHER CONDITIONS
 THE FOLLOWING WEATHER WAS RECORDED YESTERDAY.
  NO SIGNIFICANT WEATHER WAS OBSERVED.


RELATIVE HUMIDITY (PERCENT)
 HIGHEST    77           300 AM
 LOWEST     31           300 PM
 AVERAGE    54

..........................................................


THE LANSING MI CLIMATE NORMALS FOR TODAY
                         NORMAL    RECORD    YEAR
 MAXIMUM TEMPERATURE (F)   58        82      1963
                                             1920
 MINIMUM TEMPERATURE (F)   39        10      1868


SUNRISE AND SUNSET
OCTOBER 22 2017.......SUNRISE   800 AM EDT   SUNSET   645 PM EDT
OCTOBER 23 2017.......SUNRISE   802 AM EDT   SUNSET   643 PM EDT


-  INDICATES NEGATIVE NUMBERS.
R  INDICATES RECORD WAS SET OR TIED.
MM INDICATES DATA IS MISSING.
T  INDICATES TRACE AMOUNT.




$$
