000
CDUS43 KGRR 142228
CLILAN


CLIMATE REPORT
NATIONAL WEATHER SERVICE GRAND RAPIDS, MI
528 PM EST SUN FEB 14 2016


...................................

...THE LANSING MI CLIMATE SUMMARY FOR FEBRUARY 14 2016...
VALID TODAY AS OF 0500 PM LOCAL TIME.

CLIMATE NORMAL PERIOD 1981 TO 2010
CLIMATE RECORD PERIOD 1864 TO 2016


WEATHER ITEM   OBSERVED TIME   RECORD YEAR NORMAL DEPARTURE LAST
                VALUE   (LST)  VALUE       VALUE  FROM      YEAR
                                                  NORMAL
..................................................................
TEMPERATURE (F)
 TODAY
  MAXIMUM         18    424 PM  52    1918  33    -15       22
  MINIMUM          0    816 AM -21    1875  18    -18        0
  AVERAGE          9                        26    -17       11

PRECIPITATION (IN)
  TODAY            0.00          1.50 1869   0.05  -0.05     0.04
  MONTH TO DATE    0.73                      0.66   0.07     0.79
  SINCE DEC 1      4.90                      4.18   0.72     3.70
  SINCE JAN 1      2.18                      2.31  -0.13     2.14

SNOWFALL (IN)
  TODAY            0.0           4.2  2009   0.4   -0.4      1.6
  MONTH TO DATE    3.9                       6.0   -2.1     13.1
  SINCE DEC 1     13.6                      32.8  -19.2     25.8
  SINCE JUL 1     21.8                      36.6  -14.8     32.0
  SNOW DEPTH       2

DEGREE DAYS
 HEATING
  TODAY           56                        39     17       54
  MONTH TO DATE  555                       567    -12      668
  SINCE DEC 1   2563                      2993   -430     3075
  SINCE JUL 1   3671                      4407   -736     4671

 COOLING
  TODAY            0                         0      0        0
  MONTH TO DATE    0                         0      0        0
  SINCE DEC 1      0                         0      0        0
  SINCE JAN 1      0                         0      0        0
..................................................................


WIND (MPH)
  RESULTANT WIND SPEED   5   RESULTANT WIND DIRECTION  SE (150)
  HIGHEST WIND SPEED    17   HIGHEST WIND DIRECTION    SE (130)
  HIGHEST GUST SPEED    21   HIGHEST GUST DIRECTION    SE (130)
  AVERAGE WIND SPEED     5.2


SKY COVER
  AVERAGE SKY COVER 0.0


WEATHER CONDITIONS
 THE FOLLOWING WEATHER WAS RECORDED TODAY.
  NO SIGNIFICANT WEATHER WAS OBSERVED.


RELATIVE HUMIDITY (PERCENT)
 HIGHEST    87           500 AM
 LOWEST     53          1200 PM
 AVERAGE    70

..........................................................


THE LANSING MI CLIMATE NORMALS FOR TOMORROW
                         NORMAL    RECORD    YEAR
 MAXIMUM TEMPERATURE (F)   33        60      1976
                                             1954
 MINIMUM TEMPERATURE (F)   18       -24      1866


SUNRISE AND SUNSET
FEBRUARY 14 2016......SUNRISE   738 AM EST   SUNSET   608 PM EST
FEBRUARY 15 2016......SUNRISE   736 AM EST   SUNSET   609 PM EST


-  INDICATES NEGATIVE NUMBERS.
R  INDICATES RECORD WAS SET OR TIED.
MM INDICATES DATA IS MISSING.
T  INDICATES TRACE AMOUNT.




$$
