000
CDUS43 KGRR 041338
CLILAN


CLIMATE REPORT
NATIONAL WEATHER SERVICE GRAND RAPIDS, MI
937 AM EDT SAT JUL 4 2015


...................................

...THE LANSING MI CLIMATE SUMMARY FOR JULY 4 2015...
VALID AS OF 0900 AM LOCAL TIME.

CLIMATE NORMAL PERIOD 1981 TO 2010
CLIMATE RECORD PERIOD 1864 TO 2015


WEATHER ITEM   OBSERVED TIME   RECORD YEAR NORMAL DEPARTURE LAST
                VALUE   (LST)  VALUE       VALUE  FROM      YEAR
                                                  NORMAL
..................................................................
TEMPERATURE (F)
 TODAY
  MAXIMUM         63    759 AM 100    2012  82    -19       75
  MINIMUM         52    537 AM  37    1894  60     -8       51
  AVERAGE         58                        71    -13       63

PRECIPITATION (IN)
  TODAY            0.00          1.80 2005   0.10  -0.10     0.00
  MONTH TO DATE    0.00                      0.38  -0.38     0.83
  SINCE JUN 1      9.07                      3.83   5.24     7.23
  SINCE JAN 1     17.12                     15.40   1.72    18.44

SNOWFALL (IN)
  TODAY            0.0           0.0    MM   0.0    0.0      0.0
  MONTH TO DATE    0.0                       0.0    0.0      0.0
  SINCE JUN 1      0.0                       0.0    0.0      0.0
  SINCE JUL 1      0.0                       0.0    0.0      0.0
  SNOW DEPTH       0

DEGREE DAYS
 HEATING
  TODAY            7                         0      7        2
  MONTH TO DATE   11                         2      9        5
  SINCE JUN 1     47                        57    -10       29
  SINCE JUL 1     11                         2      9        5

 COOLING
  TODAY            0                         7     -7        0
  MONTH TO DATE    0                        28    -28       13
  SINCE JUN 1     87                       160    -73      160
  SINCE JAN 1    146                       201    -55      199
..................................................................


WIND (MPH)
  RESULTANT WIND SPEED   0   RESULTANT WIND DIRECTION   W (250)
  HIGHEST WIND SPEED     3   HIGHEST WIND DIRECTION     W (270)
  HIGHEST GUST SPEED     4   HIGHEST GUST DIRECTION     W (280)
  AVERAGE WIND SPEED     0.4


SKY COVER
  AVERAGE SKY COVER 0.0


WEATHER CONDITIONS
 THE FOLLOWING WEATHER WAS RECORDED TODAY.
  FOG


RELATIVE HUMIDITY (PERCENT)
 HIGHEST    93           300 AM
 LOWEST     72           800 AM
 AVERAGE    83

..........................................................


THE LANSING MI CLIMATE NORMALS FOR TOMORROW
                         NORMAL    RECORD    YEAR
 MAXIMUM TEMPERATURE (F)   83        99      2012
                                             1988
                                             1911
 MINIMUM TEMPERATURE (F)   60        37      1972


SUNRISE AND SUNSET
JULY  4 2015..........SUNRISE   605 AM EDT   SUNSET   920 PM EDT
JULY  5 2015..........SUNRISE   606 AM EDT   SUNSET   920 PM EDT


-  INDICATES NEGATIVE NUMBERS.
R  INDICATES RECORD WAS SET OR TIED.
MM INDICATES DATA IS MISSING.
T  INDICATES TRACE AMOUNT.




$$

JAM
