000
CDUS43 KGRR 230528
CLILAN


CLIMATE REPORT
NATIONAL WEATHER SERVICE GRAND RAPIDS, MI
1228 AM EST MON JAN 23 2017


...................................

...THE LANSING MI CLIMATE SUMMARY FOR JANUARY 22 2017...

CLIMATE NORMAL PERIOD 1981 TO 2010
CLIMATE RECORD PERIOD 1864 TO 2017


WEATHER ITEM   OBSERVED TIME   RECORD YEAR NORMAL DEPARTURE LAST
                VALUE   (LST)  VALUE       VALUE  FROM      YEAR
                                                  NORMAL
..................................................................
TEMPERATURE (F)
 YESTERDAY
  MAXIMUM         48    155 AM  56    1906  30     18       29
  MINIMUM         37    808 AM -15    2000  16     21       18
  AVERAGE         43                        23     20       24

PRECIPITATION (IN)
  YESTERDAY        0.00          1.40 1887   0.05  -0.05      T
  MONTH TO DATE    2.78                      1.24   1.54     1.16
  SINCE DEC 1      4.54                      3.11   1.43     3.88
  SINCE JAN 1      2.78                      1.24   1.54     1.16

SNOWFALL (IN)
  YESTERDAY        0.0          12.6  2005   0.4   -0.4       T
  MONTH TO DATE    3.7                       9.9   -6.2      6.0
  SINCE DEC 1     19.8                      22.9   -3.1      7.9
  SINCE JUL 1     19.8                      26.7   -6.9     16.1
  SNOW DEPTH       0

DEGREE DAYS
 HEATING
  YESTERDAY       22                        42    -20       41
  MONTH TO DATE  799                       915   -116      905
  SINCE DEC 1   1941                      2053   -112     1702
  SINCE JUL 1   2916                      3467   -551     2810

 COOLING
  YESTERDAY        0                         0      0        0
  MONTH TO DATE    0                         0      0        0
  SINCE DEC 1      0                         0      0        0
  SINCE JAN 1      0                         0      0        0
..................................................................


WIND (MPH)
  RESULTANT WIND SPEED   2   RESULTANT WIND DIRECTION   N (10)
  HIGHEST WIND SPEED     8   HIGHEST WIND DIRECTION     N (10)
  HIGHEST GUST SPEED    10   HIGHEST GUST DIRECTION     S (200)
  AVERAGE WIND SPEED     2.8


SKY COVER
  AVERAGE SKY COVER 0.9


WEATHER CONDITIONS
 THE FOLLOWING WEATHER WAS RECORDED YESTERDAY.
  FOG
  FOG W/VISIBILITY <= 1/4 MILE


RELATIVE HUMIDITY (PERCENT)
 HIGHEST    96           300 AM
 LOWEST     82          1100 AM
 AVERAGE    89

..........................................................


THE LANSING MI CLIMATE NORMALS FOR TODAY
                         NORMAL    RECORD    YEAR
 MAXIMUM TEMPERATURE (F)   30        60      1909
 MINIMUM TEMPERATURE (F)   16       -14      1963
                                             1883


SUNRISE AND SUNSET
JANUARY 23 2017.......SUNRISE   801 AM EST   SUNSET   540 PM EST
JANUARY 24 2017.......SUNRISE   800 AM EST   SUNSET   541 PM EST


-  INDICATES NEGATIVE NUMBERS.
R  INDICATES RECORD WAS SET OR TIED.
MM INDICATES DATA IS MISSING.
T  INDICATES TRACE AMOUNT.




$$
