000
CDUS45 KCYS 100426
CLILAR


CLIMATE REPORT
NATIONAL WEATHER SERVICE CHEYENNE WY
926 PM MST TUE FEB 9 2016


...................................

...THE LARAMIE WY AIRPORT CLIMATE SUMMARY FOR FEBRUARY 9 2016...
VALID TODAY AS OF 0900 PM LOCAL TIME.

CLIMATE NORMAL PERIOD 1981 TO 2010
CLIMATE RECORD PERIOD 1948 TO 2016


WEATHER ITEM   OBSERVED TIME   RECORD YEAR NORMAL DEPARTURE LAST
                VALUE   (LST)  VALUE       VALUE  FROM      YEAR
                                                  NORMAL
..................................................................
TEMPERATURE (F)
 TODAY
  MAXIMUM         44    324 PM  60    1954  34     10       56
  MINIMUM         16    624 AM -30    2001  11      5       24
  AVERAGE         30                        22      8       40

PRECIPITATION (IN)
  TODAY            0.00          0.61 1993   0.01  -0.01     0.00
  MONTH TO DATE    0.01                      0.10  -0.09     0.27
  SINCE JAN 1      0.32                      0.37  -0.05     0.39

DEGREE DAYS
 HEATING
  TODAY           35                        43     -8       25
  MONTH TO DATE  352                       387    -35      247
  SINCE DEC 1   3199                      3090    109     2745
  SINCE JUL 1   5123                      5402   -279     4873

 COOLING
  TODAY            0                         0      0        0
  MONTH TO DATE    0                         0      0        0
  SINCE DEC 1      0                         0      0        0
  SINCE JAN 1      0                         0      0        0
..................................................................


WIND (MPH)
  HIGHEST WIND SPEED    20   HIGHEST WIND DIRECTION    NW (320)
  HIGHEST GUST SPEED    26   HIGHEST GUST DIRECTION    NW (320)
  AVERAGE WIND SPEED     7.9


SKY COVER
  AVERAGE SKY COVER 0.0


WEATHER CONDITIONS
 THE FOLLOWING WEATHER WAS RECORDED TODAY.
  NO SIGNIFICANT WEATHER WAS OBSERVED.


RELATIVE HUMIDITY (PERCENT)
 HIGHEST    84           600 PM
 LOWEST     40           300 PM
 AVERAGE    62

..........................................................


THE LARAMIE WY AIRPORT CLIMATE NORMALS FOR TOMORROW
                         NORMAL    RECORD    YEAR
 MAXIMUM TEMPERATURE (F)   34        58      1951
 MINIMUM TEMPERATURE (F)   11       -22      1986


SUNRISE AND SUNSET
FEBRUARY  9 2016......SUNRISE   706 AM MST   SUNSET   529 PM MST
FEBRUARY 10 2016......SUNRISE   704 AM MST   SUNSET   530 PM MST


-  INDICATES NEGATIVE NUMBERS.
R  INDICATES RECORD WAS SET OR TIED.
MM INDICATES DATA IS MISSING.
T  INDICATES TRACE AMOUNT.




$$
