000
CDUS45 KCYS 030753
CLILAR


CLIMATE REPORT
NATIONAL WEATHER SERVICE CHEYENNE WY
153 AM MDT FRI JUL 3 2015


...................................

...THE LARAMIE WY AIRPORT CLIMATE SUMMARY FOR JULY 2 2015...

CLIMATE NORMAL PERIOD 1981 TO 2010
CLIMATE RECORD PERIOD 1948 TO 2015


WEATHER ITEM   OBSERVED TIME   RECORD YEAR NORMAL DEPARTURE LAST
                VALUE   (LST)  VALUE       VALUE  FROM      YEAR
                                                  NORMAL
..................................................................
TEMPERATURE (F)
 YESTERDAY
  MAXIMUM         81    235 PM  91    2002  78      3       75
  MINIMUM         51    107 AM  34    1997  46      5       38
  AVERAGE         66                        62      4       57

PRECIPITATION (IN)
  YESTERDAY        0.03          0.71 1980   0.04  -0.01     0.00
  MONTH TO DATE    0.07                      0.08  -0.01     0.00
  SINCE JAN 1      6.24                      5.57   0.67     5.84

DEGREE DAYS
 HEATING
  YESTERDAY        0                         4     -4        8
  MONTH TO DATE    0                         8     -8       20
  SINCE JUN 1    120                       249   -129      262
  SINCE JUL 1      0                         8     -8       20

 COOLING
  YESTERDAY        1                         1      0        0
  MONTH TO DATE    3                         2      1        0
  SINCE JUN 1     17                         9      8        3
  SINCE JAN 1     17                         9      8        3
..................................................................


WIND (MPH)
  HIGHEST WIND SPEED    29   HIGHEST WIND DIRECTION    NE (60)
  HIGHEST GUST SPEED    45   HIGHEST GUST DIRECTION    NE (50)
  AVERAGE WIND SPEED     8.3


SKY COVER
  AVERAGE SKY COVER 0.2


WEATHER CONDITIONS
 THE FOLLOWING WEATHER WAS RECORDED YESTERDAY.
  THUNDERSTORM
  LIGHT RAIN


RELATIVE HUMIDITY (PERCENT)
 HIGHEST    93          1200 AM
 LOWEST     29           300 PM
 AVERAGE    61

..........................................................


THE LARAMIE WY AIRPORT CLIMATE NORMALS FOR TODAY
                         NORMAL    RECORD    YEAR
 MAXIMUM TEMPERATURE (F)   79        89      1953
 MINIMUM TEMPERATURE (F)   46        38      1992


SUNRISE AND SUNSET
JULY  3 2015..........SUNRISE   534 AM MDT   SUNSET   839 PM MDT
JULY  4 2015..........SUNRISE   535 AM MDT   SUNSET   839 PM MDT


-  INDICATES NEGATIVE NUMBERS.
R  INDICATES RECORD WAS SET OR TIED.
MM INDICATES DATA IS MISSING.
T  INDICATES TRACE AMOUNT.




$$
