000
CDUS45 KCYS 160731
CLILAR


CLIMATE REPORT
NATIONAL WEATHER SERVICE CHEYENNE WY
130 AM MDT WED APR 16 2014


...................................

...THE LARAMIE WY AIRPORT CLIMATE SUMMARY FOR APRIL 15 2014...

CLIMATE NORMAL PERIOD 1981 TO 2010
CLIMATE RECORD PERIOD 1948 TO 2014


WEATHER ITEM   OBSERVED TIME   RECORD YEAR NORMAL DEPARTURE LAST
                VALUE   (LST)  VALUE       VALUE  FROM      YEAR
                                                  NORMAL
..................................................................
TEMPERATURE (F)
 YESTERDAY
  MAXIMUM         52    328 PM  75    1962  51      1       26
  MINIMUM         24   1237 AM   2    1983  24      0       18
                                      1972
  AVERAGE         38                        38      0       22

PRECIPITATION (IN)
  YESTERDAY        0.02          0.36 2000   0.04  -0.02     0.09
  MONTH TO DATE    0.13                      0.45  -0.32     0.54
  SINCE JAN 1      1.86                      1.64   0.22     1.45

DEGREE DAYS
 HEATING
  YESTERDAY       27                        28     -1       43
  MONTH TO DATE  438                       440     -2      491
  SINCE MAR 1   1435                      1499    -64     1552
  SINCE JUL 1   7479                      7675   -196     7456

 COOLING
  YESTERDAY        0                         0      0        0
  MONTH TO DATE    0                         0      0        0
  SINCE MAR 1      0                         0      0        0
  SINCE JAN 1      0                         0      0        0
..................................................................


WIND (MPH)
  HIGHEST WIND SPEED    36   HIGHEST WIND DIRECTION     W (260)
  HIGHEST GUST SPEED    47   HIGHEST GUST DIRECTION     W (260)
  AVERAGE WIND SPEED    19.2


SKY COVER
  AVERAGE SKY COVER 0.2


WEATHER CONDITIONS
 THE FOLLOWING WEATHER WAS RECORDED YESTERDAY.
  HEAVY SNOW
  LIGHT SNOW
  FOG
  FOG W/VISIBILITY <= 1/4 MILE


RELATIVE HUMIDITY (PERCENT)
 HIGHEST    63           100 AM
 LOWEST     26           300 PM
 AVERAGE    45

..........................................................


THE LARAMIE WY AIRPORT CLIMATE NORMALS FOR TODAY
                         NORMAL    RECORD    YEAR
 MAXIMUM TEMPERATURE (F)   51        70      1994
                                             1985
                                             1958
 MINIMUM TEMPERATURE (F)   24         6      1999


SUNRISE AND SUNSET
APRIL 16 2014.........SUNRISE   622 AM MDT   SUNSET   744 PM MDT
APRIL 17 2014.........SUNRISE   620 AM MDT   SUNSET   745 PM MDT


-  INDICATES NEGATIVE NUMBERS.
R  INDICATES RECORD WAS SET OR TIED.
MM INDICATES DATA IS MISSING.
T  INDICATES TRACE AMOUNT.




$$
