179
CDUS45 KVEF 180827
CLILAS


CLIMATE REPORT
NATIONAL WEATHER SERVICE LAS VEGAS, NV
1227 AM PST SUN FEB 18 2018


...................................

...THE LAS VEGAS NV CLIMATE SUMMARY FOR FEBRUARY 17 2018...

CLIMATE NORMAL PERIOD 1981 TO 2010
CLIMATE RECORD PERIOD 1937 TO 2018


WEATHER ITEM   OBSERVED TIME   RECORD YEAR NORMAL DEPARTURE LAST
                VALUE   (LST)  VALUE       VALUE  FROM      YEAR
                                                  NORMAL
..................................................................
TEMPERATURE (F)
 YESTERDAY
  MAXIMUM         65    412 PM  81    2016  63      2       64
                                      1996
  MINIMUM         40    640 AM  21    1956  44     -4       53
  AVERAGE         53                        53      0       59

PRECIPITATION (IN)
  YESTERDAY        0.00          0.62 1998   0.03  -0.03     0.02
  MONTH TO DATE    0.01                      0.43  -0.42     0.12
  SINCE OCT 1      1.48                      2.10  -0.62     2.08
  SINCE JAN 1      1.48                      0.97   0.51     1.02

SNOWFALL (IN)
  YESTERDAY        0.0           T    2008   0.1   -0.1      0.0
  MONTH TO DATE    0.0                       0.1   -0.1      0.0
  SINCE DEC 1      0.0                       0.3   -0.3      0.0
  SINCE JUL 1      0.0                       0.3   -0.3      0.0
  SNOW DEPTH       0

DEGREE DAYS
 HEATING
  YESTERDAY       12                        12      0        6
  MONTH TO DATE  106                       227   -121       87
  SINCE DEC 1    842                      1270   -428     1079
  SINCE JUL 1    927                      1579   -652     1246

 COOLING
  YESTERDAY        0                         0      0        0
  MONTH TO DATE    0                         0      0        3
  SINCE DEC 1      0                         0      0        3
  SINCE JAN 1      0                         0      0        3
..................................................................


WIND (MPH)
  RESULTANT WIND SPEED   0   RESULTANT WIND DIRECTION   E (110)
  HIGHEST WIND SPEED     9   HIGHEST WIND DIRECTION     E (70)
  HIGHEST GUST SPEED    13   HIGHEST GUST DIRECTION    NE (60)
  AVERAGE WIND SPEED     3.2


SKY COVER
  POSSIBLE SUNSHINE  MM
  AVERAGE SKY COVER 0.1


WEATHER CONDITIONS
 THE FOLLOWING WEATHER WAS RECORDED YESTERDAY.
  NO SIGNIFICANT WEATHER WAS OBSERVED.


RELATIVE HUMIDITY (PERCENT)
 HIGHEST    41           600 AM
 LOWEST     13           300 PM
 AVERAGE    27

..........................................................


THE LAS VEGAS NV CLIMATE NORMALS FOR TODAY
                         NORMAL    RECORD    YEAR
 MAXIMUM TEMPERATURE (F)   63        81      1977
 MINIMUM TEMPERATURE (F)   44        17      1938


SUNRISE AND SUNSET
FEBRUARY 18 2018......SUNRISE   624 AM PST   SUNSET   525 PM PST
FEBRUARY 19 2018......SUNRISE   623 AM PST   SUNSET   526 PM PST


-  INDICATES NEGATIVE NUMBERS.
R  INDICATES RECORD WAS SET OR TIED.
MM INDICATES DATA IS MISSING.
T  INDICATES TRACE AMOUNT.




$$
