000
CDUS45 KVEF 080026
CLILAS


CLIMATE REPORT
NATIONAL WEATHER SERVICE LAS VEGAS, NV
425 PM PST WED DEC 7 2016


...................................

...THE LAS VEGAS NV CLIMATE SUMMARY FOR DECEMBER 7 2016...
VALID TODAY AS OF 0400 PM LOCAL TIME.

CLIMATE NORMAL PERIOD 1981 TO 2010
CLIMATE RECORD PERIOD 1937 TO 2016


WEATHER ITEM   OBSERVED TIME   RECORD YEAR NORMAL DEPARTURE LAST
                VALUE   (LST)  VALUE       VALUE  FROM      YEAR
                                                  NORMAL
..................................................................
TEMPERATURE (F)
 TODAY
  MAXIMUM         54    223 PM  76    1938  57     -3       62
  MINIMUM         44    710 AM  21    1948  39      5       41
  AVERAGE         49                        48      1       52

PRECIPITATION (IN)
  TODAY            0.00          0.76 1992   0.01  -0.01     0.00
  MONTH TO DATE    0.00                      0.09  -0.09     0.00
  SINCE OCT 1      0.23                      0.72  -0.49     1.40
  SINCE JAN 1      3.94                      3.78   0.16     4.48

SNOWFALL (IN)
  TODAY            0.0           T    1960   0.0    0.0      0.0
  MONTH TO DATE    0.0                       0.0    0.0      0.0
  SINCE DEC 1      0.0                       0.0    0.0      0.0
  SINCE JUL 1      0.0                       0.0    0.0      0.0
  SNOW DEPTH       0

DEGREE DAYS
 HEATING
  TODAY           16                        17     -1       13
  MONTH TO DATE  106                       111     -5      108
  SINCE DEC 1    106                       111     -5      108
  SINCE JUL 1    273                       420   -147      432

 COOLING
  TODAY            0                         0      0        0
  MONTH TO DATE    0                         0      0        0
  SINCE DEC 1      0                         0      0        0
  SINCE JAN 1   4002                      3568    434     4069
..................................................................


WIND (MPH)
  RESULTANT WIND SPEED  10   RESULTANT WIND DIRECTION  NE (30)
  HIGHEST WIND SPEED    20   HIGHEST WIND DIRECTION    NE (40)
  HIGHEST GUST SPEED    24   HIGHEST GUST DIRECTION     N (20)
  AVERAGE WIND SPEED    11.0


SKY COVER
  POSSIBLE SUNSHINE  MM
  AVERAGE SKY COVER 0.7


WEATHER CONDITIONS
 THE FOLLOWING WEATHER WAS RECORDED TODAY.
  NO SIGNIFICANT WEATHER WAS OBSERVED.


RELATIVE HUMIDITY (PERCENT)
 HIGHEST    28          1200 AM
 LOWEST     13           200 PM
 AVERAGE    21

..........................................................


THE LAS VEGAS NV CLIMATE NORMALS FOR TOMORROW
                         NORMAL    RECORD    YEAR
 MAXIMUM TEMPERATURE (F)   57        77      1939
                                             1938
 MINIMUM TEMPERATURE (F)   39        23      1978
                                             1953


SUNRISE AND SUNSET
DECEMBER  7 2016......SUNRISE   639 AM PST   SUNSET   426 PM PST
DECEMBER  8 2016......SUNRISE   639 AM PST   SUNSET   426 PM PST


-  INDICATES NEGATIVE NUMBERS.
R  INDICATES RECORD WAS SET OR TIED.
MM INDICATES DATA IS MISSING.
T  INDICATES TRACE AMOUNT.




$$
