000
CDUS45 KVEF 260826
CLILAS


CLIMATE REPORT
NATIONAL WEATHER SERVICE LAS VEGAS, NV
1225 AM PST THU FEB 26 2015


...................................

...THE LAS VEGAS NV CLIMATE SUMMARY FOR FEBRUARY 25 2015...

CLIMATE NORMAL PERIOD 1981 TO 2010
CLIMATE RECORD PERIOD 1937 TO 2015


WEATHER ITEM   OBSERVED TIME   RECORD YEAR NORMAL DEPARTURE LAST
                VALUE   (LST)  VALUE       VALUE  FROM      YEAR
                                                  NORMAL
..................................................................
TEMPERATURE (F)
 YESTERDAY
  MAXIMUM         72    432 PM  85    1986  65      7       76
  MINIMUM         44    634 AM  26    1960  46     -2       50
  AVERAGE         58                        55      3       63

PRECIPITATION (IN)
  YESTERDAY        0.00          0.77 2003   0.03  -0.03     0.00
  MONTH TO DATE    0.54                      0.68  -0.14      T
  SINCE OCT 1      1.71                      2.35  -0.64     1.42
  SINCE JAN 1      1.41                      1.22   0.19      T

SNOWFALL (IN)
  YESTERDAY        0.0           0.6  1987   0.0    0.0      0.0
  MONTH TO DATE    0.0                       0.1   -0.1      0.0
  SINCE DEC 1      T                         0.3   -0.3      0.0
  SINCE JUL 1      T                         0.3   -0.3      0.0
  SNOW DEPTH       0

DEGREE DAYS
 HEATING
  YESTERDAY        7                        10     -3        2
  MONTH TO DATE  119                       311   -192      210
  SINCE DEC 1    911                      1354   -443     1111
  SINCE JUL 1   1084                      1663   -579     1374

 COOLING
  YESTERDAY        0                         0      0        0
  MONTH TO DATE   10                         0     10        2
  SINCE DEC 1     10                         0     10        2
  SINCE JAN 1     10                         0     10        2
..................................................................


WIND (MPH)
  RESULTANT WIND SPEED   5   RESULTANT WIND DIRECTION   S (190)
  HIGHEST WIND SPEED    12   HIGHEST WIND DIRECTION     S (200)
  HIGHEST GUST SPEED    13   HIGHEST GUST DIRECTION     S (200)
  AVERAGE WIND SPEED     6.2


SKY COVER
  POSSIBLE SUNSHINE  MM
  AVERAGE SKY COVER 0.2


WEATHER CONDITIONS
 THE FOLLOWING WEATHER WAS RECORDED YESTERDAY.
  NO SIGNIFICANT WEATHER WAS OBSERVED.


RELATIVE HUMIDITY (PERCENT)
 HIGHEST    53           100 AM
 LOWEST     15           400 PM
 AVERAGE    34

..........................................................


THE LAS VEGAS NV CLIMATE NORMALS FOR TODAY
                         NORMAL    RECORD    YEAR
 MAXIMUM TEMPERATURE (F)   65        87      1986
 MINIMUM TEMPERATURE (F)   46        28      1971


SUNRISE AND SUNSET
FEBRUARY 26 2015......SUNRISE   615 AM PST   SUNSET   533 PM PST
FEBRUARY 27 2015......SUNRISE   614 AM PST   SUNSET   534 PM PST


-  INDICATES NEGATIVE NUMBERS.
R  INDICATES RECORD WAS SET OR TIED.
MM INDICATES DATA IS MISSING.
T  INDICATES TRACE AMOUNT.




$$
