000
CDUS46 KLOX 250912
CLILAX


CLIMATE REPORT
NATIONAL WEATHER SERVICE LOS ANGELES/OXNARD CA
212 AM PDT FRI JUL 25 2014


...................................

...THE LOS ANGELES INTL AIRPORT CA CLIMATE SUMMARY FOR JULY 24 2014...

CLIMATE NORMAL PERIOD 1981 TO 2010
CLIMATE RECORD PERIOD 1944 TO 2014


WEATHER ITEM   OBSERVED TIME   RECORD YEAR NORMAL DEPARTURE LAST
                VALUE   (LST)  VALUE       VALUE  FROM      YEAR
                                                  NORMAL
..................................................................
TEMPERATURE (F)
 YESTERDAY
  MAXIMUM         81   1024 AM  87    2006  74      7       70
  MINIMUM         67    509 AM  57    1947  64      3       62
  AVERAGE         74                        69      5       66

PRECIPITATION (IN)
  YESTERDAY        0.00          0.01 1954   0.00   0.00     0.00
  MONTH TO DATE    T                         0.02  -0.02     0.01
  SINCE JUL 1      T                         0.02  -0.02     0.01
  SINCE JAN 1      3.41                      8.83  -5.42     2.62

SNOWFALL (IN)
  YESTERDAY        0.0
  MONTH TO DATE    0.0
  SINCE JUN 1      0.0
  SINCE JUL 1      0.0

DEGREE DAYS
 HEATING
  YESTERDAY        0                         0      0        0
  MONTH TO DATE    0                         0      0        0
  SINCE JUN 1      1                        25    -24        0
  SINCE JUL 1      0                         0      0        0

 COOLING
  YESTERDAY        9                         4      5        1
  MONTH TO DATE  163                        88     75      115
  SINCE JUN 1    250                       130    120      208
  SINCE JAN 1    461                       170    291      289
..................................................................


WIND (MPH)
  HIGHEST WIND SPEED    17   HIGHEST WIND DIRECTION     W (270)
  HIGHEST GUST SPEED    21   HIGHEST GUST DIRECTION     W (270)
  AVERAGE WIND SPEED     6.3


SKY COVER
  POSSIBLE SUNSHINE  MM
  AVERAGE SKY COVER 0.2


WEATHER CONDITIONS
 THE FOLLOWING WEATHER WAS RECORDED YESTERDAY.
  NO SIGNIFICANT WEATHER WAS OBSERVED.


RELATIVE HUMIDITY (PERCENT)
 HIGHEST    81           100 AM
 LOWEST     51          1200 PM
 AVERAGE    66

..........................................................


THE LOS ANGELES INTL AIRPORT CA CLIMATE NORMALS FOR TODAY
                         NORMAL    RECORD    YEAR
 MAXIMUM TEMPERATURE (F)   74        85      1959
 MINIMUM TEMPERATURE (F)   64        56      1948


SUNRISE AND SUNSET
JULY 25 2014..........SUNRISE   600 AM PDT   SUNSET   800 PM PDT
JULY 26 2014..........SUNRISE   601 AM PDT   SUNSET   759 PM PDT


-  INDICATES NEGATIVE NUMBERS.
R  INDICATES RECORD WAS SET OR TIED.
MM INDICATES DATA IS MISSING.
T  INDICATES TRACE AMOUNT.




$$
