000
CDUS46 KLOX 270905
CLILAX


CLIMATE REPORT
NATIONAL WEATHER SERVICE LOS ANGELES/OXNARD CA
105 AM PST THU NOV 27 2014


...................................

...THE LOS ANGELES INTL AIRPORT CA CLIMATE SUMMARY FOR NOVEMBER 26 2014...

CLIMATE NORMAL PERIOD 1981 TO 2010
CLIMATE RECORD PERIOD 1944 TO 2014


WEATHER ITEM   OBSERVED TIME   RECORD YEAR NORMAL DEPARTURE LAST
                VALUE   (LST)  VALUE       VALUE  FROM      YEAR
                                                  NORMAL
..................................................................
TEMPERATURE (F)
 YESTERDAY
  MAXIMUM         79        MM  87    1956  67     12       77
  MINIMUM         54        MM  42    1984  51      3       51
  AVERAGE         67                        59      8       64

PRECIPITATION (IN)
  YESTERDAY        0.00          0.79 1997   0.05  -0.05     0.00
  MONTH TO DATE    0.20                      0.93  -0.73     0.38
  SINCE JUL 1      0.63                      1.78  -1.15     0.43
  SINCE JAN 1      4.04                     10.59  -6.55     3.04

SNOWFALL (IN)
  YESTERDAY        0.0
  MONTH TO DATE    0.0
  SINCE SEP 1      0.0
  SINCE JUL 1      0.0

DEGREE DAYS
 HEATING
  YESTERDAY        0                         6     -6        1
  MONTH TO DATE   37                       111    -74       49
  SINCE SEP 1     37                       151   -114       88
  SINCE JUL 1     37                       155   -118       89

 COOLING
  YESTERDAY        2                         0      2        0
  MONTH TO DATE   38                        18     20       39
  SINCE SEP 1    448                       203    245      271
  SINCE JAN 1   1166                       549    617      701
..................................................................


WIND (MPH)
  HIGHEST WIND SPEED    10   HIGHEST WIND DIRECTION     W (270)
  HIGHEST GUST SPEED    MM   HIGHEST GUST DIRECTION    MM
  AVERAGE WIND SPEED     4.6


SKY COVER
  POSSIBLE SUNSHINE  MM
  AVERAGE SKY COVER 0.0


WEATHER CONDITIONS
 THE FOLLOWING WEATHER WAS RECORDED YESTERDAY.
  NO SIGNIFICANT WEATHER WAS OBSERVED.


RELATIVE HUMIDITY (PERCENT)
 HIGHEST    63           800 PM
 LOWEST     12          1100 AM
 AVERAGE    38

..........................................................


THE LOS ANGELES INTL AIRPORT CA CLIMATE NORMALS FOR TODAY
                         NORMAL    RECORD    YEAR
 MAXIMUM TEMPERATURE (F)   67        85      1977
 MINIMUM TEMPERATURE (F)   51        40      1948


SUNRISE AND SUNSET
NOVEMBER 27 2014......SUNRISE   637 AM PST   SUNSET   445 PM PST
NOVEMBER 28 2014......SUNRISE   638 AM PST   SUNSET   445 PM PST


-  INDICATES NEGATIVE NUMBERS.
R  INDICATES RECORD WAS SET OR TIED.
MM INDICATES DATA IS MISSING.
T  INDICATES TRACE AMOUNT.




$$
