000
CDUS46 KLOX 160910
CLILAX


CLIMATE REPORT
NATIONAL WEATHER SERVICE LOS ANGELES/OXNARD CA
210 AM PDT TUE SEP 16 2014


...................................

...THE LOS ANGELES INTL AIRPORT CA CLIMATE SUMMARY FOR SEPTEMBER 15 2014...

CLIMATE NORMAL PERIOD 1981 TO 2010
CLIMATE RECORD PERIOD 1944 TO 2014


WEATHER ITEM   OBSERVED TIME   RECORD YEAR NORMAL DEPARTURE LAST
                VALUE   (LST)  VALUE       VALUE  FROM      YEAR
                                                  NORMAL
..................................................................
TEMPERATURE (F)
 YESTERDAY
  MAXIMUM         86    500 PM 101    1979  75     11       77
  MINIMUM         72    449 AM  55    1946  63      9       65
  AVERAGE         79                        69     10       71

PRECIPITATION (IN)
  YESTERDAY        0.00          0.01 1982   0.01  -0.01     0.00
  MONTH TO DATE    0.02                      0.05  -0.03     0.00
  SINCE JUL 1      0.19                      0.13   0.06     0.03
  SINCE JAN 1      3.60                      8.94  -5.34     2.64

SNOWFALL (IN)
  YESTERDAY        0.0
  MONTH TO DATE    0.0
  SINCE SEP 1      0.0
  SINCE JUL 1      0.0

DEGREE DAYS
 HEATING
  YESTERDAY        0                         0      0        0
  MONTH TO DATE    0                         0      0        0
  SINCE SEP 1      0                         0      0        0
  SINCE JUL 1      0                         4     -4        1

 COOLING
  YESTERDAY       14                         4     10        6
  MONTH TO DATE  147                        69     78      100
  SINCE SEP 1    147                        69     78      100
  SINCE JAN 1    865                       415    450      530
..................................................................


WIND (MPH)
  HIGHEST WIND SPEED    22   HIGHEST WIND DIRECTION     W (270)
  HIGHEST GUST SPEED    26   HIGHEST GUST DIRECTION     W (260)
  AVERAGE WIND SPEED     7.0


SKY COVER
  POSSIBLE SUNSHINE  MM
  AVERAGE SKY COVER 0.2


WEATHER CONDITIONS
 THE FOLLOWING WEATHER WAS RECORDED YESTERDAY.
  FOG


RELATIVE HUMIDITY (PERCENT)
 HIGHEST    79           400 AM
 LOWEST     40           500 PM
 AVERAGE    60

..........................................................


THE LOS ANGELES INTL AIRPORT CA CLIMATE NORMALS FOR TODAY
                         NORMAL    RECORD    YEAR
 MAXIMUM TEMPERATURE (F)   75        98      1979
 MINIMUM TEMPERATURE (F)   63        56      2010


SUNRISE AND SUNSET
SEPTEMBER 16 2014.....SUNRISE   638 AM PDT   SUNSET   659 PM PDT
SEPTEMBER 17 2014.....SUNRISE   638 AM PDT   SUNSET   657 PM PDT


-  INDICATES NEGATIVE NUMBERS.
R  INDICATES RECORD WAS SET OR TIED.
MM INDICATES DATA IS MISSING.
T  INDICATES TRACE AMOUNT.




$$
