000
CDUS46 KLOX 240900
CLILAX


CLIMATE REPORT
NATIONAL WEATHER SERVICE LOS ANGELES/OXNARD CA
200 AM PDT TUE OCT 24 2017


...................................

...THE LOS ANGELES INTL AIRPORT CA CLIMATE SUMMARY FOR OCTOBER 23 2017...

CLIMATE NORMAL PERIOD 1981 TO 2010
CLIMATE RECORD PERIOD 1944 TO 2017


WEATHER ITEM   OBSERVED TIME   RECORD YEAR NORMAL DEPARTURE LAST
                VALUE   (LST)  VALUE       VALUE  FROM      YEAR
                                                  NORMAL
..................................................................
TEMPERATURE (F)
 YESTERDAY
  MAXIMUM        101R  1157 AM  97    1965  72     29       81
  MINIMUM         67    434 AM  47    1949  58      9       62
  AVERAGE         84                        65     19       72

PRECIPITATION (IN)
  YESTERDAY        0.00          1.44 1976   0.01  -0.01     0.02
  MONTH TO DATE    0.00                      0.35  -0.35     0.28
  SINCE OCT 1      0.00                      0.35  -0.35     0.28
  SINCE JAN 1     12.15                      9.45   2.70     6.30

SNOWFALL (IN)
  YESTERDAY        0.0
  MONTH TO DATE    0.0
  SINCE SEP 1      0.0
  SINCE JUL 1      0.0

DEGREE DAYS
 HEATING
  YESTERDAY        0                         1     -1        0
  MONTH TO DATE    0                        20    -20        1
  SINCE SEP 1      1                        25    -24        1
  SINCE JUL 1      1                        29    -28        1

 COOLING
  YESTERDAY       19                         2     17        7
  MONTH TO DATE  144                        53     91       96
  SINCE SEP 1    348                       175    173      286
  SINCE JAN 1    912                       521    391      868
..................................................................


WIND (MPH)
  HIGHEST WIND SPEED    14   HIGHEST WIND DIRECTION     W (270)
  HIGHEST GUST SPEED    19   HIGHEST GUST DIRECTION     W (280)
  AVERAGE WIND SPEED     4.1


SKY COVER
  POSSIBLE SUNSHINE  MM
  AVERAGE SKY COVER 0.0


WEATHER CONDITIONS
 THE FOLLOWING WEATHER WAS RECORDED YESTERDAY.
  NO SIGNIFICANT WEATHER WAS OBSERVED.


RELATIVE HUMIDITY (PERCENT)
 HIGHEST    46          1100 PM
 LOWEST     10           200 PM
 AVERAGE    28

..........................................................


THE LOS ANGELES INTL AIRPORT CA CLIMATE NORMALS FOR TODAY
                         NORMAL    RECORD    YEAR
 MAXIMUM TEMPERATURE (F)   72        96      1965
 MINIMUM TEMPERATURE (F)   58        48      1953
                                             1949


SUNRISE AND SUNSET
OCTOBER 24 2017.......SUNRISE   706 AM PDT   SUNSET   609 PM PDT
OCTOBER 25 2017.......SUNRISE   707 AM PDT   SUNSET   608 PM PDT


-  INDICATES NEGATIVE NUMBERS.
R  INDICATES RECORD WAS SET OR TIED.
MM INDICATES DATA IS MISSING.
T  INDICATES TRACE AMOUNT.




$$
