000
CDUS46 KLOX 250126
CLILAX


CLIMATE REPORT
NATIONAL WEATHER SERVICE LOS ANGELES/OXNARD CA
626 PM PDT FRI MAR 24 2017


...................................

...THE LOS ANGELES AIRPORT CLIMATE SUMMARY FOR MARCH 24 2017...
VALID TODAY AS OF 0600 PM LOCAL TIME.

CLIMATE NORMAL PERIOD 1981 TO 2010
CLIMATE RECORD PERIOD 1944 TO 2017


WEATHER ITEM   OBSERVED TIME   RECORD YEAR NORMAL DEPARTURE LAST
                VALUE   (LST)  VALUE       VALUE  FROM      YEAR
                                                  NORMAL
..................................................................
TEMPERATURE (F)
 TODAY
  MAXIMUM         67   1036 AM  88    1988  65      2       77
  MINIMUM         50    414 AM  43    1964  52     -2       53
  AVERAGE         59                        58      1       65

PRECIPITATION (IN)
  TODAY            0.00          0.70 1948   0.05  -0.05     0.00
  MONTH TO DATE    0.08                      1.57  -1.49     1.40
  SINCE OCT 1     15.81                     11.25   4.56     6.31
  SINCE JAN 1     11.56                      7.53   4.03     5.07

SNOWFALL (IN)
  TODAY            0.0
  MONTH TO DATE    0.0
  SINCE MAR 1      0.0
  SINCE JUL 1      0.0

DEGREE DAYS
 HEATING
  TODAY            6                         7     -1        0
  MONTH TO DATE   94                       171    -77       96
  SINCE MAR 1     94                       171    -77       96
  SINCE JUL 1    867                      1100   -233      792

 COOLING
  TODAY            0                         0      0        0
  MONTH TO DATE    2                         0      2        1
  SINCE MAR 1      2                         0      2        1
  SINCE JAN 1      2                         9     -7       58
..................................................................


WIND (MPH)
  HIGHEST WIND SPEED    21   HIGHEST WIND DIRECTION     W (250)
  HIGHEST GUST SPEED    25   HIGHEST GUST DIRECTION     W (260)
  AVERAGE WIND SPEED     8.9


SKY COVER
  POSSIBLE SUNSHINE  MM
  AVERAGE SKY COVER 0.4


WEATHER CONDITIONS
 THE FOLLOWING WEATHER WAS RECORDED TODAY.
  NO SIGNIFICANT WEATHER WAS OBSERVED.


RELATIVE HUMIDITY (PERCENT)
 HIGHEST    93          1200 AM
 LOWEST     56          1100 AM
 AVERAGE    75

..........................................................


THE LOS ANGELES AIRPORT CLIMATE NORMALS FOR TOMORROW
                         NORMAL    RECORD    YEAR
 MAXIMUM TEMPERATURE (F)   65        93      1988
 MINIMUM TEMPERATURE (F)   52        42      1949
                                             1948


SUNRISE AND SUNSET
MARCH 24 2017.........SUNRISE   651 AM PDT   SUNSET   709 PM PDT
MARCH 25 2017.........SUNRISE   650 AM PDT   SUNSET   709 PM PDT


-  INDICATES NEGATIVE NUMBERS.
R  INDICATES RECORD WAS SET OR TIED.
MM INDICATES DATA IS MISSING.
T  INDICATES TRACE AMOUNT.




$$
