000
CDUS46 KLOX 220140
CLILAX


CLIMATE REPORT
NATIONAL WEATHER SERVICE LOS ANGELES/OXNARD CA
640 PM PDT MON AUG 21 2017


...................................

...THE LOS ANGELES AIRPORT CLIMATE SUMMARY FOR AUGUST 21 2017...
VALID TODAY AS OF 0600 PM LOCAL TIME.

CLIMATE NORMAL PERIOD 1981 TO 2010
CLIMATE RECORD PERIOD 1944 TO 2017


WEATHER ITEM   OBSERVED TIME   RECORD YEAR NORMAL DEPARTURE LAST
                VALUE   (LST)  VALUE       VALUE  FROM      YEAR
                                                  NORMAL
..................................................................
TEMPERATURE (F)
 TODAY
  MAXIMUM         76    200 PM  87    1972  75      1       74
  MINIMUM         67    146 AM  58    1947  64      3       63
  AVERAGE         72                        70      2       69

PRECIPITATION (IN)
  TODAY            0.00          T    1984   0.00   0.00     0.00
                                      1965
                                      1949
  MONTH TO DATE    T                         0.03  -0.03     0.00
  SINCE OCT 1     16.32                     12.59   3.73     7.25
  SINCE JAN 1     12.07                      8.87   3.20     6.01

SNOWFALL (IN)
  TODAY            0.0
  MONTH TO DATE    0.0
  SINCE JUN 1      0.0
  SINCE JUL 1      0.0

DEGREE DAYS
 HEATING
  TODAY            0                         0      0        0
  MONTH TO DATE    0                         0      0        0
  SINCE JUN 1      4                        27    -23       16
  SINCE JUL 1      0                         2     -2        0

 COOLING
  TODAY            7                         5      2        4
  MONTH TO DATE  149                        99     50      127
  SINCE JUN 1    430                       260    170      433
  SINCE JAN 1    488                       300    188      526
..................................................................


WIND (MPH)
  HIGHEST WIND SPEED    17   HIGHEST WIND DIRECTION     W (280)
  HIGHEST GUST SPEED    22   HIGHEST GUST DIRECTION     W (270)
  AVERAGE WIND SPEED     7.5


SKY COVER
  POSSIBLE SUNSHINE  MM
  AVERAGE SKY COVER 0.6


WEATHER CONDITIONS
 THE FOLLOWING WEATHER WAS RECORDED TODAY.
  NO SIGNIFICANT WEATHER WAS OBSERVED.


RELATIVE HUMIDITY (PERCENT)
 HIGHEST    87           100 AM
 LOWEST     60           100 PM
 AVERAGE    74

..........................................................


THE LOS ANGELES AIRPORT CLIMATE NORMALS FOR TOMORROW
                         NORMAL    RECORD    YEAR
 MAXIMUM TEMPERATURE (F)   75        89      1972
 MINIMUM TEMPERATURE (F)   64        55      1947


SUNRISE AND SUNSET
AUGUST 21 2017........SUNRISE   620 AM PDT   SUNSET   733 PM PDT
AUGUST 22 2017........SUNRISE   621 AM PDT   SUNSET   732 PM PDT


-  INDICATES NEGATIVE NUMBERS.
R  INDICATES RECORD WAS SET OR TIED.
MM INDICATES DATA IS MISSING.
T  INDICATES TRACE AMOUNT.




$$
