000
CDUS46 KLOX 280118
CLILAX


CLIMATE REPORT
NATIONAL WEATHER SERVICE LOS ANGELES/OXNARD CA
617 PM PDT SAT AUG 27 2016


...................................

...THE LOS ANGELES AIRPORT CLIMATE SUMMARY FOR AUGUST 27 2016...
VALID TODAY AS OF 0600 PM LOCAL TIME.

CLIMATE NORMAL PERIOD 1981 TO 2010
CLIMATE RECORD PERIOD 1944 TO 2016


WEATHER ITEM   OBSERVED TIME   RECORD YEAR NORMAL DEPARTURE LAST
                VALUE   (LST)  VALUE       VALUE  FROM      YEAR
                                                  NORMAL
..................................................................
TEMPERATURE (F)
 TODAY
  MAXIMUM         74    146 PM  91    1981  75     -1       83
  MINIMUM         65   1208 AM  57    1953  64      1       71
  AVERAGE         70                        70      0       77

PRECIPITATION (IN)
  TODAY            0.00          T    1956   0.00   0.00     0.00
  MONTH TO DATE    0.00                      0.04  -0.04     0.00
  SINCE OCT 1      7.25                     12.60  -5.35     7.61
  SINCE JAN 1      6.01                      8.88  -2.87     2.91

SNOWFALL (IN)
  TODAY            0.0
  MONTH TO DATE    0.0
  SINCE JUN 1      0.0
  SINCE JUL 1      0.0

DEGREE DAYS
 HEATING
  TODAY            0                         0      0        0
  MONTH TO DATE    0                         0      0        0
  SINCE JUN 1     16                        27    -11       11
  SINCE JUL 1      0                         2     -2        0

 COOLING
  TODAY            5                         5      0       12
  MONTH TO DATE  157                       129     28      200
  SINCE JUN 1    463                       290    173      427
  SINCE JAN 1    556                       330    226      540
..................................................................


WIND (MPH)
  HIGHEST WIND SPEED    18   HIGHEST WIND DIRECTION     W (270)
  HIGHEST GUST SPEED    25   HIGHEST GUST DIRECTION    SW (240)
  AVERAGE WIND SPEED     7.7


SKY COVER
  POSSIBLE SUNSHINE  MM
  AVERAGE SKY COVER 0.7


WEATHER CONDITIONS
 THE FOLLOWING WEATHER WAS RECORDED TODAY.
  NO SIGNIFICANT WEATHER WAS OBSERVED.


RELATIVE HUMIDITY (PERCENT)
 HIGHEST    78          1200 AM
 LOWEST     53          1200 PM
 AVERAGE    66

..........................................................


THE LOS ANGELES AIRPORT CLIMATE NORMALS FOR TOMORROW
                         NORMAL    RECORD    YEAR
 MAXIMUM TEMPERATURE (F)   75        89      2009
 MINIMUM TEMPERATURE (F)   64        57      1947


SUNRISE AND SUNSET
AUGUST 27 2016........SUNRISE   624 AM PDT   SUNSET   725 PM PDT
AUGUST 28 2016........SUNRISE   625 AM PDT   SUNSET   724 PM PDT


-  INDICATES NEGATIVE NUMBERS.
R  INDICATES RECORD WAS SET OR TIED.
MM INDICATES DATA IS MISSING.
T  INDICATES TRACE AMOUNT.




$$
