890
CDUS46 KLOX 100904
CLILAX


CLIMATE REPORT
NATIONAL WEATHER SERVICE LOS ANGELES/OXNARD CA
104 AM PST WED FEB 10 2016


...................................

...THE LOS ANGELES INTL AIRPORT CA CLIMATE SUMMARY FOR FEBRUARY 9 2016...

CLIMATE NORMAL PERIOD 1981 TO 2010
CLIMATE RECORD PERIOD 1944 TO 2016


WEATHER ITEM   OBSERVED TIME   RECORD YEAR NORMAL DEPARTURE LAST
                VALUE   (LST)  VALUE       VALUE  FROM      YEAR
                                                  NORMAL
..................................................................
TEMPERATURE (F)
 YESTERDAY
  MAXIMUM         88R   148 PM  85    2006  64     24       67
  MINIMUM         60    418 AM  39    2013  50     10       56
                                      1966
  AVERAGE         74                        57     17       62

PRECIPITATION (IN)
  YESTERDAY        0.00          1.66 1963   0.11  -0.11     0.00
  MONTH TO DATE    0.00                      0.98  -0.98      T
  SINCE OCT 1      4.18                      7.41  -3.23     5.95
  SINCE JAN 1      2.94                      3.69  -0.75     1.25

SNOWFALL (IN)
  YESTERDAY        0.0
  MONTH TO DATE    0.0
  SINCE DEC 1      0.0
  SINCE JUL 1      0.0

DEGREE DAYS
 HEATING
  YESTERDAY        0                         8     -8        3
  MONTH TO DATE   48                        72    -24       45
  SINCE DEC 1    527                       594    -67      412
  SINCE JUL 1    638                       776   -138      454

 COOLING
  YESTERDAY        9                         0      9        0
  MONTH TO DATE   17                         0     17        0
  SINCE DEC 1     23                         5     18        9
  SINCE JAN 1     17                         4     13        7
..................................................................


WIND (MPH)
  HIGHEST WIND SPEED    18   HIGHEST WIND DIRECTION     W (280)
  HIGHEST GUST SPEED    22   HIGHEST GUST DIRECTION     W (280)
  AVERAGE WIND SPEED     5.0


SKY COVER
  POSSIBLE SUNSHINE  MM
  AVERAGE SKY COVER 0.1


WEATHER CONDITIONS
 THE FOLLOWING WEATHER WAS RECORDED YESTERDAY.
  HAZE


RELATIVE HUMIDITY (PERCENT)
 HIGHEST    56           900 PM
 LOWEST     10          1200 PM
 AVERAGE    33

..........................................................


THE LOS ANGELES INTL AIRPORT CA CLIMATE NORMALS FOR TODAY
                         NORMAL    RECORD    YEAR
 MAXIMUM TEMPERATURE (F)   64        83      1988
 MINIMUM TEMPERATURE (F)   50        38      1946


SUNRISE AND SUNSET
FEBRUARY 10 2016......SUNRISE   643 AM PST   SUNSET   533 PM PST
FEBRUARY 11 2016......SUNRISE   642 AM PST   SUNSET   534 PM PST


-  INDICATES NEGATIVE NUMBERS.
R  INDICATES RECORD WAS SET OR TIED.
MM INDICATES DATA IS MISSING.
T  INDICATES TRACE AMOUNT.




$$
