000
CDUS43 KLBF 212238
CLILBF

CLIMATE REPORT
NATIONAL WEATHER SERVICE NORTH PLATTE
437 PM CST FRI NOV 21 2014


...................................

...THE NORTH PLATTE NE CLIMATE SUMMARY FOR NOVEMBER 21 2014...
VALID TODAY AS OF 0400 PM LOCAL TIME.

CLIMATE NORMAL PERIOD 1981 TO 2010
CLIMATE RECORD PERIOD 1874 TO 2014


WEATHER ITEM   OBSERVED TIME   RECORD YEAR NORMAL DEPARTURE LAST
                VALUE   (LST)  VALUE       VALUE  FROM      YEAR
                                                  NORMAL
..................................................................
TEMPERATURE (F)
 TODAY
  MAXIMUM         55    357 PM  73    1986  47      8       30
  MINIMUM         16    144 AM  -7    1964  19     -3       11
  AVERAGE         36                        33      3       21

PRECIPITATION (IN)
  TODAY            0.00          0.62 1979   0.02  -0.02     0.04
  MONTH TO DATE    0.06                      0.49  -0.43     0.51
  SINCE SEP 1      2.18                      3.45  -1.27     7.25
  SINCE JAN 1     20.46                     19.67   0.79    21.61

SNOWFALL (IN)
  TODAY            0.0           8.8  1979   0.1   -0.1      0.9
  MONTH TO DATE    0.4                       2.6   -2.2      3.1
  SINCE SEP 1      0.4                       4.9   -4.5      3.1
  SINCE JUL 1      0.4                       4.9   -4.5      3.1
  SNOW DEPTH       0

DEGREE DAYS
 HEATING
  TODAY           29                        32     -3       44
  MONTH TO DATE  716                       572    144      538
  SINCE SEP 1   1230                      1221      9     1139
  SINCE JUL 1   1247                      1241      6     1152

 COOLING
  TODAY            0                         0      0        0
  MONTH TO DATE    0                         0      0        0
  SINCE SEP 1     75                        73      2      161
  SINCE JAN 1    744                       768    -24      998
..................................................................


WIND (MPH)
  HIGHEST WIND SPEED    15   HIGHEST WIND DIRECTION     S (170)
  HIGHEST GUST SPEED    18   HIGHEST GUST DIRECTION     S (160)
  AVERAGE WIND SPEED     5.0


SKY COVER
  POSSIBLE SUNSHINE  MM
  AVERAGE SKY COVER 0.1


WEATHER CONDITIONS
 THE FOLLOWING WEATHER WAS RECORDED TODAY.
  NO SIGNIFICANT WEATHER WAS OBSERVED.


RELATIVE HUMIDITY (PERCENT)
 HIGHEST    92           100 AM
 LOWEST     32           400 PM
 AVERAGE    62

..........................................................


THE NORTH PLATTE NE CLIMATE NORMALS FOR TOMORROW
                         NORMAL    RECORD    YEAR
 MAXIMUM TEMPERATURE (F)   47        73      1903
 MINIMUM TEMPERATURE (F)   18        -6      1898


SUNRISE AND SUNSET
NOVEMBER 21 2014......SUNRISE   738 AM CST   SUNSET   519 PM CST
NOVEMBER 22 2014......SUNRISE   739 AM CST   SUNSET   519 PM CST


-  INDICATES NEGATIVE NUMBERS.
R  INDICATES RECORD WAS SET OR TIED.
MM INDICATES DATA IS MISSING.
T  INDICATES TRACE AMOUNT.




$$
