000
CDUS43 KLBF 312234
CLILBF

CLIMATE REPORT
NATIONAL WEATHER SERVICE NORTH PLATTE
533 PM CDT FRI JUL 31 2015


...................................

...THE NORTH PLATTE NE CLIMATE SUMMARY FOR JULY 31 2015...
VALID TODAY AS OF 0500 PM LOCAL TIME.

CLIMATE NORMAL PERIOD 1981 TO 2010
CLIMATE RECORD PERIOD 1874 TO 2015


WEATHER ITEM   OBSERVED TIME   RECORD YEAR NORMAL DEPARTURE LAST
                VALUE   (LST)  VALUE       VALUE  FROM      YEAR
                                                  NORMAL
..................................................................
TEMPERATURE (F)
 TODAY
  MAXIMUM         93    338 PM 107    2002  88      5       89
  MINIMUM         60    524 AM  45    1925  61     -1       53
  AVERAGE         77                        74      3       71

PRECIPITATION (IN)
  TODAY            0.00          1.16 1919   0.10  -0.10     0.00
  MONTH TO DATE    2.55                      3.07  -0.52     0.14
  SINCE JUN 1      5.28                      6.49  -1.21     8.89
  SINCE JAN 1     13.38                     13.93  -0.55    13.18

SNOWFALL (IN)
  TODAY            0.0           0.0  2002   0.0    0.0      0.0
                                      2001
  MONTH TO DATE    0.0                       0.0    0.0      0.0
  SINCE JUN 1      0.0                       0.0    0.0       T
  SINCE JUL 1      0.0                       0.0    0.0      0.0
  SNOW DEPTH       0

DEGREE DAYS
 HEATING
  TODAY            0                         0      0        0
  MONTH TO DATE    6                         0      6       17
  SINCE JUN 1     11                        56    -45       56
  SINCE JUL 1      6                         5      1       17

 COOLING
  TODAY           12                        10      2        6
  MONTH TO DATE  298                       293      5      235
  SINCE JUN 1    476                       431     45      366
  SINCE JAN 1    478                       459     19      415
..................................................................


WIND (MPH)
  HIGHEST WIND SPEED    29   HIGHEST WIND DIRECTION    NE (40)
  HIGHEST GUST SPEED    38   HIGHEST GUST DIRECTION    NE (60)
  AVERAGE WIND SPEED     3.1


SKY COVER
  POSSIBLE SUNSHINE  MM
  AVERAGE SKY COVER 0.0


WEATHER CONDITIONS
 THE FOLLOWING WEATHER WAS RECORDED TODAY.
  THUNDERSTORM


RELATIVE HUMIDITY (PERCENT)
 HIGHEST    97           600 AM
 LOWEST     30           400 PM
 AVERAGE    64

..........................................................


THE NORTH PLATTE NE CLIMATE NORMALS FOR TOMORROW
                         NORMAL    RECORD    YEAR
 MAXIMUM TEMPERATURE (F)   88       105      1938
 MINIMUM TEMPERATURE (F)   61        44      1995


SUNRISE AND SUNSET
JULY 31 2015..........SUNRISE   637 AM CDT   SUNSET   900 PM CDT
AUGUST  1 2015........SUNRISE   638 AM CDT   SUNSET   859 PM CDT


-  INDICATES NEGATIVE NUMBERS.
R  INDICATES RECORD WAS SET OR TIED.
MM INDICATES DATA IS MISSING.
T  INDICATES TRACE AMOUNT.

$$
