000
CDUS43 KLBF 260929
CLILBF

CLIMATE REPORT
NATIONAL WEATHER SERVICE NORTH PLATTE
428 AM CDT THU MAR 26 2015


...................................

...THE NORTH PLATTE NE CLIMATE SUMMARY FOR MARCH 25 2015...

CLIMATE NORMAL PERIOD 1981 TO 2010
CLIMATE RECORD PERIOD 1874 TO 2015


WEATHER ITEM   OBSERVED TIME   RECORD YEAR NORMAL DEPARTURE LAST
                VALUE   (LST)  VALUE       VALUE  FROM      YEAR
                                                  NORMAL
..................................................................
TEMPERATURE (F)
 YESTERDAY
  MAXIMUM         54   1239 AM  84    1907  55     -1       47
  MINIMUM         21   1159 PM   0    1965  26     -5       18
  AVERAGE         38                        41     -3       33

PRECIPITATION (IN)
  YESTERDAY        0.00          1.61 1959   0.03  -0.03     0.00
  MONTH TO DATE    0.01                      0.78  -0.77     0.43
  SINCE MAR 1      0.01                      0.78  -0.77     0.43
  SINCE JAN 1      0.75                      1.62  -0.87     1.48

SNOWFALL (IN)
  YESTERDAY        0.0           6.3  1959   0.1   -0.1      0.0
  MONTH TO DATE    0.2                       3.5   -3.3      6.1
  SINCE MAR 1      0.2                       3.5   -3.3      6.1
  SINCE JUL 1     19.1                      24.4   -5.3     28.5
  SNOW DEPTH       0

DEGREE DAYS
 HEATING
  YESTERDAY       27                        24      3       32
  MONTH TO DATE  567                       697   -130      747
  SINCE MAR 1    567                       697   -130      747
  SINCE JUL 1   5456                      5725   -269     5938

 COOLING
  YESTERDAY        0                         0      0        0
  MONTH TO DATE    0                         0      0        0
  SINCE MAR 1      0                         0      0        0
  SINCE JAN 1      0                         0      0        0
..................................................................


WIND (MPH)
  HIGHEST WIND SPEED    22   HIGHEST WIND DIRECTION     N (10)
  HIGHEST GUST SPEED    27   HIGHEST GUST DIRECTION     N (10)
  AVERAGE WIND SPEED    11.5


SKY COVER
  POSSIBLE SUNSHINE  MM
  AVERAGE SKY COVER 0.5


WEATHER CONDITIONS
 THE FOLLOWING WEATHER WAS RECORDED YESTERDAY.
  NO SIGNIFICANT WEATHER WAS OBSERVED.


RELATIVE HUMIDITY (PERCENT)
 HIGHEST    81          1100 PM
 LOWEST     32           500 PM
 AVERAGE    57

..........................................................


THE NORTH PLATTE NE CLIMATE NORMALS FOR TODAY
                         NORMAL    RECORD    YEAR
 MAXIMUM TEMPERATURE (F)   56        86      2012
 MINIMUM TEMPERATURE (F)   27        -5      1965


SUNRISE AND SUNSET
MARCH 26 2015.........SUNRISE   736 AM CDT   SUNSET   801 PM CDT
MARCH 27 2015.........SUNRISE   735 AM CDT   SUNSET   802 PM CDT


-  INDICATES NEGATIVE NUMBERS.
R  INDICATES RECORD WAS SET OR TIED.
MM INDICATES DATA IS MISSING.
T  INDICATES TRACE AMOUNT.

$$
