000
CDUS43 KLBF 230944
CLILBF

CLIMATE REPORT
NATIONAL WEATHER SERVICE NORTH PLATTE
442 AM CDT SAT AUG 23 2014


...................................

...THE NORTH PLATTE NE CLIMATE SUMMARY FOR AUGUST 22 2014...

CLIMATE NORMAL PERIOD 1981 TO 2010
CLIMATE RECORD PERIOD 1874 TO 2014


WEATHER ITEM   OBSERVED TIME   RECORD YEAR NORMAL DEPARTURE LAST
                VALUE   (LST)  VALUE       VALUE  FROM      YEAR
                                                  NORMAL
..................................................................
TEMPERATURE (F)
 YESTERDAY
  MAXIMUM         86    421 PM 103    1938  86      0       82
  MINIMUM         60    446 AM  41    1891  57      3       66
  AVERAGE         73                        71      2       74

PRECIPITATION (IN)
  YESTERDAY        0.90          1.74 1893   0.06   0.84     0.00
  MONTH TO DATE    3.42                      1.80   1.62     3.33
  SINCE JUN 1     12.31                      8.29   4.02     8.02
  SINCE JAN 1     16.60                     15.73   0.87    14.18

SNOWFALL (IN)
  YESTERDAY        0.0           0.0  2002   0.0    0.0      0.0
                                      2001
  MONTH TO DATE    0.0                       0.0    0.0      0.0
  SINCE JUN 1      T                         0.0    0.0       T
  SINCE JUL 1      0.0                       0.0    0.0      0.0
  SNOW DEPTH       0

DEGREE DAYS
 HEATING
  YESTERDAY        0                         1     -1        0
  MONTH TO DATE    0                         1     -1        0
  SINCE JUN 1     56                        57     -1       60
  SINCE JUL 1     17                         6     11       13

 COOLING
  YESTERDAY        8                         7      1        9
  MONTH TO DATE  212                       182     30      164
  SINCE JUN 1    578                       613    -35      645
  SINCE JAN 1    627                       641    -14      693
..................................................................


WIND (MPH)
  HIGHEST WIND SPEED    22   HIGHEST WIND DIRECTION     E (90)
  HIGHEST GUST SPEED    26   HIGHEST GUST DIRECTION     E (70)
  AVERAGE WIND SPEED     7.3


SKY COVER
  POSSIBLE SUNSHINE  MM
  AVERAGE SKY COVER 0.4


WEATHER CONDITIONS
 THE FOLLOWING WEATHER WAS RECORDED YESTERDAY.
  THUNDERSTORM
  HEAVY RAIN
  RAIN
  LIGHT RAIN
  FOG


RELATIVE HUMIDITY (PERCENT)
 HIGHEST    93           300 AM
 LOWEST     43           300 PM
 AVERAGE    68

..........................................................


THE NORTH PLATTE NE CLIMATE NORMALS FOR TODAY
                         NORMAL    RECORD    YEAR
 MAXIMUM TEMPERATURE (F)   85       106      1938
 MINIMUM TEMPERATURE (F)   57        41      1972
                                             1891


SUNRISE AND SUNSET
AUGUST 23 2014........SUNRISE   700 AM CDT   SUNSET   830 PM CDT
AUGUST 24 2014........SUNRISE   701 AM CDT   SUNSET   828 PM CDT


-  INDICATES NEGATIVE NUMBERS.
R  INDICATES RECORD WAS SET OR TIED.
MM INDICATES DATA IS MISSING.
T  INDICATES TRACE AMOUNT.

$$
