000
CDUS43 KLBF 230819
CLILBF


CLIMATE REPORT
NATIONAL WEATHER SERVICE NORTH PLATTE
316 AM CDT THU MAR 23 2017


...................................

...THE NORTH PLATTE NE CLIMATE SUMMARY FOR MARCH 22 2017...

CLIMATE NORMAL PERIOD 1981 TO 2010
CLIMATE RECORD PERIOD 1874 TO 2017


WEATHER ITEM   OBSERVED TIME   RECORD YEAR NORMAL DEPARTURE LAST
                VALUE   (LST)  VALUE       VALUE  FROM      YEAR
                                                  NORMAL
..................................................................
TEMPERATURE (F)
 YESTERDAY
  MAXIMUM         55    455 PM  86    1910  55      0       79
  MINIMUM         30    329 AM  -1    1898  25      5       31
  AVERAGE         43                        40      3       55

PRECIPITATION (IN)
  YESTERDAY        0.00          1.10 1966   0.03  -0.03     0.00
  MONTH TO DATE    0.05                      0.67  -0.62     0.07
  SINCE MAR 1      0.05                      0.67  -0.62     0.07
  SINCE JAN 1      1.24                      1.51  -0.27     1.33

SNOWFALL (IN)
  YESTERDAY        0.0           8.9  1894   0.2   -0.2      0.0
  MONTH TO DATE    T                         3.2   -3.2       T
  SINCE MAR 1      T                         3.2   -3.2       T
  SINCE JUL 1     20.3                      24.1   -3.8     25.6
  SNOW DEPTH       0

DEGREE DAYS
 HEATING
  YESTERDAY       22                        25     -3       10
  MONTH TO DATE  492                       623   -131      462
  SINCE MAR 1    492                       623   -131      462
  SINCE JUL 1   4814                      5651   -837     4739

 COOLING
  YESTERDAY        0                         0      0        0
  MONTH TO DATE    0                         0      0        0
  SINCE MAR 1      0                         0      0        0
  SINCE JAN 1      0                         0      0        0
..................................................................


WIND (MPH)
  HIGHEST WIND SPEED    24   HIGHEST WIND DIRECTION    SE (120)
  HIGHEST GUST SPEED    30   HIGHEST GUST DIRECTION     E (110)
  AVERAGE WIND SPEED    13.5


SKY COVER
  POSSIBLE SUNSHINE  MM
  AVERAGE SKY COVER 0.6


WEATHER CONDITIONS
 THE FOLLOWING WEATHER WAS RECORDED YESTERDAY.
  NO SIGNIFICANT WEATHER WAS OBSERVED.


RELATIVE HUMIDITY (PERCENT)
 HIGHEST    78           300 AM
 LOWEST     38           500 PM
 AVERAGE    58

..........................................................


THE NORTH PLATTE NE CLIMATE NORMALS FOR TODAY
                         NORMAL    RECORD    YEAR
 MAXIMUM TEMPERATURE (F)   55        83      1928
 MINIMUM TEMPERATURE (F)   26        -1      1965


SUNRISE AND SUNSET
MARCH 23 2017.........SUNRISE   741 AM CDT   SUNSET   758 PM CDT
MARCH 24 2017.........SUNRISE   739 AM CDT   SUNSET   800 PM CDT


-  INDICATES NEGATIVE NUMBERS.
R  INDICATES RECORD WAS SET OR TIED.
MM INDICATES DATA IS MISSING.
T  INDICATES TRACE AMOUNT.




$$
