000
CDUS43 KLBF 260758
CLILBF


CLIMATE REPORT
NATIONAL WEATHER SERVICE NORTH PLATTE
257 AM CDT WED APR 26 2017


...................................

...THE NORTH PLATTE NE CLIMATE SUMMARY FOR APRIL 25 2017...

CLIMATE NORMAL PERIOD 1981 TO 2010
CLIMATE RECORD PERIOD 1874 TO 2017


WEATHER ITEM   OBSERVED TIME   RECORD YEAR NORMAL DEPARTURE LAST
                VALUE   (LST)  VALUE       VALUE  FROM      YEAR
                                                  NORMAL
..................................................................
TEMPERATURE (F)
 YESTERDAY
  MAXIMUM         51   1206 AM  89    1962  65    -14       71
                                      1949
  MINIMUM         35   1159 PM  18    2002  36     -1       36
  AVERAGE         43                        51     -8       54

PRECIPITATION (IN)
  YESTERDAY        0.66          1.06 1915   0.09   0.57     0.00
  MONTH TO DATE    0.97                      1.82  -0.85     3.46
  SINCE MAR 1      2.79                      2.87  -0.08     4.12
  SINCE JAN 1      3.98                      3.71   0.27     5.38

SNOWFALL (IN)
  YESTERDAY        0.0           0.2  1907   0.0    0.0      0.0
  MONTH TO DATE    0.0                       3.0   -3.0       T
  SINCE MAR 1      T                         7.4   -7.4      4.3
  SINCE JUL 1     20.3                      28.3   -8.0     29.9
  SNOW DEPTH       0

DEGREE DAYS
 HEATING
  YESTERDAY       22                        14      8       11
  MONTH TO DATE  306                       458   -152      352
  SINCE MAR 1    957                      1295   -338     1038
  SINCE JUL 1   5279                      6323  -1044     5315

 COOLING
  YESTERDAY        0                         0      0        0
  MONTH TO DATE    2                         0      2        1
  SINCE MAR 1      2                         0      2        1
  SINCE JAN 1      2                         0      2        1
..................................................................


WIND (MPH)
  HIGHEST WIND SPEED    29   HIGHEST WIND DIRECTION     E (100)
  HIGHEST GUST SPEED    36   HIGHEST GUST DIRECTION     E (100)
  AVERAGE WIND SPEED    13.8


SKY COVER
  POSSIBLE SUNSHINE  MM
  AVERAGE SKY COVER 1.0


WEATHER CONDITIONS
 THE FOLLOWING WEATHER WAS RECORDED YESTERDAY.
  THUNDERSTORM
  HEAVY RAIN
  RAIN
  LIGHT RAIN
  FOG


RELATIVE HUMIDITY (PERCENT)
 HIGHEST   100           600 AM
 LOWEST     70           500 PM
 AVERAGE    85

..........................................................


THE NORTH PLATTE NE CLIMATE NORMALS FOR TODAY
                         NORMAL    RECORD    YEAR
 MAXIMUM TEMPERATURE (F)   66        90      1981
 MINIMUM TEMPERATURE (F)   37        23      2006


SUNRISE AND SUNSET
APRIL 26 2017.........SUNRISE   647 AM CDT   SUNSET   835 PM CDT
APRIL 27 2017.........SUNRISE   645 AM CDT   SUNSET   836 PM CDT


-  INDICATES NEGATIVE NUMBERS.
R  INDICATES RECORD WAS SET OR TIED.
MM INDICATES DATA IS MISSING.
T  INDICATES TRACE AMOUNT.




$$
