000
CDUS43 KLBF 211046
CLILBF


CLIMATE REPORT
NATIONAL WEATHER SERVICE NORTH PLATTE
445 AM CST WED FEB 21 2018


...................................

...THE NORTH PLATTE NE CLIMATE SUMMARY FOR FEBRUARY 20 2018...

CLIMATE NORMAL PERIOD 1981 TO 2010
CLIMATE RECORD PERIOD 1874 TO 2018


WEATHER ITEM   OBSERVED TIME   RECORD YEAR NORMAL DEPARTURE LAST
                VALUE   (LST)  VALUE       VALUE  FROM      YEAR
                                                  NORMAL
..................................................................
TEMPERATURE (F)
 YESTERDAY
  MAXIMUM         15    453 PM  74    1930  44    -29       64
  MINIMUM         -8   1024 PM -19    1959  16    -24       32
  AVERAGE          4                        30    -26       48

PRECIPITATION (IN)
  YESTERDAY        0.06          0.34 1962   0.03   0.03     0.00
  MONTH TO DATE    0.63                      0.31   0.32     0.22
  SINCE DEC 1      2.23                      1.06   1.17     1.51
  SINCE JAN 1      1.68                      0.65   1.03     0.89

SNOWFALL (IN)
  YESTERDAY        1.2           3.4  1962   0.2    1.0      0.0
  MONTH TO DATE    9.9                       3.8    6.1      1.5
  SINCE DEC 1     31.6                      13.2   18.4     10.9
  SINCE JUL 1     32.6                      19.4   13.2     15.9
  SNOW DEPTH       2

DEGREE DAYS
 HEATING
  YESTERDAY       61                        35     26       17
  MONTH TO DATE  881                       742    139      561
  SINCE DEC 1   3402                      3211    191     3023
  SINCE JUL 1   4693                      4762    -69     4064

 COOLING
  YESTERDAY        0                         0      0        0
  MONTH TO DATE    0                         0      0        0
  SINCE DEC 1      0                         0      0        0
  SINCE JAN 1      0                         0      0        0
..................................................................


WIND (MPH)
  HIGHEST WIND SPEED    22   HIGHEST WIND DIRECTION    NW (320)
  HIGHEST GUST SPEED    25   HIGHEST GUST DIRECTION    NW (320)
  AVERAGE WIND SPEED    11.1


SKY COVER
  POSSIBLE SUNSHINE  MM
  AVERAGE SKY COVER 0.3


WEATHER CONDITIONS
 THE FOLLOWING WEATHER WAS RECORDED YESTERDAY.
  SNOW
  LIGHT SNOW


RELATIVE HUMIDITY (PERCENT)
 HIGHEST    83           400 AM
 LOWEST     53           500 PM
 AVERAGE    68

..........................................................


THE NORTH PLATTE NE CLIMATE NORMALS FOR TODAY
                         NORMAL    RECORD    YEAR
 MAXIMUM TEMPERATURE (F)   45        79      2017
 MINIMUM TEMPERATURE (F)   17       -11      1978


SUNRISE AND SUNSET
FEBRUARY 21 2018......SUNRISE   729 AM CST   SUNSET   624 PM CST
FEBRUARY 22 2018......SUNRISE   727 AM CST   SUNSET   625 PM CST


-  INDICATES NEGATIVE NUMBERS.
R  INDICATES RECORD WAS SET OR TIED.
MM INDICATES DATA IS MISSING.
T  INDICATES TRACE AMOUNT.




$$
