000
CDUS43 KLBF 312213
CLILBF


CLIMATE REPORT
NATIONAL WEATHER SERVICE NORTH PLATTE
512 PM CDT TUE MAY 31 2016


...................................

...THE NORTH PLATTE NE CLIMATE SUMMARY FOR MAY 31 2016...
VALID TODAY AS OF 0500 PM LOCAL TIME.

CLIMATE NORMAL PERIOD 1981 TO 2010
CLIMATE RECORD PERIOD 1874 TO 2016


WEATHER ITEM   OBSERVED TIME   RECORD YEAR NORMAL DEPARTURE LAST
                VALUE   (LST)  VALUE       VALUE  FROM      YEAR
                                                  NORMAL
..................................................................
TEMPERATURE (F)
 TODAY
  MAXIMUM         70    305 PM  94    2002  76     -6       76
  MINIMUM         50    418 AM  31    1964  49      1       41
  AVERAGE         60                        63     -3       59

PRECIPITATION (IN)
  TODAY            0.00          2.26 1935   0.13  -0.13      T
  MONTH TO DATE    3.90                      3.28   0.62     4.34
  SINCE MAR 1      9.92                      6.60   3.32     7.36
  SINCE JAN 1     11.18                      7.44   3.74     8.10

SNOWFALL (IN)
  TODAY            0.0           0.0    MM   0.0    0.0      0.0
  MONTH TO DATE    T                         T      0.0       T
  SINCE MAR 1      6.8                       7.6   -0.8      2.4
  SINCE JUL 1     32.4                      28.5    3.9     21.3
  SNOW DEPTH       0

DEGREE DAYS
 HEATING
  TODAY            5                         4      1        6
  MONTH TO DATE  265                       243     22      286
  SINCE MAR 1   1429                      1607   -178     1381
  SINCE JUL 1   5706                      6635   -929     6270

 COOLING
  TODAY            0                         2     -2        0
  MONTH TO DATE    9                        25    -16        0
  SINCE MAR 1     10                        28    -18        2
  SINCE JAN 1     10                        28    -18        2
..................................................................


WIND (MPH)
  HIGHEST WIND SPEED    14   HIGHEST WIND DIRECTION    NW (300)
  HIGHEST GUST SPEED    17   HIGHEST GUST DIRECTION     N (360)
  AVERAGE WIND SPEED     7.5


SKY COVER
  POSSIBLE SUNSHINE  MM
  AVERAGE SKY COVER 0.3


WEATHER CONDITIONS
 THE FOLLOWING WEATHER WAS RECORDED TODAY.
  NO SIGNIFICANT WEATHER WAS OBSERVED.


RELATIVE HUMIDITY (PERCENT)
 HIGHEST    89           300 AM
 LOWEST     45           100 PM
 AVERAGE    67

..........................................................


THE NORTH PLATTE NE CLIMATE NORMALS FOR TOMORROW
                         NORMAL    RECORD    YEAR
 MAXIMUM TEMPERATURE (F)   77        98      1940
 MINIMUM TEMPERATURE (F)   50        36      1982
                                             1969
                                             1892


SUNRISE AND SUNSET
MAY 31 2016...........SUNRISE   613 AM CDT   SUNSET   909 PM CDT
JUNE  1 2016..........SUNRISE   612 AM CDT   SUNSET   909 PM CDT


-  INDICATES NEGATIVE NUMBERS.
R  INDICATES RECORD WAS SET OR TIED.
MM INDICATES DATA IS MISSING.
T  INDICATES TRACE AMOUNT.

$$
