654
CDUS43 KLBF 132231
CLILBF


CLIMATE REPORT
NATIONAL WEATHER SERVICE NORTH PLATTE
430 PM CST SAT FEB 13 2016


...................................

...THE NORTH PLATTE NE CLIMATE SUMMARY FOR FEBRUARY 13 2016...
VALID TODAY AS OF 0400 PM LOCAL TIME.

CLIMATE NORMAL PERIOD 1981 TO 2010
CLIMATE RECORD PERIOD 1874 TO 2016


WEATHER ITEM   OBSERVED TIME   RECORD YEAR NORMAL DEPARTURE LAST
                VALUE   (LST)  VALUE       VALUE  FROM      YEAR
                                                  NORMAL
..................................................................
TEMPERATURE (F)
 TODAY
  MAXIMUM         25    400 PM  70    1967  42    -17       61
                                      1934
  MINIMUM         21    850 AM -27    1905  14      7       21
  AVERAGE         23                        28     -5       41

PRECIPITATION (IN)
  TODAY            T             0.46 2009   0.02  -0.02     0.00
  MONTH TO DATE    0.75                      0.18   0.57     0.43
  SINCE DEC 1      1.51                      0.93   0.58     1.75
  SINCE JAN 1      1.23                      0.52   0.71     0.71

SNOWFALL (IN)
  TODAY            T             8.3  2009   0.2   -0.2      0.0
  MONTH TO DATE   12.0                       2.4    9.6      6.1
  SINCE DEC 1     21.0                      11.8    9.2     18.3
  SINCE JUL 1     25.6                      18.0    7.6     18.7
  SNOW DEPTH       2

DEGREE DAYS
 HEATING
  TODAY           42                        37      5       24
  MONTH TO DATE  493                       493      0      412
  SINCE DEC 1   2701                      2962   -261     2744
  SINCE JUL 1   3887                      4513   -626     4264

 COOLING
  TODAY            0                         0      0        0
  MONTH TO DATE    0                         0      0        0
  SINCE DEC 1      0                         0      0        0
  SINCE JAN 1      0                         0      0        0
..................................................................


WIND (MPH)
  HIGHEST WIND SPEED    22   HIGHEST WIND DIRECTION     S (170)
  HIGHEST GUST SPEED    29   HIGHEST GUST DIRECTION     S (160)
  AVERAGE WIND SPEED    13.0


SKY COVER
  POSSIBLE SUNSHINE  MM
  AVERAGE SKY COVER 1.0


WEATHER CONDITIONS
 THE FOLLOWING WEATHER WAS RECORDED TODAY.
  FOG


RELATIVE HUMIDITY (PERCENT)
 HIGHEST    92           400 AM
 LOWEST     81           100 AM
 AVERAGE    87

..........................................................


THE NORTH PLATTE NE CLIMATE NORMALS FOR TOMORROW
                         NORMAL    RECORD    YEAR
 MAXIMUM TEMPERATURE (F)   43        72      1999
 MINIMUM TEMPERATURE (F)   15       -17      1936


SUNRISE AND SUNSET
FEBRUARY 13 2016......SUNRISE   740 AM CST   SUNSET   614 PM CST
FEBRUARY 14 2016......SUNRISE   739 AM CST   SUNSET   615 PM CST


-  INDICATES NEGATIVE NUMBERS.
R  INDICATES RECORD WAS SET OR TIED.
MM INDICATES DATA IS MISSING.
T  INDICATES TRACE AMOUNT.




$$
