000
CDUS43 KLBF 020951
CLILBF


CLIMATE REPORT
NATIONAL WEATHER SERVICE NORTH PLATTE
449 AM CDT MON MAY 2 2016


...................................

...THE NORTH PLATTE NE CLIMATE SUMMARY FOR MAY 1 2016...

CLIMATE NORMAL PERIOD 1981 TO 2010
CLIMATE RECORD PERIOD 1874 TO 2016


WEATHER ITEM   OBSERVED TIME   RECORD YEAR NORMAL DEPARTURE LAST
                VALUE   (LST)  VALUE       VALUE  FROM      YEAR
                                                  NORMAL
..................................................................
TEMPERATURE (F)
 YESTERDAY
  MAXIMUM         54    603 PM  96    1928  67    -13       76
  MINIMUM         33   1145 PM  19    1989  39     -6       50
                                      1909
  AVERAGE         44                        53     -9       63

PRECIPITATION (IN)
  YESTERDAY        0.11          0.92 1946   0.09   0.02     0.00
  MONTH TO DATE    0.11                      0.09   0.02     0.00
  SINCE MAR 1      6.13                      3.41   2.72     3.02
  SINCE JAN 1      7.39                      4.25   3.14     3.76

SNOWFALL (IN)
  YESTERDAY        0.0           1.4  1954   0.0    0.0      0.0
  MONTH TO DATE    0.0                       0.0    0.0      0.0
  SINCE MAR 1      6.8                       7.6   -0.8      2.4
  SINCE JUL 1     32.4                      28.5    3.9     21.3
  SNOW DEPTH       0

DEGREE DAYS
 HEATING
  YESTERDAY       21                        12      9        2
  MONTH TO DATE   21                        12      9        2
  SINCE MAR 1   1185                      1374   -189     1097
  SINCE JUL 1   5462                      6402   -940     5986

 COOLING
  YESTERDAY        0                         0      0        0
  MONTH TO DATE    0                         0      0        0
  SINCE MAR 1      1                         3     -2        2
  SINCE JAN 1      1                         3     -2        2
..................................................................


WIND (MPH)
  HIGHEST WIND SPEED    26   HIGHEST WIND DIRECTION     N (350)
  HIGHEST GUST SPEED    34   HIGHEST GUST DIRECTION     N (350)
  AVERAGE WIND SPEED    13.2


SKY COVER
  POSSIBLE SUNSHINE  MM
  AVERAGE SKY COVER 0.8


WEATHER CONDITIONS
 THE FOLLOWING WEATHER WAS RECORDED YESTERDAY.
  LIGHT RAIN
  LIGHT SNOW
  FOG


RELATIVE HUMIDITY (PERCENT)
 HIGHEST    96          1200 AM
 LOWEST     41           700 PM
 AVERAGE    69

..........................................................


THE NORTH PLATTE NE CLIMATE NORMALS FOR TODAY
                         NORMAL    RECORD    YEAR
 MAXIMUM TEMPERATURE (F)   68        88      1955
                                             1902
 MINIMUM TEMPERATURE (F)   39        18      2005


SUNRISE AND SUNSET
MAY  2 2016...........SUNRISE   639 AM CDT   SUNSET   841 PM CDT
MAY  3 2016...........SUNRISE   637 AM CDT   SUNSET   842 PM CDT


-  INDICATES NEGATIVE NUMBERS.
R  INDICATES RECORD WAS SET OR TIED.
MM INDICATES DATA IS MISSING.
T  INDICATES TRACE AMOUNT.




$$
