000
CDUS43 KLBF 240931
CLILBF

CLIMATE REPORT
NATIONAL WEATHER SERVICE NORTH PLATTE
431 AM CDT FRI OCT 24 2014

...................................

...THE NORTH PLATTE NE CLIMATE SUMMARY FOR OCTOBER 23 2014...

CLIMATE NORMAL PERIOD 1981 TO 2010
CLIMATE RECORD PERIOD 1874 TO 2014


WEATHER ITEM   OBSERVED TIME   RECORD YEAR NORMAL DEPARTURE LAST
                VALUE   (LST)  VALUE       VALUE  FROM      YEAR
                                                  NORMAL
..................................................................
TEMPERATURE (F)
 YESTERDAY
  MAXIMUM         76    338 PM  88    1899  62     14       65
  MINIMUM         35    730 AM   9    1917  31      4       32
  AVERAGE         56                        46     10       49

PRECIPITATION (IN)
  YESTERDAY        0.00          1.10 1883   0.05  -0.05     0.00
  MONTH TO DATE    0.73                      1.23  -0.50     1.60
  SINCE SEP 1      2.12                      2.64  -0.52     6.68
  SINCE JAN 1     20.40                     18.86   1.54    21.04

SNOWFALL (IN)
  YESTERDAY        0.0           5.7  2002   0.1   -0.1      0.0
  MONTH TO DATE    0.0                       1.3   -1.3      0.0
  SINCE SEP 1      T                         1.5   -1.5      0.0
  SINCE JUL 1      T                         1.5   -1.5      0.0
  SNOW DEPTH       0

DEGREE DAYS
 HEATING
  YESTERDAY        9                        19    -10       16
  MONTH TO DATE  264                       334    -70      358
  SINCE SEP 1    387                       485    -98      428
  SINCE JUL 1    404                       505   -101      441

 COOLING
  YESTERDAY        0                         0      0        0
  MONTH TO DATE    0                         0      0        0
  SINCE SEP 1     75                        70      5      161
  SINCE JAN 1    744                       765    -21      998
..................................................................


WIND (MPH)
  HIGHEST WIND SPEED    18   HIGHEST WIND DIRECTION    SW (210)
  HIGHEST GUST SPEED    22   HIGHEST GUST DIRECTION     S (190)
  AVERAGE WIND SPEED     5.6


SKY COVER
  POSSIBLE SUNSHINE  MM
  AVERAGE SKY COVER 0.3


WEATHER CONDITIONS
 THE FOLLOWING WEATHER WAS RECORDED YESTERDAY.
  LIGHT SNOW
  FOG
  FOG W/VISIBILITY <= 1/4 MILE


RELATIVE HUMIDITY (PERCENT)
 HIGHEST   100          1200 AM
 LOWEST     27           300 PM
 AVERAGE    64

..........................................................


THE NORTH PLATTE NE CLIMATE NORMALS FOR TODAY
                         NORMAL    RECORD    YEAR
 MAXIMUM TEMPERATURE (F)   61        86      1940
 MINIMUM TEMPERATURE (F)   31         9      1887


SUNRISE AND SUNSET
OCTOBER 24 2014.......SUNRISE   804 AM CDT   SUNSET   649 PM CDT
OCTOBER 25 2014.......SUNRISE   806 AM CDT   SUNSET   647 PM CDT


-  INDICATES NEGATIVE NUMBERS.
R  INDICATES RECORD WAS SET OR TIED.
MM INDICATES DATA IS MISSING.
T  INDICATES TRACE AMOUNT.

$$
