000
CDUS43 KLBF 180845
CLILBF


CLIMATE REPORT
NATIONAL WEATHER SERVICE NORTH PLATTE
344 AM CDT FRI AUG 18 2017


...................................

...THE NORTH PLATTE NE CLIMATE SUMMARY FOR AUGUST 17 2017...

CLIMATE NORMAL PERIOD 1981 TO 2010
CLIMATE RECORD PERIOD 1874 TO 2017


WEATHER ITEM   OBSERVED TIME   RECORD YEAR NORMAL DEPARTURE LAST
                VALUE   (LST)  VALUE       VALUE  FROM      YEAR
                                                  NORMAL
..................................................................
TEMPERATURE (F)
 YESTERDAY
  MAXIMUM         87    416 PM 104    1936  86      1       90
                                      1914
  MINIMUM         50    622 AM  45    2012  58     -8       59
                                      1890
  AVERAGE         69                        72     -3       75

PRECIPITATION (IN)
  YESTERDAY        T             2.06 1999   0.08  -0.08     0.00
  MONTH TO DATE    3.56                      1.50   2.06     0.76
  SINCE JUN 1      9.18                      7.99   1.19     7.86
  SINCE JAN 1     17.72                     15.43   2.29    19.04

SNOWFALL (IN)
  YESTERDAY        0.0           0.0  2002   0.0    0.0      0.0
                                      2001
  MONTH TO DATE    0.0                       0.0    0.0      0.0
  SINCE JUN 1      T                         0.0    0.0      0.0
  SINCE JUL 1      T                         0.0    0.0      0.0
  SNOW DEPTH       0

DEGREE DAYS
 HEATING
  YESTERDAY        0                         0      0        0
  MONTH TO DATE    4                         0      4        0
  SINCE JUN 1     11                        56    -45       16
  SINCE JUL 1      4                         5     -1        6

 COOLING
  YESTERDAY        4                         8     -4       10
  MONTH TO DATE   78                       147    -69      168
  SINCE JUN 1    709                       578    131      720
  SINCE JAN 1    726                       606    120      730
..................................................................


WIND (MPH)
  HIGHEST WIND SPEED    18   HIGHEST WIND DIRECTION     N (350)
  HIGHEST GUST SPEED    26   HIGHEST GUST DIRECTION     N (360)
  AVERAGE WIND SPEED     6.7


SKY COVER
  POSSIBLE SUNSHINE  MM
  AVERAGE SKY COVER 0.0


WEATHER CONDITIONS
 THE FOLLOWING WEATHER WAS RECORDED YESTERDAY.
  FOG


RELATIVE HUMIDITY (PERCENT)
 HIGHEST   100           300 AM
 LOWEST     36           300 PM
 AVERAGE    68

..........................................................


THE NORTH PLATTE NE CLIMATE NORMALS FOR TODAY
                         NORMAL    RECORD    YEAR
 MAXIMUM TEMPERATURE (F)   86       102      1970
 MINIMUM TEMPERATURE (F)   58        44      1978


SUNRISE AND SUNSET
AUGUST 18 2017........SUNRISE   656 AM CDT   SUNSET   837 PM CDT
AUGUST 19 2017........SUNRISE   657 AM CDT   SUNSET   835 PM CDT


-  INDICATES NEGATIVE NUMBERS.
R  INDICATES RECORD WAS SET OR TIED.
MM INDICATES DATA IS MISSING.
T  INDICATES TRACE AMOUNT.




$$
