000
CDUS43 KLBF 200929
CLILBF


CLIMATE REPORT
NATIONAL WEATHER SERVICE NORTH PLATTE
429 AM CDT FRI OCT 20 2017


...................................

...THE NORTH PLATTE NE CLIMATE SUMMARY FOR OCTOBER 19 2017...

CLIMATE NORMAL PERIOD 1981 TO 2010
CLIMATE RECORD PERIOD 1874 TO 2017


WEATHER ITEM   OBSERVED TIME   RECORD YEAR NORMAL DEPARTURE LAST
                VALUE   (LST)  VALUE       VALUE  FROM      YEAR
                                                  NORMAL
..................................................................
TEMPERATURE (F)
 YESTERDAY
  MAXIMUM         80    241 PM  89    2003  63     17       64
  MINIMUM         32    611 AM  11    1989  32      0       44
  AVERAGE         56                        48      8       54

PRECIPITATION (IN)
  YESTERDAY        0.00          3.24 1908   0.05  -0.05     0.08
  MONTH TO DATE    3.05                      1.02   2.03     1.54
  SINCE SEP 1      7.80                      2.43   5.37     2.48
  SINCE JAN 1     25.56                     18.65   6.91    21.64

SNOWFALL (IN)
  YESTERDAY        0.0           2.0  1885   0.1   -0.1       T
  MONTH TO DATE    0.0                       1.0   -1.0       T
  SINCE SEP 1      0.0                       1.2   -1.2       T
  SINCE JUL 1      T                         1.2   -1.2       T
  SNOW DEPTH       0

DEGREE DAYS
 HEATING
  YESTERDAY        9                        17     -8       11
  MONTH TO DATE  196                       261    -65      171
  SINCE SEP 1    301                       412   -111      250
  SINCE JUL 1    305                       432   -127      262

 COOLING
  YESTERDAY        0                         0      0        0
  MONTH TO DATE    0                         0      0        3
  SINCE SEP 1    130                        70     60      104
  SINCE JAN 1    953                       765    188      911
..................................................................


WIND (MPH)
  HIGHEST WIND SPEED    18   HIGHEST WIND DIRECTION     S (170)
  HIGHEST GUST SPEED    23   HIGHEST GUST DIRECTION     S (170)
  AVERAGE WIND SPEED     6.8


SKY COVER
  POSSIBLE SUNSHINE  MM
  AVERAGE SKY COVER 0.0


WEATHER CONDITIONS
 THE FOLLOWING WEATHER WAS RECORDED YESTERDAY.
  NO SIGNIFICANT WEATHER WAS OBSERVED.


RELATIVE HUMIDITY (PERCENT)
 HIGHEST   100           500 AM
 LOWEST     32           200 PM
 AVERAGE    66

..........................................................


THE NORTH PLATTE NE CLIMATE NORMALS FOR TODAY
                         NORMAL    RECORD    YEAR
 MAXIMUM TEMPERATURE (F)   63        92      1947
 MINIMUM TEMPERATURE (F)   32        14      1916


SUNRISE AND SUNSET
OCTOBER 20 2017.......SUNRISE   800 AM CDT   SUNSET   654 PM CDT
OCTOBER 21 2017.......SUNRISE   801 AM CDT   SUNSET   653 PM CDT


-  INDICATES NEGATIVE NUMBERS.
R  INDICATES RECORD WAS SET OR TIED.
MM INDICATES DATA IS MISSING.
T  INDICATES TRACE AMOUNT.




$$
