000
CDUS43 KLBF 040934 RRA
CLILBF

CLIMATE REPORT
NATIONAL WEATHER SERVICE NORTH PLATTE
432 AM CDT FRI SEP 4 2015

...................................

...THE NORTH PLATTE NE CLIMATE SUMMARY FOR SEPTEMBER 3 2015...

CLIMATE NORMAL PERIOD 1981 TO 2010
CLIMATE RECORD PERIOD 1874 TO 2015


WEATHER ITEM   OBSERVED TIME   RECORD YEAR NORMAL DEPARTURE LAST
                VALUE   (LST)  VALUE       VALUE  FROM      YEAR
                                                  NORMAL
..................................................................
TEMPERATURE (F)
 YESTERDAY
  MAXIMUM         94    300 PM  99    1960  83     11       89
                                      1954
  MINIMUM         59    636 AM  26    1974  53      6       67
  AVERAGE         77                        68      9       78

PRECIPITATION (IN)
  YESTERDAY        0.02          0.73 1920   0.04  -0.02     0.00
  MONTH TO DATE    0.03                      0.14  -0.11     0.08
  SINCE SEP 1      0.03                      0.14  -0.11     0.08
  SINCE JAN 1     16.60                     16.36   0.24    18.36

SNOWFALL (IN)
  YESTERDAY        0.0           0.0  2002   0.0    0.0      0.0
                                      2001
  MONTH TO DATE    0.0                       0.0    0.0      0.0
  SINCE SEP 1      0.0                       0.0    0.0      0.0
  SINCE JUL 1      0.0                       0.0    0.0      0.0
  SNOW DEPTH       0

DEGREE DAYS
 HEATING
  YESTERDAY        0                         2     -2        0
  MONTH TO DATE    0                         6     -6        3
  SINCE SEP 1      0                         6     -6        3
  SINCE JUL 1     29                        26      3       20

 COOLING
  YESTERDAY       12                         5      7       13
  MONTH TO DATE   38                        15     23       13
  SINCE SEP 1     38                        15     23       13
  SINCE JAN 1    706                       710     -4      682
..................................................................


WIND (MPH)
  HIGHEST WIND SPEED    26   HIGHEST WIND DIRECTION     W (250)
  HIGHEST GUST SPEED    33   HIGHEST GUST DIRECTION     W (250)
  AVERAGE WIND SPEED     5.6


SKY COVER
  POSSIBLE SUNSHINE  MM
  AVERAGE SKY COVER 0.0


WEATHER CONDITIONS
 THE FOLLOWING WEATHER WAS RECORDED YESTERDAY.
  THUNDERSTORM
  RAIN
  LIGHT RAIN


RELATIVE HUMIDITY (PERCENT)
 HIGHEST    97           700 AM
 LOWEST     38           400 PM
 AVERAGE    68

..........................................................


THE NORTH PLATTE NE CLIMATE NORMALS FOR TODAY
                         NORMAL    RECORD    YEAR
 MAXIMUM TEMPERATURE (F)   83       101      1946
                                             1881
 MINIMUM TEMPERATURE (F)   52        36      1974


SUNRISE AND SUNSET
SEPTEMBER  4 2015.....SUNRISE   712 AM CDT   SUNSET   811 PM CDT
SEPTEMBER  5 2015.....SUNRISE   713 AM CDT   SUNSET   809 PM CDT


-  INDICATES NEGATIVE NUMBERS.
R  INDICATES RECORD WAS SET OR TIED.
MM INDICATES DATA IS MISSING.
T  INDICATES TRACE AMOUNT.

$$
