000
CDUS43 KLBF 231005
CLILBF


CLIMATE REPORT
NATIONAL WEATHER SERVICE NORTH PLATTE
403 AM CST MON JAN 23 2017


...................................

...THE NORTH PLATTE NE CLIMATE SUMMARY FOR JANUARY 22 2017...

CLIMATE NORMAL PERIOD 1981 TO 2010
CLIMATE RECORD PERIOD 1874 TO 2017


WEATHER ITEM   OBSERVED TIME   RECORD YEAR NORMAL DEPARTURE LAST
                VALUE   (LST)  VALUE       VALUE  FROM      YEAR
                                                  NORMAL
..................................................................
TEMPERATURE (F)
 YESTERDAY
  MAXIMUM         51    339 PM  69    1943  39     12       32
  MINIMUM         21    522 AM -21    1917  11     10       25
  AVERAGE         36                        25     11       29

PRECIPITATION (IN)
  YESTERDAY        0.00          0.38 1965   0.01  -0.01     0.00
  MONTH TO DATE    0.56                      0.24   0.32     0.24
  SINCE DEC 1      1.18                      0.65   0.53     0.52
  SINCE JAN 1      0.56                      0.24   0.32     0.24

SNOWFALL (IN)
  YESTERDAY        0.0           7.0  1965   0.1   -0.1      0.0
  MONTH TO DATE    7.2                       3.4    3.8      2.4
  SINCE DEC 1      8.0                       8.0    0.0      5.8
  SINCE JUL 1     13.0                      14.2   -1.2     10.4
  SNOW DEPTH       0

DEGREE DAYS
 HEATING
  YESTERDAY       29                        40    -11       36
  MONTH TO DATE  945                       885     60      851
  SINCE DEC 1   2171                      2114     57     1933
  SINCE JUL 1   3212                      3665   -453     3119

 COOLING
  YESTERDAY        0                         0      0        0
  MONTH TO DATE    0                         0      0        0
  SINCE DEC 1      0                         0      0        0
  SINCE JAN 1      0                         0      0        0
..................................................................


WIND (MPH)
  HIGHEST WIND SPEED    16   HIGHEST WIND DIRECTION    NW (300)
  HIGHEST GUST SPEED    20   HIGHEST GUST DIRECTION    NW (300)
  AVERAGE WIND SPEED     6.1


SKY COVER
  POSSIBLE SUNSHINE  MM
  AVERAGE SKY COVER 0.0


WEATHER CONDITIONS
 THE FOLLOWING WEATHER WAS RECORDED YESTERDAY.
  NO SIGNIFICANT WEATHER WAS OBSERVED.


RELATIVE HUMIDITY (PERCENT)
 HIGHEST    96           300 AM
 LOWEST     39           300 PM
 AVERAGE    68

..........................................................


THE NORTH PLATTE NE CLIMATE NORMALS FOR TODAY
                         NORMAL    RECORD    YEAR
 MAXIMUM TEMPERATURE (F)   39        70      1981
 MINIMUM TEMPERATURE (F)   11       -23      1963


SUNRISE AND SUNSET
JANUARY 23 2017.......SUNRISE   801 AM CST   SUNSET   549 PM CST
JANUARY 24 2017.......SUNRISE   800 AM CST   SUNSET   550 PM CST


-  INDICATES NEGATIVE NUMBERS.
R  INDICATES RECORD WAS SET OR TIED.
MM INDICATES DATA IS MISSING.
T  INDICATES TRACE AMOUNT.

$$
