000
CDUS42 KILM 030843
CLILBT


CLIMATE REPORT
NATIONAL WEATHER SERVICE WILMINGTON NC
443 AM EDT MON AUG 3 2015


...................................

...THE LUMBERTON NC CLIMATE SUMMARY FOR AUGUST 2 2015...

CLIMATE NORMAL PERIOD 1981 TO 2010
CLIMATE RECORD PERIOD 9999 TO 9999


WEATHER ITEM   OBSERVED TIME   NORMAL DEPARTURE LAST
                VALUE   (LST)  VALUE  FROM      YEAR
                                      NORMAL
......................................................
TEMPERATURE (F)
 YESTERDAY
  MAXIMUM         98    254 PM  90      8       74
  MINIMUM         69    538 AM  71     -2       68
  AVERAGE         84            81      3       71

PRECIPITATION (IN)
  YESTERDAY        0.00          0.18  -0.18     0.12
  MONTH TO DATE    0.00          0.36  -0.36     0.16
  SINCE JUN 1      7.54         10.18  -2.64    12.17
  SINCE JAN 1     25.00         25.25  -0.25    29.43

DEGREE DAYS
 HEATING
  YESTERDAY        0             0      0        0
  MONTH TO DATE    0             0      0        0
  SINCE JUN 1      0             0      0        0
  SINCE JUL 1      0             0      0        0

 COOLING
  YESTERDAY       19            16      3        6
  MONTH TO DATE   38            32      6       17
  SINCE JUN 1   1152           920    232      958
  SINCE JAN 1   1491          1170    321     1246
......................................................


WIND (MPH)
  HIGHEST WIND SPEED    15   HIGHEST WIND DIRECTION     S (160)
  HIGHEST GUST SPEED    21   HIGHEST GUST DIRECTION     S (170)
  AVERAGE WIND SPEED     5.1


SKY COVER
  POSSIBLE SUNSHINE  MM
  AVERAGE SKY COVER 0.1


WEATHER CONDITIONS
 THE FOLLOWING WEATHER WAS RECORDED YESTERDAY.
  FOG


RELATIVE HUMIDITY (PERCENT)
 HIGHEST    90           500 AM
 LOWEST     26           300 PM
 AVERAGE    58

..........................................................


THE LUMBERTON NC CLIMATE NORMALS FOR TODAY
                         NORMAL
 MAXIMUM TEMPERATURE (F)   90
 MINIMUM TEMPERATURE (F)   71


SUNRISE AND SUNSET
AUGUST  3 2015........SUNRISE   628 AM EDT   SUNSET   817 PM EDT
AUGUST  4 2015........SUNRISE   629 AM EDT   SUNSET   816 PM EDT


-  INDICATES NEGATIVE NUMBERS.
R  INDICATES RECORD WAS SET OR TIED.
MM INDICATES DATA IS MISSING.
T  INDICATES TRACE AMOUNT.




$$
