022
CDUS42 KILM 220941
CLILBT


CLIMATE REPORT
NATIONAL WEATHER SERVICE WILMINGTON NC
441 AM EST THU FEB 22 2018


...................................

...THE LUMBERTON NORTH CAROLINA CLIMATE SUMMARY FOR FEBRUARY 21 2018...

CLIMATE NORMAL PERIOD 1981 TO 2010
CLIMATE RECORD PERIOD 1903 TO 2018


WEATHER ITEM   OBSERVED TIME   RECORD YEAR NORMAL DEPARTURE LAST
                VALUE   (LST)  VALUE       VALUE  FROM      YEAR
                                                  NORMAL
..................................................................
TEMPERATURE (F)
 YESTERDAY
  MAXIMUM         80R   442 PM  77    2011  60     20       70
                                      1994
  MINIMUM         59    130 AM  16    1959  37     22       47
  AVERAGE         70                        48     22       59

PRECIPITATION (IN)
  YESTERDAY        T             1.20 1905   0.12  -0.12     0.00
  MONTH TO DATE    0.82                      2.12  -1.30     1.09
  SINCE DEC 1      6.80                      7.98  -1.18     7.79
  SINCE JAN 1      2.72                      5.09  -2.37     3.49

SNOWFALL (IN)
  YESTERDAY       MM             3.5  1936  MM
  MONTH TO DATE   MM                        MM
  SINCE DEC 1     MM                        MM
  SINCE JUL 1     MM                        MM
  SNOW DEPTH      MM

DEGREE DAYS
 HEATING
  YESTERDAY        0                        17    -17        6
  MONTH TO DATE  230                       399   -169      241
  SINCE DEC 1   1591                      1652    -61     1252
  SINCE JUL 1   2051                      2118    -67     1614

 COOLING
  YESTERDAY        5                         0      5        0
  MONTH TO DATE   26                         0     26        7
  SINCE DEC 1     27                         3     24        7
  SINCE JAN 1     27                         1     26        7
..................................................................


WIND (MPH)
  RESULTANT WIND SPEED   4   RESULTANT WIND DIRECTION   S (170)
  HIGHEST WIND SPEED    14   HIGHEST WIND DIRECTION    SW (230)
  HIGHEST GUST SPEED    20   HIGHEST GUST DIRECTION    SW (220)
  AVERAGE WIND SPEED     4.4


SKY COVER
  POSSIBLE SUNSHINE  MM
  AVERAGE SKY COVER 0.7


WEATHER CONDITIONS
 THE FOLLOWING WEATHER WAS RECORDED YESTERDAY.
  LIGHT RAIN
  FOG
  FOG W/VISIBILITY <= 1/4 MILE


RELATIVE HUMIDITY (PERCENT)
 HIGHEST   100          1200 AM
 LOWEST     54           300 PM
 AVERAGE    77

..........................................................


THE LUMBERTON NORTH CAROLINA CLIMATE NORMALS FOR TODAY
                         NORMAL    RECORD    YEAR
 MAXIMUM TEMPERATURE (F)   60        78      2003
 MINIMUM TEMPERATURE (F)   37        18      1963


SUNRISE AND SUNSET
FEBRUARY 22 2018......SUNRISE   654 AM EST   SUNSET   606 PM EST
FEBRUARY 23 2018......SUNRISE   653 AM EST   SUNSET   607 PM EST


-  INDICATES NEGATIVE NUMBERS.
R  INDICATES RECORD WAS SET OR TIED.
MM INDICATES DATA IS MISSING.
T  INDICATES TRACE AMOUNT.




$$
