000
CDUS42 KILM 280840
CLILBT


CLIMATE REPORT
NATIONAL WEATHER SERVICE WILMINGTON NC
440 AM EDT SUN AUG 28 2016


...................................

...THE LUMBERTON NC CLIMATE SUMMARY FOR AUGUST 27 2016...

CLIMATE NORMAL PERIOD 1981 TO 2010
CLIMATE RECORD PERIOD 9999 TO 9999


WEATHER ITEM   OBSERVED TIME   NORMAL DEPARTURE LAST
                VALUE   (LST)  VALUE  FROM      YEAR
                                      NORMAL
......................................................
TEMPERATURE (F)
 YESTERDAY
  MAXIMUM         95    336 PM  87      8       84
  MINIMUM         69    524 AM  68      1       71
  AVERAGE         82            78      4       78

PRECIPITATION (IN)
  YESTERDAY        0.03          0.16  -0.13     0.00
  MONTH TO DATE    3.26          4.88  -1.62     3.49
  SINCE JUN 1     12.80         14.70  -1.90    11.03
  SINCE JAN 1     31.74         29.77   1.97    28.49

DEGREE DAYS
 HEATING
  YESTERDAY        0             0      0        0
  MONTH TO DATE    0             0      0        0
  SINCE JUN 1      0             0      0        0
  SINCE JUL 1      0             0      0        0

 COOLING
  YESTERDAY       17            13      4       13
  MONTH TO DATE  470           385     85      444
  SINCE JUN 1   1510          1273    237     1558
  SINCE JAN 1   1833          1523    310     1897
......................................................


WIND (MPH)
  HIGHEST WIND SPEED    14   HIGHEST WIND DIRECTION    NE (30)
  HIGHEST GUST SPEED    18   HIGHEST GUST DIRECTION    NE (30)
  AVERAGE WIND SPEED     3.7


SKY COVER
  POSSIBLE SUNSHINE  MM
  AVERAGE SKY COVER 0.3


WEATHER CONDITIONS
 THE FOLLOWING WEATHER WAS RECORDED YESTERDAY.
  THUNDERSTORM
  LIGHT RAIN
  FOG


RELATIVE HUMIDITY (PERCENT)
 HIGHEST   100           600 AM
 LOWEST     52          1100 AM
 AVERAGE    76

..........................................................


THE LUMBERTON NC CLIMATE NORMALS FOR TODAY
                         NORMAL
 MAXIMUM TEMPERATURE (F)   87
 MINIMUM TEMPERATURE (F)   68


SUNRISE AND SUNSET
AUGUST 28 2016........SUNRISE   647 AM EDT   SUNSET   747 PM EDT
AUGUST 29 2016........SUNRISE   648 AM EDT   SUNSET   746 PM EDT


-  INDICATES NEGATIVE NUMBERS.
R  INDICATES RECORD WAS SET OR TIED.
MM INDICATES DATA IS MISSING.
T  INDICATES TRACE AMOUNT.




$$
