000
CDUS42 KILM 230932
CLILBT


CLIMATE REPORT
NATIONAL WEATHER SERVICE WILMINGTON NC
532 AM EDT SAT MAY 23 2015


...................................

...THE LUMBERTON NC CLIMATE SUMMARY FOR MAY 22 2015...

CLIMATE NORMAL PERIOD 1981 TO 2010
CLIMATE RECORD PERIOD 9999 TO 9999


WEATHER ITEM   OBSERVED TIME   NORMAL DEPARTURE LAST
                VALUE   (LST)  VALUE  FROM      YEAR
                                      NORMAL
......................................................
TEMPERATURE (F)
 YESTERDAY
  MAXIMUM         78    459 PM  84     -6       93
  MINIMUM         54   1159 PM  60     -6       67
  AVERAGE         66            72     -6       80

PRECIPITATION (IN)
  YESTERDAY        0.00          0.11  -0.11     0.00
  MONTH TO DATE    1.77          1.95  -0.18     3.32
  SINCE MAR 1      7.84          8.10  -0.26    10.91
  SINCE JAN 1     17.30         13.97   3.33    16.98

DEGREE DAYS
 HEATING
  YESTERDAY        0             0      0        0
  MONTH TO DATE   12            30    -18       17
  SINCE MAR 1    414           529   -115      649
  SINCE JUL 1   2778          2759     19     2945

 COOLING
  YESTERDAY        1             7     -6       15
  MONTH TO DATE  154           107     47      137
  SINCE MAR 1    248           172     76      187
  SINCE JAN 1    248           175     73      188
......................................................


WIND (MPH)
  HIGHEST WIND SPEED    17   HIGHEST WIND DIRECTION    NE (30)
  HIGHEST GUST SPEED    22   HIGHEST GUST DIRECTION     N (20)
  AVERAGE WIND SPEED     5.9


SKY COVER
  POSSIBLE SUNSHINE  MM
  AVERAGE SKY COVER 0.3


WEATHER CONDITIONS
 THE FOLLOWING WEATHER WAS RECORDED YESTERDAY.
  NO SIGNIFICANT WEATHER WAS OBSERVED.


RELATIVE HUMIDITY (PERCENT)
 HIGHEST    93          1100 PM
 LOWEST     35           400 PM
 AVERAGE    64

..........................................................


THE LUMBERTON NC CLIMATE NORMALS FOR TODAY
                         NORMAL
 MAXIMUM TEMPERATURE (F)   84
 MINIMUM TEMPERATURE (F)   60


SUNRISE AND SUNSET
MAY 23 2015...........SUNRISE   609 AM EDT   SUNSET   818 PM EDT
MAY 24 2015...........SUNRISE   608 AM EDT   SUNSET   819 PM EDT


-  INDICATES NEGATIVE NUMBERS.
R  INDICATES RECORD WAS SET OR TIED.
MM INDICATES DATA IS MISSING.
T  INDICATES TRACE AMOUNT.




$$
