000
CDUS42 KILM 262142
CLILBT


CLIMATE REPORT
NATIONAL WEATHER SERVICE WILMINGTON NC
441 PM EST SUN FEB 26 2017


...................................

...THE LUMBERTON NC CLIMATE SUMMARY FOR FEBRUARY 26 2017...
VALID TODAY AS OF 0400 PM LOCAL TIME.

CLIMATE NORMAL PERIOD 1981 TO 2010
CLIMATE RECORD PERIOD 9999 TO 9999


WEATHER ITEM   OBSERVED TIME   NORMAL DEPARTURE LAST
                VALUE   (LST)  VALUE  FROM      YEAR
                                      NORMAL
......................................................
TEMPERATURE (F)
 TODAY
  MAXIMUM         60    331 PM  61     -1       55
  MINIMUM         37    627 AM  38     -1       35
  AVERAGE         49            49      0       45

PRECIPITATION (IN)
  TODAY            0.00          0.11  -0.11     0.00
  MONTH TO DATE    1.09          2.68  -1.59     6.65
  SINCE DEC 1      7.79          8.54  -0.75    15.17
  SINCE JAN 1      3.49          5.65  -2.16     8.28

SNOWFALL (IN)
  TODAY           MM
  MONTH TO DATE   MM
  SINCE DEC 1     MM
  SINCE JUL 1     MM
  SNOW DEPTH      MM

DEGREE DAYS
 HEATING
  TODAY           16            16      0       20
  MONTH TO DATE  258           480   -222      458
  SINCE DEC 1   1269          1733   -464     1354
  SINCE JUL 1   1631          2199   -568     1635

 COOLING
  TODAY            0             0      0        0
  MONTH TO DATE    8             0      8        1
  SINCE DEC 1      8             3      5       51
  SINCE JAN 1      8             1      7        1
......................................................


WIND (MPH)
  HIGHEST WIND SPEED    16   HIGHEST WIND DIRECTION    NW (320)
  HIGHEST GUST SPEED    20   HIGHEST GUST DIRECTION    NW (310)
  AVERAGE WIND SPEED     8.0


SKY COVER
  POSSIBLE SUNSHINE  MM
  AVERAGE SKY COVER 0.0


WEATHER CONDITIONS
 THE FOLLOWING WEATHER WAS RECORDED TODAY.
  NO SIGNIFICANT WEATHER WAS OBSERVED.


RELATIVE HUMIDITY (PERCENT)
 HIGHEST    59           600 AM
 LOWEST     19           300 PM
 AVERAGE    39

..........................................................


THE LUMBERTON NC CLIMATE NORMALS FOR TOMORROW
                         NORMAL
 MAXIMUM TEMPERATURE (F)   61
 MINIMUM TEMPERATURE (F)   38


SUNRISE AND SUNSET
FEBRUARY 26 2017......SUNRISE   649 AM EST   SUNSET   610 PM EST
FEBRUARY 27 2017......SUNRISE   648 AM EST   SUNSET   611 PM EST


-  INDICATES NEGATIVE NUMBERS.
R  INDICATES RECORD WAS SET OR TIED.
MM INDICATES DATA IS MISSING.
T  INDICATES TRACE AMOUNT.




$$
