000
CDUS42 KILM 210846
CLILBT


CLIMATE REPORT
NATIONAL WEATHER SERVICE WILMINGTON NC
446 AM EDT SAT OCT 21 2017


...................................

...THE LUMBERTON NC CLIMATE SUMMARY FOR OCTOBER 20 2017...

CLIMATE NORMAL PERIOD 1981 TO 2010
CLIMATE RECORD PERIOD 9999 TO 9999


WEATHER ITEM   OBSERVED TIME   NORMAL DEPARTURE LAST
                VALUE   (LST)  VALUE  FROM      YEAR
                                      NORMAL
......................................................
TEMPERATURE (F)
 YESTERDAY
  MAXIMUM         83    247 PM  74      9       MM
  MINIMUM         42    616 AM  50     -8       MM
  AVERAGE         63            62      1       MM

PRECIPITATION (IN)
  YESTERDAY        0.00          0.07  -0.07    MM
  MONTH TO DATE    1.56          1.94  -0.38    12.77
  SINCE SEP 1      6.50          6.74  -0.24    19.97
  SINCE JAN 1     38.31         37.13   1.18    52.48

DEGREE DAYS
 HEATING
  YESTERDAY        2             5     -3       MM
  MONTH TO DATE   25            54    -29        0
  SINCE SEP 1     25            63    -38        0
  SINCE JUL 1     25            63    -38        0

 COOLING
  YESTERDAY        0             2     -2       MM
  MONTH TO DATE  116            57     59       63
  SINCE SEP 1    353           306     47      440
  SINCE JAN 1   2087          1878    209     2339
......................................................


WIND (MPH)
  HIGHEST WIND SPEED    12   HIGHEST WIND DIRECTION    NE (30)
  HIGHEST GUST SPEED    21   HIGHEST GUST DIRECTION    NE (40)
  AVERAGE WIND SPEED     1.3


SKY COVER
  POSSIBLE SUNSHINE  MM
  AVERAGE SKY COVER 0.0


WEATHER CONDITIONS
 THE FOLLOWING WEATHER WAS RECORDED YESTERDAY.
  FOG


RELATIVE HUMIDITY (PERCENT)
 HIGHEST   100           100 AM
 LOWEST     26           300 PM
 AVERAGE    63

..........................................................


THE LUMBERTON NC CLIMATE NORMALS FOR TODAY
                         NORMAL
 MAXIMUM TEMPERATURE (F)   74
 MINIMUM TEMPERATURE (F)   49


SUNRISE AND SUNSET
OCTOBER 21 2017.......SUNRISE   727 AM EDT   SUNSET   634 PM EDT
OCTOBER 22 2017.......SUNRISE   728 AM EDT   SUNSET   633 PM EDT


-  INDICATES NEGATIVE NUMBERS.
R  INDICATES RECORD WAS SET OR TIED.
MM INDICATES DATA IS MISSING.
T  INDICATES TRACE AMOUNT.




$$
