000
CDUS44 KLCH 062245
CLILCH


CLIMATE REPORT
NATIONAL WEATHER SERVICE LAKE CHARLES, LA
445 PM CST SAT FEB 6 2016


...................................

...THE LAKE CHARLES CLIMATE SUMMARY FOR FEBRUARY 6 2016...
VALID TODAY AS OF 0400 PM LOCAL TIME.

CLIMATE NORMAL PERIOD 1981 TO 2010
CLIMATE RECORD PERIOD 1895 TO 2016


WEATHER ITEM   OBSERVED TIME   RECORD YEAR NORMAL DEPARTURE LAST
                VALUE   (LST)  VALUE       VALUE  FROM      YEAR
                                                  NORMAL
..................................................................
TEMPERATURE (F)
 TODAY
  MAXIMUM         55   1230 PM  80    1969  63     -8       58
                                      1950
                                      1911
  MINIMUM         35   1243 AM  21    1912  44     -9       34
  AVERAGE         45                        53     -8       46

PRECIPITATION (IN)
  TODAY            0.07          1.97 1974   0.12  -0.05     0.00
  MONTH TO DATE    0.07                      0.78  -0.71     0.38
  SINCE DEC 1      7.41                     10.69  -3.28     9.31
  SINCE JAN 1      4.17                      6.01  -1.84     7.28

SNOWFALL (IN)
  TODAY           MM             T    2014   0.0   MM        0.0
  MONTH TO DATE    0.0                       0.0    0.0      0.0
  SINCE DEC 1      0.0                       T      0.0      0.0
  SINCE JUL 1      0.0                       T      0.0      0.0
  SNOW DEPTH       0

DEGREE DAYS
 HEATING
  TODAY           20                        12      8       19
  MONTH TO DATE   70                        73     -3       96
  SINCE DEC 1    701                       857   -156      870
  SINCE JUL 1    777                      1064   -287     1146

 COOLING
  TODAY            0                         0      0        0
  MONTH TO DATE    5                         0      5        0
  SINCE DEC 1     65                        30     35       17
  SINCE JAN 1      8                        10     -2        0
..................................................................


WIND (MPH)
  HIGHEST WIND SPEED    18   HIGHEST WIND DIRECTION    NW (330)
  HIGHEST GUST SPEED    23   HIGHEST GUST DIRECTION    NW (330)
  AVERAGE WIND SPEED     5.6


SKY COVER
  POSSIBLE SUNSHINE  MM
  AVERAGE SKY COVER 0.7


WEATHER CONDITIONS
 THE FOLLOWING WEATHER WAS RECORDED TODAY.
  LIGHT RAIN


RELATIVE HUMIDITY (PERCENT)
 HIGHEST    85          1200 AM
 LOWEST     50           100 PM
 AVERAGE    68

..........................................................


THE LAKE CHARLES CLIMATE NORMALS FOR TOMORROW
                         NORMAL    RECORD    YEAR
 MAXIMUM TEMPERATURE (F)   63        87      1904
 MINIMUM TEMPERATURE (F)   44        23      1917


SUNRISE AND SUNSET
FEBRUARY  6 2016......SUNRISE   700 AM CST   SUNSET   554 PM CST
FEBRUARY  7 2016......SUNRISE   700 AM CST   SUNSET   555 PM CST


-  INDICATES NEGATIVE NUMBERS.
R  INDICATES RECORD WAS SET OR TIED.
MM INDICATES DATA IS MISSING.
T  INDICATES TRACE AMOUNT.




$$
