000
CDUS44 KLCH 100936
CLILCH


CLIMATE REPORT
NATIONAL WEATHER SERVICE LAKE CHARLES, LA
435 AM CDT THU JUL 10 2014


...................................

...THE LAKE CHARLES CLIMATE SUMMARY FOR JULY 9 2014...

CLIMATE NORMAL PERIOD 1981 TO 2010
CLIMATE RECORD PERIOD 1895 TO 2014


WEATHER ITEM   OBSERVED TIME   RECORD YEAR NORMAL DEPARTURE LAST
                VALUE   (LST)  VALUE       VALUE  FROM      YEAR
                                                  NORMAL
..................................................................
TEMPERATURE (F)
 YESTERDAY
  MAXIMUM         94    234 PM 101    1917  91      3       95
                                      1916
  MINIMUM         76    549 AM  65    1947  75      1       75
                                      1913
                                      1906
  AVERAGE         85                        83      2       85

PRECIPITATION (IN)
  YESTERDAY        T             2.00 1961   0.19  -0.19     0.00
  MONTH TO DATE    0.15                      1.84  -1.69     0.05
  SINCE JUN 1     14.69                      8.69   6.00     4.11
  SINCE JAN 1     29.86                     29.57   0.29    33.63

SNOWFALL (IN)
  YESTERDAY        0.0           0.0    MM   0.0    0.0      0.0
  MONTH TO DATE    0.0                       0.0    0.0      0.0
  SINCE JUN 1      0.0                       0.0    0.0      0.0
  SINCE JUL 1      0.0                       0.0    0.0      0.0
  SNOW DEPTH       0

DEGREE DAYS
 HEATING
  YESTERDAY        0                         0      0        0
  MONTH TO DATE    0                         0      0        0
  SINCE JUN 1      0                         0      0        0
  SINCE JUL 1      0                         0      0        0

 COOLING
  YESTERDAY       20                        18      2       20
  MONTH TO DATE  156                       159     -3      156
  SINCE JUN 1    632                       639     -7      701
  SINCE JAN 1   1071                      1177   -106     1186
..................................................................


WIND (MPH)
  HIGHEST WIND SPEED    12   HIGHEST WIND DIRECTION    SW (220)
  HIGHEST GUST SPEED    17   HIGHEST GUST DIRECTION    SW (210)
  AVERAGE WIND SPEED     4.6


SKY COVER
  POSSIBLE SUNSHINE  MM
  AVERAGE SKY COVER 0.0


WEATHER CONDITIONS
 THE FOLLOWING WEATHER WAS RECORDED YESTERDAY.
  FOG
  HAZE


RELATIVE HUMIDITY (PERCENT)
 HIGHEST    94           100 AM
 LOWEST     32           200 PM
 AVERAGE    63

..........................................................


THE LAKE CHARLES CLIMATE NORMALS FOR TODAY
                         NORMAL    RECORD    YEAR
 MAXIMUM TEMPERATURE (F)   91       101      1917
 MINIMUM TEMPERATURE (F)   75        63      1947


SUNRISE AND SUNSET
JULY 10 2014..........SUNRISE   619 AM CDT   SUNSET   817 PM CDT
JULY 11 2014..........SUNRISE   620 AM CDT   SUNSET   817 PM CDT


-  INDICATES NEGATIVE NUMBERS.
R  INDICATES RECORD WAS SET OR TIED.
MM INDICATES DATA IS MISSING.
T  INDICATES TRACE AMOUNT.




$$
