000
CDUS44 KLCH 091245
CLILCH


CLIMATE REPORT
NATIONAL WEATHER SERVICE LAKE CHARLES, LA
645 AM CST FRI DEC 9 2016


...................................

...THE LAKE CHARLES CLIMATE SUMMARY FOR DECEMBER 8 2016...

CLIMATE NORMAL PERIOD 1981 TO 2010
CLIMATE RECORD PERIOD 1895 TO 2016


WEATHER ITEM   OBSERVED TIME   RECORD YEAR NORMAL DEPARTURE LAST
                VALUE   (LST)  VALUE       VALUE  FROM      YEAR
                                                  NORMAL
..................................................................
TEMPERATURE (F)
 YESTERDAY
  MAXIMUM         56   1239 AM  82    1966  65     -9       70
                                      1912
  MINIMUM         43   1159 PM  25    1910  45     -2       42
  AVERAGE         50                        55     -5       56

PRECIPITATION (IN)
  YESTERDAY        0.08          3.75 1935   0.15  -0.07     0.00
  MONTH TO DATE    8.43                      1.18   7.25     0.32
  SINCE DEC 1      8.43                      1.18   7.25     0.32
  SINCE JAN 1     71.25                     53.99  17.26    61.92

SNOWFALL (IN)
  YESTERDAY       MM             0.0    MM   0.0   MM        0.0
  MONTH TO DATE    0.0                       0.0    0.0      0.0
  SINCE DEC 1      0.0                       0.0    0.0      0.0
  SINCE JUL 1      0.0                       0.0    0.0      0.0
  SNOW DEPTH       0

DEGREE DAYS
 HEATING
  YESTERDAY       15                        11      4        9
  MONTH TO DATE   85                        79      6       80
  SINCE DEC 1     85                        79      6       80
  SINCE JUL 1    179                       286   -107      156

 COOLING
  YESTERDAY        0                         1     -1        0
  MONTH TO DATE    0                         8     -8        0
  SINCE DEC 1      0                         8     -8        0
  SINCE JAN 1   3199                      2797    402     3116
..................................................................


WIND (MPH)
  HIGHEST WIND SPEED    25   HIGHEST WIND DIRECTION     N (20)
  HIGHEST GUST SPEED    33   HIGHEST GUST DIRECTION    NE (30)
  AVERAGE WIND SPEED    16.8


SKY COVER
  POSSIBLE SUNSHINE  MM
  AVERAGE SKY COVER 0.9


WEATHER CONDITIONS
 THE FOLLOWING WEATHER WAS RECORDED YESTERDAY.
  RAIN
  LIGHT RAIN
  FOG


RELATIVE HUMIDITY (PERCENT)
 HIGHEST    96           600 AM
 LOWEST     53           600 PM
 AVERAGE    75

..........................................................


THE LAKE CHARLES CLIMATE NORMALS FOR TODAY
                         NORMAL    RECORD    YEAR
 MAXIMUM TEMPERATURE (F)   65        82      2007
 MINIMUM TEMPERATURE (F)   45        24      2006


SUNRISE AND SUNSET
DECEMBER  9 2016......SUNRISE   658 AM CST   SUNSET   513 PM CST
DECEMBER 10 2016......SUNRISE   658 AM CST   SUNSET   513 PM CST


-  INDICATES NEGATIVE NUMBERS.
R  INDICATES RECORD WAS SET OR TIED.
MM INDICATES DATA IS MISSING.
T  INDICATES TRACE AMOUNT.




$$
