522
CDUS44 KLCH 232205
CLILCH


CLIMATE REPORT
NATIONAL WEATHER SERVICE LAKE CHARLES, LA
405 PM CST TUE JAN 23 2018


...................................

...THE LAKE CHARLES CLIMATE SUMMARY FOR JANUARY 23 2018...
VALID TODAY AS OF 0400 PM LOCAL TIME.

CLIMATE NORMAL PERIOD 1981 TO 2010
CLIMATE RECORD PERIOD 1895 TO 2018


WEATHER ITEM   OBSERVED TIME   RECORD YEAR NORMAL DEPARTURE LAST
                VALUE   (LST)  VALUE       VALUE  FROM      YEAR
                                                  NORMAL
..................................................................
TEMPERATURE (F)
 TODAY
  MAXIMUM         64    356 PM  85    1914  62      2       70
  MINIMUM         38    639 AM  17    1948  42     -4       47
  AVERAGE         51                        52     -1       59

PRECIPITATION (IN)
  TODAY            0.00          2.59 1938   0.16  -0.16     0.00
  MONTH TO DATE    3.12                      3.99  -0.87     4.80
  SINCE DEC 1      8.02                      8.67  -0.65    16.85
  SINCE JAN 1      3.12                      3.99  -0.87     4.80

SNOWFALL (IN)
  TODAY            0.0           3.4  1940   0.0    0.0      0.0
  MONTH TO DATE    0.1                       0.0    0.1       T
  SINCE DEC 1      2.2                       T      2.2       T
  SINCE JUL 1      2.2                       T      2.2       T
  SNOW DEPTH       0

DEGREE DAYS
 HEATING
  TODAY           14                        13      1        6
  MONTH TO DATE  444                       319    125      143
  SINCE DEC 1    811                       686    125      396
  SINCE JUL 1    959                       893     66      490

 COOLING
  TODAY            0                         0      0        0
  MONTH TO DATE    1                         0      1       56
  SINCE DEC 1     25                        20      5      112
  SINCE JAN 1      1                         0      1       56
..................................................................


WIND (MPH)
  HIGHEST WIND SPEED    17   HIGHEST WIND DIRECTION     N (340)
  HIGHEST GUST SPEED    21   HIGHEST GUST DIRECTION     N (340)
  AVERAGE WIND SPEED     6.4


SKY COVER
  POSSIBLE SUNSHINE  MM
  AVERAGE SKY COVER 0.0


WEATHER CONDITIONS
 THE FOLLOWING WEATHER WAS RECORDED TODAY.
  NO SIGNIFICANT WEATHER WAS OBSERVED.


RELATIVE HUMIDITY (PERCENT)
 HIGHEST   100           600 AM
 LOWEST     23           200 PM
 AVERAGE    62

..........................................................


THE LAKE CHARLES CLIMATE NORMALS FOR TOMORROW
                         NORMAL    RECORD    YEAR
 MAXIMUM TEMPERATURE (F)   62        84      1909
 MINIMUM TEMPERATURE (F)   43        12      1948


SUNRISE AND SUNSET
JANUARY 23 2018.......SUNRISE   708 AM CST   SUNSET   542 PM CST
JANUARY 24 2018.......SUNRISE   707 AM CST   SUNSET   543 PM CST


-  INDICATES NEGATIVE NUMBERS.
R  INDICATES RECORD WAS SET OR TIED.
MM INDICATES DATA IS MISSING.
T  INDICATES TRACE AMOUNT.




$$
