000
CDUS44 KLCH 290816
CLILCH


CLIMATE REPORT
NATIONAL WEATHER SERVICE LAKE CHARLES, LA
316 AM CDT FRI APR 29 2016


...................................

...THE LAKE CHARLES CLIMATE SUMMARY FOR APRIL 28 2016...

CLIMATE NORMAL PERIOD 1981 TO 2010
CLIMATE RECORD PERIOD 1895 TO 2016


WEATHER ITEM   OBSERVED TIME   RECORD YEAR NORMAL DEPARTURE LAST
                VALUE   (LST)  VALUE       VALUE  FROM      YEAR
                                                  NORMAL
..................................................................
TEMPERATURE (F)
 YESTERDAY
  MAXIMUM         85    256 PM  95    1987  81      4       68
  MINIMUM         69    604 AM  40    1920  62      7       58
  AVERAGE         77                        71      6       63

PRECIPITATION (IN)
  YESTERDAY        0.00          1.25 1900   0.12  -0.12     0.01
  MONTH TO DATE    6.54                      3.09   3.45    13.18
  SINCE MAR 1      9.99                      6.75   3.24    19.39
  SINCE JAN 1     15.16                     15.44  -0.28    27.87

SNOWFALL (IN)
  YESTERDAY        0.0           0.0    MM   0.0    0.0      0.0
  MONTH TO DATE    0.0                       0.0    0.0      0.0
  SINCE MAR 1      0.0                       0.0    0.0       T
  SINCE JUL 1      0.0                       0.1   -0.1       T
  SNOW DEPTH       0

DEGREE DAYS
 HEATING
  YESTERDAY        0                         0      0        2
  MONTH TO DATE   17                        44    -27        3
  SINCE MAR 1     85                       206   -121      104
  SINCE JUL 1   1034                      1488   -454     1542

 COOLING
  YESTERDAY       12                         6      6        0
  MONTH TO DATE  138                       123     15      193
  SINCE MAR 1    248                       172     76      250
  SINCE JAN 1    263                       195     68      256
..................................................................


WIND (MPH)
  HIGHEST WIND SPEED    18   HIGHEST WIND DIRECTION     S (160)
  HIGHEST GUST SPEED    23   HIGHEST GUST DIRECTION    SE (140)
  AVERAGE WIND SPEED     8.6


SKY COVER
  POSSIBLE SUNSHINE  MM
  AVERAGE SKY COVER 0.6


WEATHER CONDITIONS
 THE FOLLOWING WEATHER WAS RECORDED YESTERDAY.
  FOG


RELATIVE HUMIDITY (PERCENT)
 HIGHEST   100           600 AM
 LOWEST     65          1200 PM
 AVERAGE    83

..........................................................


THE LAKE CHARLES CLIMATE NORMALS FOR TODAY
                         NORMAL    RECORD    YEAR
 MAXIMUM TEMPERATURE (F)   81        93      1915
 MINIMUM TEMPERATURE (F)   62        45      1916


SUNRISE AND SUNSET
APRIL 29 2016.........SUNRISE   631 AM CDT   SUNSET   749 PM CDT
APRIL 30 2016.........SUNRISE   630 AM CDT   SUNSET   750 PM CDT


-  INDICATES NEGATIVE NUMBERS.
R  INDICATES RECORD WAS SET OR TIED.
MM INDICATES DATA IS MISSING.
T  INDICATES TRACE AMOUNT.




$$
