177
CDUS44 KLCH 252310
CLILCH


CLIMATE REPORT
NATIONAL WEATHER SERVICE LAKE CHARLES, LA
608 PM CDT TUE APR 25 2017


...................................

...THE LAKE CHARLES CLIMATE SUMMARY FOR APRIL 25 2017...
VALID TODAY AS OF 0500 PM LOCAL TIME.

CLIMATE NORMAL PERIOD 1981 TO 2010
CLIMATE RECORD PERIOD 1895 TO 2017


WEATHER ITEM   OBSERVED TIME   RECORD YEAR NORMAL DEPARTURE LAST
                VALUE   (LST)  VALUE       VALUE  FROM      YEAR
                                                  NORMAL
..................................................................
TEMPERATURE (F)
 TODAY
  MAXIMUM         78    247 PM  89    1999  80     -2       82
                                      1908
  MINIMUM         56    415 AM  33    1910  61     -5       65
  AVERAGE         67                        70     -3       74

PRECIPITATION (IN)
  TODAY            0.00          5.02 1997   0.12  -0.12     0.00
  MONTH TO DATE    2.51                      2.74  -0.23     5.58
  SINCE MAR 1      6.62                      6.40   0.22     9.03
  SINCE JAN 1     13.57                     15.09  -1.52    14.20

SNOWFALL (IN)
  TODAY            0.0           0.0    MM   0.0    0.0      0.0
  MONTH TO DATE    0.0                       0.0    0.0      0.0
  SINCE MAR 1      0.0                       0.0    0.0      0.0
  SINCE JUL 1      T                         0.1   -0.1      0.0
  SNOW DEPTH       0

DEGREE DAYS
 HEATING
  TODAY            0                         1     -1        0
  MONTH TO DATE    3                        44    -41       17
  SINCE MAR 1     80                       206   -126       85
  SINCE JUL 1    738                      1488   -750     1034

 COOLING
  TODAY            2                         6     -4        9
  MONTH TO DATE  136                       105     31      105
  SINCE MAR 1    244                       154     90      215
  SINCE JAN 1    375                       177    198      230
..................................................................


WIND (MPH)
  HIGHEST WIND SPEED    16   HIGHEST WIND DIRECTION     S (160)
  HIGHEST GUST SPEED    23   HIGHEST GUST DIRECTION     S (180)
  AVERAGE WIND SPEED     8.0


SKY COVER
  POSSIBLE SUNSHINE  MM
  AVERAGE SKY COVER 0.5


WEATHER CONDITIONS
 THE FOLLOWING WEATHER WAS RECORDED TODAY.
  NO SIGNIFICANT WEATHER WAS OBSERVED.


RELATIVE HUMIDITY (PERCENT)
 HIGHEST    93           300 AM
 LOWEST     60           900 AM
 AVERAGE    77

..........................................................


THE LAKE CHARLES CLIMATE NORMALS FOR TOMORROW
                         NORMAL    RECORD    YEAR
 MAXIMUM TEMPERATURE (F)   80        90      1925
 MINIMUM TEMPERATURE (F)   61        32      1910


SUNRISE AND SUNSET
APRIL 25 2017.........SUNRISE   635 AM CDT   SUNSET   747 PM CDT
APRIL 26 2017.........SUNRISE   634 AM CDT   SUNSET   747 PM CDT


-  INDICATES NEGATIVE NUMBERS.
R  INDICATES RECORD WAS SET OR TIED.
MM INDICATES DATA IS MISSING.
T  INDICATES TRACE AMOUNT.




$$
