920
CDUS44 KLCH 192207
CLILCH


CLIMATE REPORT
NATIONAL WEATHER SERVICE LAKE CHARLES, LA
507 PM CDT THU OCT 19 2017


...................................

...THE LAKE CHARLES CLIMATE SUMMARY FOR OCTOBER 19 2017...
VALID TODAY AS OF 0500 PM LOCAL TIME.

CLIMATE NORMAL PERIOD 1981 TO 2010
CLIMATE RECORD PERIOD 1895 TO 2017


WEATHER ITEM   OBSERVED TIME   RECORD YEAR NORMAL DEPARTURE LAST
                VALUE   (LST)  VALUE       VALUE  FROM      YEAR
                                                  NORMAL
..................................................................
TEMPERATURE (F)
 TODAY
  MAXIMUM         83    315 PM  90    2016  80      3       90
                                      1941
                                      1926
  MINIMUM         60    648 AM  37    1948  58      2       68
  AVERAGE         72                        69      3       79

PRECIPITATION (IN)
  TODAY            0.00          1.46 2006   0.19  -0.19     0.12
  MONTH TO DATE    3.18                      2.81   0.37     0.25
  SINCE SEP 1      3.81                      8.07  -4.26     3.69
  SINCE JAN 1     67.57                     46.29  21.28    59.60

SNOWFALL (IN)
  TODAY            0.0           0.0    MM   0.0    0.0      0.0
  MONTH TO DATE    0.0                       0.0    0.0      0.0
  SINCE SEP 1      0.0                       0.0    0.0      0.0
  SINCE JUL 1      0.0                       0.0    0.0      0.0
  SNOW DEPTH       0

DEGREE DAYS
 HEATING
  TODAY            0                         1     -1        0
  MONTH TO DATE    0                        10    -10        0
  SINCE SEP 1      0                        11    -11        0
  SINCE JUL 1      0                        11    -11        0

 COOLING
  TODAY            7                         5      2       14
  MONTH TO DATE  245                       141    104      216
  SINCE SEP 1    694                       552    142      728
  SINCE JAN 1   3020                      2681    339     3055
..................................................................


WIND (MPH)
  HIGHEST WIND SPEED    15   HIGHEST WIND DIRECTION    NE (40)
  HIGHEST GUST SPEED    19   HIGHEST GUST DIRECTION    NE (30)
  AVERAGE WIND SPEED     5.5


SKY COVER
  POSSIBLE SUNSHINE  MM
  AVERAGE SKY COVER 0.0


WEATHER CONDITIONS
 THE FOLLOWING WEATHER WAS RECORDED TODAY.
  NO SIGNIFICANT WEATHER WAS OBSERVED.


RELATIVE HUMIDITY (PERCENT)
 HIGHEST   100           600 AM
 LOWEST     45          1100 AM
 AVERAGE    73

..........................................................


THE LAKE CHARLES CLIMATE NORMALS FOR TOMORROW
                         NORMAL    RECORD    YEAR
 MAXIMUM TEMPERATURE (F)   80        91      1927
 MINIMUM TEMPERATURE (F)   58        32      1989
                                             1917


SUNRISE AND SUNSET
OCTOBER 19 2017.......SUNRISE   718 AM CDT   SUNSET   637 PM CDT
OCTOBER 20 2017.......SUNRISE   718 AM CDT   SUNSET   636 PM CDT


-  INDICATES NEGATIVE NUMBERS.
R  INDICATES RECORD WAS SET OR TIED.
MM INDICATES DATA IS MISSING.
T  INDICATES TRACE AMOUNT.




$$
