000
CDUS44 KLCH 302205
CLILCH


CLIMATE REPORT
NATIONAL WEATHER SERVICE LAKE CHARLES, LA
504 PM CDT SAT MAY 30 2015


...................................

...THE LAKE CHARLES CLIMATE SUMMARY FOR MAY 30 2015...
VALID TODAY AS OF 0500 PM LOCAL TIME.

CLIMATE NORMAL PERIOD 1981 TO 2010
CLIMATE RECORD PERIOD 1895 TO 2015


WEATHER ITEM   OBSERVED TIME   RECORD YEAR NORMAL DEPARTURE LAST
                VALUE   (LST)  VALUE       VALUE  FROM      YEAR
                                                  NORMAL
..................................................................
TEMPERATURE (F)
 TODAY
  MAXIMUM         87   1200 PM 100    1911  87      0       88
  MINIMUM         73    534 AM  52    1984  70      3       68
  AVERAGE         80                        79      1       78

PRECIPITATION (IN)
  TODAY            T             5.53 1979   0.19  -0.19     0.00
  MONTH TO DATE    6.22                      5.01   1.21     5.42
  SINCE MAR 1     25.61                     12.00  13.61     8.34
  SINCE JAN 1     34.09                     20.69  13.40    15.13

SNOWFALL (IN)
  TODAY            0.0           0.0    MM   0.0    0.0      0.0
  MONTH TO DATE    0.0                       0.0    0.0      0.0
  SINCE MAR 1      T                         0.0    0.0      0.0
  SINCE JUL 1      T                         0.1   -0.1      0.1
  SNOW DEPTH       0

DEGREE DAYS
 HEATING
  TODAY            0                         0      0        0
  MONTH TO DATE    0                         0      0       12
  SINCE MAR 1    105                       207   -102      311
  SINCE JUL 1   1543                      1489     54     1962

 COOLING
  TODAY           15                        14      1       13
  MONTH TO DATE  360                       317     43      256
  SINCE MAR 1    613                       502    111      410
  SINCE JAN 1    619                       525     94      425
..................................................................


WIND (MPH)
  HIGHEST WIND SPEED    12   HIGHEST WIND DIRECTION    SW (230)
  HIGHEST GUST SPEED    18   HIGHEST GUST DIRECTION    SW (220)
  AVERAGE WIND SPEED     3.7


SKY COVER
  POSSIBLE SUNSHINE  MM
  AVERAGE SKY COVER 0.2


WEATHER CONDITIONS
 THE FOLLOWING WEATHER WAS RECORDED TODAY.
  THUNDERSTORM
  LIGHT RAIN
  FOG


RELATIVE HUMIDITY (PERCENT)
 HIGHEST   100           100 AM
 LOWEST     57          1100 AM
 AVERAGE    79

..........................................................


THE LAKE CHARLES CLIMATE NORMALS FOR TOMORROW
                         NORMAL    RECORD    YEAR
 MAXIMUM TEMPERATURE (F)   88       100      1911
 MINIMUM TEMPERATURE (F)   70        52      1984


SUNRISE AND SUNSET
MAY 30 2015...........SUNRISE   613 AM CDT   SUNSET   808 PM CDT
MAY 31 2015...........SUNRISE   612 AM CDT   SUNSET   809 PM CDT


-  INDICATES NEGATIVE NUMBERS.
R  INDICATES RECORD WAS SET OR TIED.
MM INDICATES DATA IS MISSING.
T  INDICATES TRACE AMOUNT.




$$
