000
CDUS43 KLMK 190632
CLILEX


CLIMATE REPORT
NATIONAL WEATHER SERVICE LOUISVILLE KY
231 AM EDT THU OCT 19 2017


...................................

...THE LEXINGTON KY CLIMATE SUMMARY FOR OCTOBER 18 2017...

CLIMATE NORMAL PERIOD 1981 TO 2010
CLIMATE RECORD PERIOD 1872 TO 2017


WEATHER ITEM   OBSERVED TIME   RECORD YEAR NORMAL DEPARTURE LAST
                VALUE   (LST)  VALUE       VALUE  FROM      YEAR
                                                  NORMAL
..................................................................
TEMPERATURE (F)
 YESTERDAY
  MAXIMUM         70    242 PM  87    1938  67      3       86
  MINIMUM         41    556 AM  24    1948  46     -5       66
  AVERAGE         56                        56      0       76

PRECIPITATION (IN)
  YESTERDAY        0.00          2.46 2004   0.10  -0.10     0.00
  MONTH TO DATE    4.07                      1.76   2.31     0.14
  SINCE SEP 1      7.81                      4.67   3.14     1.81
  SINCE JAN 1     42.75                     36.34   6.41    36.18

SNOWFALL (IN)
  YESTERDAY        0.0           0.0    MM   0.0    0.0      0.0
  MONTH TO DATE    0.0                       0.0    0.0      0.0
  SINCE SEP 1      0.0                       0.0    0.0      0.0
  SINCE JUL 1      0.0                       0.0    0.0      0.0
  SNOW DEPTH       0

DEGREE DAYS
 HEATING
  YESTERDAY        9                         9      0        0
  MONTH TO DATE   45                       126    -81       36
  SINCE SEP 1     80                       178    -98       53
  SINCE JUL 1     80                       180   -100       53

 COOLING
  YESTERDAY        0                         1     -1       11
  MONTH TO DATE   57                        22     35       58
  SINCE SEP 1    201                       168     33      329
  SINCE JAN 1   1282                      1185     97     1605
..................................................................


WIND (MPH)
  HIGHEST WIND SPEED    12   HIGHEST WIND DIRECTION     S (180)
  HIGHEST GUST SPEED    18   HIGHEST GUST DIRECTION     S (180)
  AVERAGE WIND SPEED     6.3


SKY COVER
  POSSIBLE SUNSHINE  MM
  AVERAGE SKY COVER 0.0


WEATHER CONDITIONS
 THE FOLLOWING WEATHER WAS RECORDED YESTERDAY.
  NO SIGNIFICANT WEATHER WAS OBSERVED.


RELATIVE HUMIDITY (PERCENT)
 HIGHEST    86           500 AM
 LOWEST     44           200 PM
 AVERAGE    65

..........................................................


THE LEXINGTON KY CLIMATE NORMALS FOR TODAY
                         NORMAL    RECORD    YEAR
 MAXIMUM TEMPERATURE (F)   67        87      2016
 MINIMUM TEMPERATURE (F)   46        26      1992


SUNRISE AND SUNSET
OCTOBER 19 2017.......SUNRISE   751 AM EDT   SUNSET   655 PM EDT
OCTOBER 20 2017.......SUNRISE   752 AM EDT   SUNSET   654 PM EDT


-  INDICATES NEGATIVE NUMBERS.
R  INDICATES RECORD WAS SET OR TIED.
MM INDICATES DATA IS MISSING.
T  INDICATES TRACE AMOUNT.




$$
