000
CDUS43 KLMK 140627
CLILEX


CLIMATE REPORT
NATIONAL WEATHER SERVICE LOUISVILLE KY
126 AM EST THU DEC 14 2017


...................................

...THE LEXINGTON KY CLIMATE SUMMARY FOR DECEMBER 13 2017...

CLIMATE NORMAL PERIOD 1981 TO 2010
CLIMATE RECORD PERIOD 1872 TO 2017


WEATHER ITEM   OBSERVED TIME   RECORD YEAR NORMAL DEPARTURE LAST
                VALUE   (LST)  VALUE       VALUE  FROM      YEAR
                                                  NORMAL
..................................................................
TEMPERATURE (F)
 YESTERDAY
  MAXIMUM         47   1105 PM  70    1927  44      3       44
  MINIMUM         16    606 AM  -6    1962  28    -12       32
  AVERAGE         32                        36     -4       38

PRECIPITATION (IN)
  YESTERDAY        0.00          1.53 1931   0.13  -0.13     0.00
  MONTH TO DATE    0.73                      1.72  -0.99     1.61
  SINCE DEC 1      0.73                      1.72  -0.99     1.61
  SINCE JAN 1     47.53                     42.96   4.57    39.82

SNOWFALL (IN)
  YESTERDAY        0.0           6.5  1914   0.1   -0.1      0.0
  MONTH TO DATE    0.2                       0.8   -0.6      0.1
  SINCE DEC 1      0.2                       0.8   -0.6      0.1
  SINCE JUL 1      0.2                       1.1   -0.9      0.1
  SNOW DEPTH       0

DEGREE DAYS
 HEATING
  YESTERDAY       33                        29      4       27
  MONTH TO DATE  363                       350     13      367
  SINCE DEC 1    363                       350     13      367
  SINCE JUL 1   1143                      1237    -94      953

 COOLING
  YESTERDAY        0                         0      0        0
  MONTH TO DATE    0                         0      0        0
  SINCE DEC 1      0                         0      0        0
  SINCE JAN 1   1290                      1190    100     1640
..................................................................


WIND (MPH)
  HIGHEST WIND SPEED    28   HIGHEST WIND DIRECTION     W (270)
  HIGHEST GUST SPEED    41   HIGHEST GUST DIRECTION     W (270)
  AVERAGE WIND SPEED    14.1


SKY COVER
  POSSIBLE SUNSHINE  MM
  AVERAGE SKY COVER 0.4


WEATHER CONDITIONS
 THE FOLLOWING WEATHER WAS RECORDED YESTERDAY.
  NO SIGNIFICANT WEATHER WAS OBSERVED.


RELATIVE HUMIDITY (PERCENT)
 HIGHEST    67           200 AM
 LOWEST     25           200 PM
 AVERAGE    46

..........................................................


THE LEXINGTON KY CLIMATE NORMALS FOR TODAY
                         NORMAL    RECORD    YEAR
 MAXIMUM TEMPERATURE (F)   44        69      1984
                                             1971
 MINIMUM TEMPERATURE (F)   28        -2      1914


SUNRISE AND SUNSET
DECEMBER 14 2017......SUNRISE   747 AM EST   SUNSET   520 PM EST
DECEMBER 15 2017......SUNRISE   747 AM EST   SUNSET   520 PM EST


-  INDICATES NEGATIVE NUMBERS.
R  INDICATES RECORD WAS SET OR TIED.
MM INDICATES DATA IS MISSING.
T  INDICATES TRACE AMOUNT.




$$
