000
CDUS43 KLMK 230632
CLILEX

CLIMATE REPORT
NATIONAL WEATHER SERVICE LOUISVILLE KY
231 AM EDT SAT MAY 23 2015
...................................

...THE LEXINGTON KY CLIMATE SUMMARY FOR MAY 22 2015...

CLIMATE NORMAL PERIOD 1981 TO 2010
CLIMATE RECORD PERIOD 1872 TO 2015


WEATHER ITEM   OBSERVED TIME   RECORD YEAR NORMAL DEPARTURE LAST
                VALUE   (LST)  VALUE       VALUE  FROM      YEAR
                                                  NORMAL
..................................................................
TEMPERATURE (F)
 YESTERDAY
  MAXIMUM         73    457 PM  96    1941  76     -3       84
  MINIMUM         42    426 AM  37    2002  56    -14       63
  AVERAGE         58                        66     -8       74

PRECIPITATION (IN)
  YESTERDAY        0.00          2.30 1973   0.16  -0.16     0.37
  MONTH TO DATE    0.91                      3.70  -2.79     5.10
  SINCE MAR 1     19.78                     11.37   8.41    13.98
  SINCE JAN 1     24.63                     17.77   6.86    21.02

SNOWFALL (IN)
  YESTERDAY        0.0          MM      MM   0.0    0.0      0.0
  MONTH TO DATE    0.0                       0.0    0.0      0.0
  SINCE MAR 1     17.1                       1.7   15.4      7.8
  SINCE JUL 1     40.0                      13.0   27.0     27.1
  SNOW DEPTH       0

DEGREE DAYS
 HEATING
  YESTERDAY        7                         3      4        0
  MONTH TO DATE   58                        94    -36       90
  SINCE MAR 1    967                      1012    -45     1012
  SINCE JUL 1   4945                      4583    362     4855

 COOLING
  YESTERDAY        0                         3     -3        9
  MONTH TO DATE   94                        45     49       84
  SINCE MAR 1    106                        67     39       99
  SINCE JAN 1    106                        67     39       99
..................................................................


WIND (MPH)
  HIGHEST WIND SPEED    14   HIGHEST WIND DIRECTION     W (270)
  HIGHEST GUST SPEED    19   HIGHEST GUST DIRECTION     W (250)
  AVERAGE WIND SPEED     6.5


SKY COVER
  POSSIBLE SUNSHINE  MM
  AVERAGE SKY COVER 0.0


WEATHER CONDITIONS
 THE FOLLOWING WEATHER WAS RECORDED YESTERDAY.
  FOG


RELATIVE HUMIDITY (PERCENT)
 HIGHEST    96           500 AM
 LOWEST     35           300 PM
 AVERAGE    66

..........................................................


THE LEXINGTON KY CLIMATE NORMALS FOR TODAY
                         NORMAL    RECORD    YEAR
 MAXIMUM TEMPERATURE (F)   76        91      1939
                                             1936
 MINIMUM TEMPERATURE (F)   56        39      1963
                                             1917


SUNRISE AND SUNSET
MAY 23 2015...........SUNRISE   622 AM EDT   SUNSET   849 PM EDT
MAY 24 2015...........SUNRISE   622 AM EDT   SUNSET   849 PM EDT


-  INDICATES NEGATIVE NUMBERS.
R  INDICATES RECORD WAS SET OR TIED.
MM INDICATES DATA IS MISSING.
T  INDICATES TRACE AMOUNT.

$$
04
