000
CDUS43 KLMK 270632
CLILEX


CLIMATE REPORT
NATIONAL WEATHER SERVICE LOUISVILLE KY
132 AM EST MON FEB 27 2017


...................................

...THE LEXINGTON KY CLIMATE SUMMARY FOR FEBRUARY 26 2017...

CLIMATE NORMAL PERIOD 1981 TO 2010
CLIMATE RECORD PERIOD 1872 TO 2017


WEATHER ITEM   OBSERVED TIME   RECORD YEAR NORMAL DEPARTURE LAST
                VALUE   (LST)  VALUE       VALUE  FROM      YEAR
                                                  NORMAL
..................................................................
TEMPERATURE (F)
 YESTERDAY
  MAXIMUM         49    408 PM  76    1944  49      0       43
  MINIMUM         22    737 AM   0    1967  31     -9       32
  AVERAGE         36                        40     -4       38

PRECIPITATION (IN)
  YESTERDAY        0.00          2.56 1945   0.12  -0.12     0.00
  MONTH TO DATE    2.03                      2.97  -0.94     4.36
  SINCE DEC 1     12.92                     10.10   2.82    12.81
  SINCE JAN 1      6.74                      6.17   0.57     5.60

SNOWFALL (IN)
  YESTERDAY        0.0           1.5  1894   0.1   -0.1      0.0
  MONTH TO DATE    T                         4.4   -4.4      5.0
  SINCE DEC 1      3.4                      10.8   -7.4     14.6
  SINCE JUL 1      3.4                      11.1   -7.7     14.6
  SNOW DEPTH       0

DEGREE DAYS
 HEATING
  YESTERDAY       29                        25      4       27
  MONTH TO DATE  482                       738   -256      715
  SINCE DEC 1   2100                      2634   -534     2233
  SINCE JUL 1   2686                      3521   -835     2919

 COOLING
  YESTERDAY        0                         0      0        0
  MONTH TO DATE    4                         0      4        0
  SINCE DEC 1      4                         0      4        0
  SINCE JAN 1      4                         0      4        0
..................................................................


WIND (MPH)
  HIGHEST WIND SPEED    15   HIGHEST WIND DIRECTION     S (200)
  HIGHEST GUST SPEED    18   HIGHEST GUST DIRECTION    SW (220)
  AVERAGE WIND SPEED     5.5


SKY COVER
  POSSIBLE SUNSHINE  MM
  AVERAGE SKY COVER 0.2


WEATHER CONDITIONS
 THE FOLLOWING WEATHER WAS RECORDED YESTERDAY.
  NO SIGNIFICANT WEATHER WAS OBSERVED.


RELATIVE HUMIDITY (PERCENT)
 HIGHEST    74           800 AM
 LOWEST     23           300 PM
 AVERAGE    49

..........................................................


THE LEXINGTON KY CLIMATE NORMALS FOR TODAY
                         NORMAL    RECORD    YEAR
 MAXIMUM TEMPERATURE (F)   49        73      1996
 MINIMUM TEMPERATURE (F)   31        -3      1934


SUNRISE AND SUNSET
FEBRUARY 27 2017......SUNRISE   713 AM EST   SUNSET   630 PM EST
FEBRUARY 28 2017......SUNRISE   711 AM EST   SUNSET   631 PM EST


-  INDICATES NEGATIVE NUMBERS.
R  INDICATES RECORD WAS SET OR TIED.
MM INDICATES DATA IS MISSING.
T  INDICATES TRACE AMOUNT.




$$
