000
CDUS43 KLMK 250629
CLILEX


CLIMATE REPORT
NATIONAL WEATHER SERVICE LOUISVILLE KY
128 AM EST THU DEC 25 2014


...................................

...THE LEXINGTON KY CLIMATE SUMMARY FOR DECEMBER 24 2014...

CLIMATE NORMAL PERIOD 1981 TO 2010
CLIMATE RECORD PERIOD 1872 TO 2014


WEATHER ITEM   OBSERVED TIME   RECORD YEAR NORMAL DEPARTURE LAST
                VALUE   (LST)  VALUE       VALUE  FROM      YEAR
                                                  NORMAL
..................................................................
TEMPERATURE (F)
 YESTERDAY
  MAXIMUM         60    206 PM  68    1964  42     18       27
                                      1889
  MINIMUM         38   1159 PM -10    1989  26     12       17
                                      1983
  AVERAGE         49                        34     15       22

PRECIPITATION (IN)
  YESTERDAY        0.19          1.97 2008   0.12   0.07      T
  MONTH TO DATE    3.23                      3.09   0.14     4.96
  SINCE DEC 1      3.23                      3.09   0.14     4.96
  SINCE JAN 1     54.14                     44.33   9.81    58.91

SNOWFALL (IN)
  YESTERDAY        0.0           9.0  1939   0.1   -0.1       T
  MONTH TO DATE    T                         1.7   -1.7      0.6
  SINCE DEC 1      T                         1.7   -1.7      0.6
  SINCE JUL 1      1.6                       2.0   -0.4      2.0
  SNOW DEPTH       0

DEGREE DAYS
 HEATING
  YESTERDAY       16                        31    -15       43
  MONTH TO DATE  610                       680    -70      619
  SINCE DEC 1    610                       680    -70      619
  SINCE JUL 1   1617                      1567     50     1546

 COOLING
  YESTERDAY        0                         0      0        0
  MONTH TO DATE    0                         0      0        0
  SINCE DEC 1      0                         0      0        0
  SINCE JAN 1   1274                      1190     84     1245
..................................................................


WIND (MPH)
  HIGHEST WIND SPEED    40   HIGHEST WIND DIRECTION     W (260)
  HIGHEST GUST SPEED    52   HIGHEST GUST DIRECTION     W (260)
  AVERAGE WIND SPEED    11.8


SKY COVER
  POSSIBLE SUNSHINE  MM
  AVERAGE SKY COVER 0.9


WEATHER CONDITIONS
 THE FOLLOWING WEATHER WAS RECORDED YESTERDAY.
  HEAVY RAIN
  RAIN
  LIGHT RAIN
  FOG


RELATIVE HUMIDITY (PERCENT)
 HIGHEST   100           900 AM
 LOWEST     79          1000 PM
 AVERAGE    90

..........................................................


THE LEXINGTON KY CLIMATE NORMALS FOR TODAY
                         NORMAL    RECORD    YEAR
 MAXIMUM TEMPERATURE (F)   42        70      1982
 MINIMUM TEMPERATURE (F)   26        -9      1983


SUNRISE AND SUNSET
DECEMBER 25 2014......SUNRISE   753 AM EST   SUNSET   524 PM EST
DECEMBER 26 2014......SUNRISE   753 AM EST   SUNSET   525 PM EST


-  INDICATES NEGATIVE NUMBERS.
R  INDICATES RECORD WAS SET OR TIED.
MM INDICATES DATA IS MISSING.
T  INDICATES TRACE AMOUNT.

$$

SCHOETTMER
