221
CDUS43 KLMK 050626
CLILEX


CLIMATE REPORT
NATIONAL WEATHER SERVICE LOUISVILLE KY
126 AM EST MON DEC 5 2016


...................................

...THE LEXINGTON KY CLIMATE SUMMARY FOR DECEMBER 4 2016...

CLIMATE NORMAL PERIOD 1981 TO 2010
CLIMATE RECORD PERIOD 1872 TO 2016


WEATHER ITEM   OBSERVED TIME   RECORD YEAR NORMAL DEPARTURE LAST
                VALUE   (LST)  VALUE       VALUE  FROM      YEAR
                                                  NORMAL
..................................................................
TEMPERATURE (F)
 YESTERDAY
  MAXIMUM         47    222 PM  74    1982  47      0       49
  MINIMUM         38    853 AM  10    1942  31      7       25
  AVERAGE         43                        39      4       37

PRECIPITATION (IN)
  YESTERDAY        0.08          2.08 1922   0.13  -0.05     0.00
  MONTH TO DATE    0.08                      0.51  -0.43     0.79
  SINCE DEC 1      0.08                      0.51  -0.43     0.79
  SINCE JAN 1     38.29                     41.75  -3.46    53.47

SNOWFALL (IN)
  YESTERDAY        0.0           2.7  2010   0.1   -0.1      0.0
  MONTH TO DATE    0.0                       0.2   -0.2       T
  SINCE DEC 1      0.0                       0.2   -0.2       T
  SINCE JUL 1      0.0                       0.5   -0.5       T
  SNOW DEPTH       0

DEGREE DAYS
 HEATING
  YESTERDAY       22                        26     -4       28
  MONTH TO DATE   98                       102     -4       92
  SINCE DEC 1     98                       102     -4       92
  SINCE JUL 1    684                       989   -305      778

 COOLING
  YESTERDAY        0                         0      0        0
  MONTH TO DATE    0                         0      0        0
  SINCE DEC 1      0                         0      0        0
  SINCE JAN 1   1640                      1190    450     1284
..................................................................


WIND (MPH)
  HIGHEST WIND SPEED    16   HIGHEST WIND DIRECTION     W (250)
  HIGHEST GUST SPEED    22   HIGHEST GUST DIRECTION     W (250)
  AVERAGE WIND SPEED     8.2


SKY COVER
  POSSIBLE SUNSHINE  MM
  AVERAGE SKY COVER 0.9


WEATHER CONDITIONS
 THE FOLLOWING WEATHER WAS RECORDED YESTERDAY.
  LIGHT RAIN
  FOG
  HAZE


RELATIVE HUMIDITY (PERCENT)
 HIGHEST    92           600 PM
 LOWEST     64          1200 AM
 AVERAGE    78

..........................................................


THE LEXINGTON KY CLIMATE NORMALS FOR TODAY
                         NORMAL    RECORD    YEAR
 MAXIMUM TEMPERATURE (F)   47        72      2001
 MINIMUM TEMPERATURE (F)   31        11      1895


SUNRISE AND SUNSET
DECEMBER  5 2016......SUNRISE   740 AM EST   SUNSET   519 PM EST
DECEMBER  6 2016......SUNRISE   741 AM EST   SUNSET   519 PM EST


-  INDICATES NEGATIVE NUMBERS.
R  INDICATES RECORD WAS SET OR TIED.
MM INDICATES DATA IS MISSING.
T  INDICATES TRACE AMOUNT.




$$
