000
CDUS44 KSHV 102133
CLILFK


CLIMATE REPORT
NATIONAL WEATHER SERVICE SHREVEPORT, LA
431 PM CDT THU JUL 10 2014


...................................

...THE LUFKIN CLIMATE SUMMARY FOR JULY 10 2014...
VALID TODAY AS OF 0400 PM LOCAL TIME.

CLIMATE NORMAL PERIOD 1981 TO 2010
CLIMATE RECORD PERIOD 1906 TO 2014


WEATHER ITEM   OBSERVED TIME   RECORD YEAR NORMAL DEPARTURE LAST
                VALUE   (LST)  VALUE       VALUE  FROM      YEAR
                                                  NORMAL
..................................................................
TEMPERATURE (F)
 TODAY
  MAXIMUM         96    252 PM 108    1917  93      3       97
  MINIMUM         73    607 AM  60    1920  72      1       74
  AVERAGE         85                        83      2       86

PRECIPITATION (IN)
  TODAY            0.00          1.50 1921   0.11  -0.11     0.00
  MONTH TO DATE    1.12                      1.20  -0.08     0.57
  SINCE DEC 1     23.51                     29.84  -6.33    25.88
  SINCE JAN 1     21.30                     25.40  -4.10    21.57

DEGREE DAYS
 HEATING
  TODAY            0                         0      0        0
  MONTH TO DATE    0                         0      0        0
  SINCE JUN 1      0                         0      0        0
  SINCE JUL 1      0                         0      0        0

 COOLING
  TODAY           20                        18      2       21
  MONTH TO DATE  195                       171     24      155
  SINCE JUN 1    734                       623    111      678
  SINCE JAN 1   1230                      1092    138     1192
..................................................................


WIND (MPH)
  HIGHEST WIND SPEED    16   HIGHEST WIND DIRECTION     S (190)
  HIGHEST GUST SPEED    20   HIGHEST GUST DIRECTION     S (190)
  AVERAGE WIND SPEED     4.8


SKY COVER
  POSSIBLE SUNSHINE  MM
  AVERAGE SKY COVER 0.1


WEATHER CONDITIONS
 THE FOLLOWING WEATHER WAS RECORDED TODAY.
  FOG


RELATIVE HUMIDITY (PERCENT)
 HIGHEST    88           700 AM
 LOWEST     43           200 PM
 AVERAGE    66

..........................................................


THE LUFKIN CLIMATE NORMALS FOR TOMORROW
                         NORMAL    RECORD    YEAR
 MAXIMUM TEMPERATURE (F)   93       105      1917
 MINIMUM TEMPERATURE (F)   72        60      1920


SUNRISE AND SUNSET
JULY 10 2014..........SUNRISE   623 AM CDT   SUNSET   826 PM CDT
JULY 11 2014..........SUNRISE   623 AM CDT   SUNSET   826 PM CDT


-  INDICATES NEGATIVE NUMBERS.
R  INDICATES RECORD WAS SET OR TIED.
MM INDICATES DATA IS MISSING.
T  INDICATES TRACE AMOUNT.




$$
