000
CDUS44 KSHV 042158
CLILFK


CLIMATE REPORT
NATIONAL WEATHER SERVICE SHREVEPORT, LA
457 PM CDT SAT JUL 4 2015


...................................

...THE LUFKIN CLIMATE SUMMARY FOR JULY 4 2015...
VALID TODAY AS OF 0400 PM LOCAL TIME.

CLIMATE NORMAL PERIOD 1981 TO 2010
CLIMATE RECORD PERIOD 1906 TO 2015


WEATHER ITEM   OBSERVED TIME   RECORD YEAR NORMAL DEPARTURE LAST
                VALUE   (LST)  VALUE       VALUE  FROM      YEAR
                                                  NORMAL
..................................................................
TEMPERATURE (F)
 TODAY
  MAXIMUM         95    227 PM 105    1933  92      3       90
  MINIMUM         78    630 AM  60    1920  72      6       73
  AVERAGE         87                        82      5       82

PRECIPITATION (IN)
  TODAY            0.00          2.06 1936   0.13  -0.13     0.00
  MONTH TO DATE    0.23                      0.50  -0.27     1.12
  SINCE DEC 1     48.51                     29.14  19.37    23.51
  SINCE JAN 1     46.46                     24.70  21.76    21.30

DEGREE DAYS
 HEATING
  TODAY            0                         0      0        0
  MONTH TO DATE    0                         0      0        0
  SINCE JUN 1      0                         0      0        0
  SINCE JUL 1      0                         0      0        0

 COOLING
  TODAY           22                        17      5       17
  MONTH TO DATE   77                        68      9       77
  SINCE JUN 1    630                       520    110      616
  SINCE JAN 1   1313                       989    324     1112
..................................................................


WIND (MPH)
  HIGHEST WIND SPEED    15   HIGHEST WIND DIRECTION    SW (210)
  HIGHEST GUST SPEED    20   HIGHEST GUST DIRECTION    SW (210)
  AVERAGE WIND SPEED     6.8


SKY COVER
  POSSIBLE SUNSHINE  MM
  AVERAGE SKY COVER 0.2


WEATHER CONDITIONS
 THE FOLLOWING WEATHER WAS RECORDED TODAY.
  FOG


RELATIVE HUMIDITY (PERCENT)
 HIGHEST    91           700 AM
 LOWEST     49           200 PM
 AVERAGE    70

..........................................................


THE LUFKIN CLIMATE NORMALS FOR TOMORROW
                         NORMAL    RECORD    YEAR
 MAXIMUM TEMPERATURE (F)   92       102      1939
 MINIMUM TEMPERATURE (F)   72        56      1907


SUNRISE AND SUNSET
JULY  4 2015..........SUNRISE   620 AM CDT   SUNSET   827 PM CDT
JULY  5 2015..........SUNRISE   620 AM CDT   SUNSET   827 PM CDT


-  INDICATES NEGATIVE NUMBERS.
R  INDICATES RECORD WAS SET OR TIED.
MM INDICATES DATA IS MISSING.
T  INDICATES TRACE AMOUNT.




$$
