000
CDUS44 KSHV 010841
CLILFK


CLIMATE REPORT
NATIONAL WEATHER SERVICE SHREVEPORT, LA
241 AM CST SUN MAR 1 2015


...................................

...THE LUFKIN CLIMATE SUMMARY FOR FEBRUARY 28 2015...

CLIMATE NORMAL PERIOD 1981 TO 2010
CLIMATE RECORD PERIOD 1906 TO 2015


WEATHER ITEM   OBSERVED TIME   RECORD YEAR NORMAL DEPARTURE LAST
                VALUE   (LST)  VALUE       VALUE  FROM      YEAR
                                                  NORMAL
..................................................................
TEMPERATURE (F)
 YESTERDAY
  MAXIMUM         54    456 PM  89    1940  67    -13       65
  MINIMUM         35    228 AM  24    2002  45    -10       37
  AVERAGE         45                        56    -11       51

PRECIPITATION (IN)
  YESTERDAY        0.09          1.57 1963   0.13  -0.04     0.04
  MONTH TO DATE    1.38                      3.87  -2.49     1.62
  SINCE DEC 1     10.79                     12.49  -1.70     5.03
  SINCE JAN 1      8.74                      8.05   0.69     2.82

SNOWFALL (IN)
  YESTERDAY        0.0
  MONTH TO DATE    T
  SINCE DEC 1      T
  SINCE JUL 1      T
  SNOW DEPTH       0

DEGREE DAYS
 HEATING
  YESTERDAY       20                        10     10       14
  MONTH TO DATE  395                       354     41      370
  SINCE DEC 1   1224                      1327   -103     1447
  SINCE JUL 1   1520                      1634   -114     1803

 COOLING
  YESTERDAY        0                         1     -1        0
  MONTH TO DATE    5                        11     -6       18
  SINCE DEC 1     18                        32    -14       34
  SINCE JAN 1      6                        19    -13       18
..................................................................


WIND (MPH)
  HIGHEST WIND SPEED    14   HIGHEST WIND DIRECTION     E (80)
  HIGHEST GUST SPEED    18   HIGHEST GUST DIRECTION     E (70)
  AVERAGE WIND SPEED     6.5


SKY COVER
  POSSIBLE SUNSHINE  MM
  AVERAGE SKY COVER 1.0


WEATHER CONDITIONS
 THE FOLLOWING WEATHER WAS RECORDED YESTERDAY.
  RAIN
  LIGHT RAIN


RELATIVE HUMIDITY (PERCENT)
 HIGHEST    66          1000 PM
 LOWEST     50           300 PM
 AVERAGE    58

..........................................................


THE LUFKIN CLIMATE NORMALS FOR TODAY
                         NORMAL    RECORD    YEAR
 MAXIMUM TEMPERATURE (F)   67        86      1918
 MINIMUM TEMPERATURE (F)   45        20      1968


SUNRISE AND SUNSET
MARCH  1 2015.........SUNRISE   646 AM CST   SUNSET   617 PM CST
MARCH  2 2015.........SUNRISE   645 AM CST   SUNSET   618 PM CST


-  INDICATES NEGATIVE NUMBERS.
R  INDICATES RECORD WAS SET OR TIED.
MM INDICATES DATA IS MISSING.
T  INDICATES TRACE AMOUNT.




$$
