000
CDUS44 KSHV 210844
CLILFK


CLIMATE REPORT
NATIONAL WEATHER SERVICE SHREVEPORT, LA
243 AM CST FRI NOV 21 2014


...................................

...THE LUFKIN CLIMATE SUMMARY FOR NOVEMBER 20 2014...

CLIMATE NORMAL PERIOD 1981 TO 2010
CLIMATE RECORD PERIOD 1906 TO 2014


WEATHER ITEM   OBSERVED TIME   RECORD YEAR NORMAL DEPARTURE LAST
                VALUE   (LST)  VALUE       VALUE  FROM      YEAR
                                                  NORMAL
..................................................................
TEMPERATURE (F)
 YESTERDAY
  MAXIMUM         75    152 PM  85    2011  68      7       72
  MINIMUM         46    657 AM  25    1937  46      0       42
  AVERAGE         61                        57      4       57

PRECIPITATION (IN)
  YESTERDAY        0.03          2.64 1907   0.16  -0.13     0.00
  MONTH TO DATE    2.89                      3.41  -0.52     0.05
  SINCE DEC 1     43.71                     47.35  -3.64    40.88
  SINCE JAN 1     41.50                     42.91  -1.41    36.57

SNOWFALL (IN)
  YESTERDAY       MM
  MONTH TO DATE    0.0
  SINCE SEP 1      0.0
  SINCE JUL 1      0.0
  SNOW DEPTH       0

DEGREE DAYS
 HEATING
  YESTERDAY        4                         9     -5        8
  MONTH TO DATE  237                       133    104      142
  SINCE SEP 1    239                       199     40      168
  SINCE JUL 1    239                       199     40      168

 COOLING
  YESTERDAY        0                         1     -1        0
  MONTH TO DATE    8                        30    -22       21
  SINCE SEP 1    721                       551    170      670
  SINCE JAN 1   2955                      2574    381     2837
..................................................................


WIND (MPH)
  HIGHEST WIND SPEED    15   HIGHEST WIND DIRECTION    SE (150)
  HIGHEST GUST SPEED    23   HIGHEST GUST DIRECTION     S (170)
  AVERAGE WIND SPEED     6.6


SKY COVER
  POSSIBLE SUNSHINE  MM
  AVERAGE SKY COVER 0.7


WEATHER CONDITIONS
 THE FOLLOWING WEATHER WAS RECORDED YESTERDAY.
  LIGHT RAIN
  FOG
  FOG W/VISIBILITY <= 1/4 MILE


RELATIVE HUMIDITY (PERCENT)
 HIGHEST    93           300 AM
 LOWEST     53           200 PM
 AVERAGE    73

..........................................................


THE LUFKIN CLIMATE NORMALS FOR TODAY
                         NORMAL    RECORD    YEAR
 MAXIMUM TEMPERATURE (F)   68        84      2011
                                             1933
 MINIMUM TEMPERATURE (F)   45        27      2006
                                             1937


SUNRISE AND SUNSET
NOVEMBER 21 2014......SUNRISE   651 AM CST   SUNSET   518 PM CST
NOVEMBER 22 2014......SUNRISE   652 AM CST   SUNSET   518 PM CST


-  INDICATES NEGATIVE NUMBERS.
R  INDICATES RECORD WAS SET OR TIED.
MM INDICATES DATA IS MISSING.
T  INDICATES TRACE AMOUNT.




$$
