000
CDUS44 KSHV 162247
CLILFK


CLIMATE REPORT
NATIONAL WEATHER SERVICE SHREVEPORT, LA
447 PM CST SAT DEC 16 2017


...................................

...THE LUFKIN CLIMATE SUMMARY FOR DECEMBER 16 2017...
VALID TODAY AS OF 0400 PM LOCAL TIME.

CLIMATE NORMAL PERIOD 1981 TO 2010
CLIMATE RECORD PERIOD 1906 TO 2017


WEATHER ITEM   OBSERVED TIME   RECORD YEAR NORMAL DEPARTURE LAST
                VALUE   (LST)  VALUE       VALUE  FROM      YEAR
                                                  NORMAL
..................................................................
TEMPERATURE (F)
 TODAY
  MAXIMUM         52    153 PM  82    1924  61     -9       72
  MINIMUM         33    725 AM  15    1955  39     -6       41
  AVERAGE         43                        50     -7       57

PRECIPITATION (IN)
  TODAY            T             2.34 1994   0.15  -0.15      T
  MONTH TO DATE    1.24                      2.38  -1.14     4.79
  SINCE DEC 1      1.24                      2.38  -1.14     4.79
  SINCE JAN 1     53.29                     46.89   6.40    50.12

SNOWFALL (IN)
  TODAY           MM
  MONTH TO DATE    1.0
  SINCE DEC 1      1.0
  SINCE JUL 1      1.0
  SNOW DEPTH       0

DEGREE DAYS
 HEATING
  TODAY           22                        16      6        8
  MONTH TO DATE  243                       226     17      222
  SINCE DEC 1    243                       226     17      222
  SINCE JUL 1    494                       533    -39      370

 COOLING
  TODAY            0                         0      0        0
  MONTH TO DATE    5                         4      1        0
  SINCE DEC 1      5                         4      1        0
  SINCE JAN 1   2661                      2587     74     2809
..................................................................


WIND (MPH)
  HIGHEST WIND SPEED    10   HIGHEST WIND DIRECTION     E (100)
  HIGHEST GUST SPEED    13   HIGHEST GUST DIRECTION     E (100)
  AVERAGE WIND SPEED     3.2


SKY COVER
  POSSIBLE SUNSHINE  MM
  AVERAGE SKY COVER 0.5


WEATHER CONDITIONS
 THE FOLLOWING WEATHER WAS RECORDED TODAY.
  NO SIGNIFICANT WEATHER WAS OBSERVED.


RELATIVE HUMIDITY (PERCENT)
 HIGHEST   100           800 AM
 LOWEST     56           100 PM
 AVERAGE    78

..........................................................


THE LUFKIN CLIMATE NORMALS FOR TOMORROW
                         NORMAL    RECORD    YEAR
 MAXIMUM TEMPERATURE (F)   60        85      1924
 MINIMUM TEMPERATURE (F)   39        17      1972


SUNRISE AND SUNSET
DECEMBER 16 2017......SUNRISE   711 AM CST   SUNSET   519 PM CST
DECEMBER 17 2017......SUNRISE   712 AM CST   SUNSET   519 PM CST


-  INDICATES NEGATIVE NUMBERS.
R  INDICATES RECORD WAS SET OR TIED.
MM INDICATES DATA IS MISSING.
T  INDICATES TRACE AMOUNT.




$$
