000
CDUS44 KLCH 260809
CLILFT


CLIMATE REPORT
NATIONAL WEATHER SERVICE LAKE CHARLES, LA
309 AM CDT TUE MAY 26 2015


...................................

...THE LAFAYETTE CLIMATE SUMMARY FOR MAY 25 2015...

CLIMATE NORMAL PERIOD 1981 TO 2010
CLIMATE RECORD PERIOD 1893 TO 2015


WEATHER ITEM   OBSERVED TIME   RECORD YEAR NORMAL DEPARTURE LAST
                VALUE   (LST)  VALUE       VALUE  FROM      YEAR
                                                  NORMAL
..................................................................
TEMPERATURE (F)
 YESTERDAY
  MAXIMUM         88    252 PM  95    2010  88      0       89
                                      1941
                                      1893
  MINIMUM         68   1159 PM  52    1940  69     -1       65
  AVERAGE         78                        79     -1       77

PRECIPITATION (IN)
  YESTERDAY        0.22          1.44 1986   0.17   0.05     0.00
  MONTH TO DATE    4.18                      3.74   0.44     1.82
  SINCE MAR 1     19.22                     11.46   7.76     6.58
  SINCE JAN 1     26.32                     21.58   4.74    13.83

DEGREE DAYS
 COOLING
  YESTERDAY       13                        14     -1       12
  MONTH TO DATE  288                       275     13      211
  SINCE MAR 1    594                       497     97      377
  SINCE JAN 1    599                       529     70      391
..................................................................


WIND (MPH)
  HIGHEST WIND SPEED    30   HIGHEST WIND DIRECTION    NW (330)
  HIGHEST GUST SPEED    39   HIGHEST GUST DIRECTION    NW (310)
  AVERAGE WIND SPEED     6.9


SKY COVER
  POSSIBLE SUNSHINE  MM
  AVERAGE SKY COVER 0.5


WEATHER CONDITIONS
 THE FOLLOWING WEATHER WAS RECORDED YESTERDAY.
  THUNDERSTORM
  HEAVY RAIN
  RAIN
  LIGHT RAIN
  FOG
  HAZE


RELATIVE HUMIDITY (PERCENT)
 HIGHEST    94          1100 PM
 LOWEST     63           100 PM
 AVERAGE    79

..........................................................


THE LAFAYETTE CLIMATE NORMALS FOR TODAY
                         NORMAL    RECORD    YEAR
 MAXIMUM TEMPERATURE (F)   88        97      1901
 MINIMUM TEMPERATURE (F)   69        50      1925


SUNRISE AND SUNSET
MAY 26 2015...........SUNRISE   609 AM CDT   SUNSET   802 PM CDT
MAY 27 2015...........SUNRISE   608 AM CDT   SUNSET   802 PM CDT


-  INDICATES NEGATIVE NUMBERS.
R  INDICATES RECORD WAS SET OR TIED.
MM INDICATES DATA IS MISSING.
T  INDICATES TRACE AMOUNT.




$$
