000
CDUS44 KLCH 222212
CLILFT


CLIMATE REPORT
NATIONAL WEATHER SERVICE LAKE CHARLES, LA
412 PM CST SUN JAN 22 2017


...................................

...THE LAFAYETTE CLIMATE SUMMARY FOR JANUARY 22 2017...
VALID TODAY AS OF 0400 PM LOCAL TIME.

CLIMATE NORMAL PERIOD 1981 TO 2010
CLIMATE RECORD PERIOD 1893 TO 2017


WEATHER ITEM   OBSERVED TIME   RECORD YEAR NORMAL DEPARTURE LAST
                VALUE   (LST)  VALUE       VALUE  FROM      YEAR
                                                  NORMAL
..................................................................
TEMPERATURE (F)
 TODAY
  MAXIMUM         70    146 AM  80    1920  62      8       46
  MINIMUM         59    701 AM  18    1935  43     16       37
  AVERAGE         65                        53     12       42

PRECIPITATION (IN)
  TODAY            T             3.18 1992   0.19  -0.19     0.00
  MONTH TO DATE    3.37                      4.06  -0.69     4.59
  SINCE DEC 1     12.46                      9.64   2.82     8.45
  SINCE JAN 1      3.37                      4.06  -0.69     4.59

SNOWFALL (IN)
  TODAY            0.0           2.5  1940   0.0    0.0      0.0
  MONTH TO DATE    0.0                       0.0    0.0      0.0
  SINCE DEC 1      0.0                       0.0    0.0      0.0
  SINCE JUL 1      0.0                       0.0    0.0      0.0
  SNOW DEPTH       0

DEGREE DAYS
 HEATING
  TODAY            0                        13    -13       23
  MONTH TO DATE  123                       286   -163      310
  SINCE DEC 1    358                       641   -283      488
  SINCE JUL 1    444                       840   -396      576
..................................................................


WIND (MPH)
  HIGHEST WIND SPEED    31   HIGHEST WIND DIRECTION    NW (310)
  HIGHEST GUST SPEED    37   HIGHEST GUST DIRECTION    NW (320)
  AVERAGE WIND SPEED    16.5


SKY COVER
  POSSIBLE SUNSHINE  MM
  AVERAGE SKY COVER 0.4


WEATHER CONDITIONS
 THE FOLLOWING WEATHER WAS RECORDED TODAY.
  LIGHT RAIN
  FOG


RELATIVE HUMIDITY (PERCENT)
 HIGHEST    97          1200 AM
 LOWEST     32          1200 PM
 AVERAGE    65

..........................................................


THE LAFAYETTE CLIMATE NORMALS FOR TOMORROW
                         NORMAL    RECORD    YEAR
 MAXIMUM TEMPERATURE (F)   62        83      1933
                                             1972
 MINIMUM TEMPERATURE (F)   43        19      1948


SUNRISE AND SUNSET
JANUARY 22 2017.......SUNRISE   703 AM CST   SUNSET   536 PM CST
JANUARY 23 2017.......SUNRISE   703 AM CST   SUNSET   537 PM CST


-  INDICATES NEGATIVE NUMBERS.
R  INDICATES RECORD WAS SET OR TIED.
MM INDICATES DATA IS MISSING.
T  INDICATES TRACE AMOUNT.




$$
