000
CDUS41 KOKX 252043
CLILGA


CLIMATE REPORT
NATIONAL WEATHER SERVICE NEW YORK NY
443 PM EDT FRI JUL 25 2014


...................................

...THE LAGUARDIA NY CLIMATE SUMMARY FOR JULY 25 2014...
VALID TODAY AS OF 0400 PM LOCAL TIME.

CLIMATE NORMAL PERIOD 1981 TO 2010
CLIMATE RECORD PERIOD 1945 TO 2014


WEATHER ITEM   OBSERVED TIME   RECORD YEAR NORMAL DEPARTURE LAST
                VALUE   (LST)  VALUE       VALUE  FROM      YEAR
                                                  NORMAL
..................................................................
TEMPERATURE (F)
 TODAY
  MAXIMUM         83    233 PM  97    1999  86     -3       70
  MINIMUM         67    554 AM  59    1997  70     -3       64
  AVERAGE         75                        78     -3       67

PRECIPITATION (IN)
  TODAY            0.00          1.60 1975   0.15  -0.15     0.02
  MONTH TO DATE    3.73                      3.55   0.18     2.67
  SINCE JUN 1      7.42                      7.49  -0.07    10.83
  SINCE JAN 1     31.30                     25.18   6.12    25.24

SNOWFALL (IN)
  TODAY            0.0          MM      MM   0.0    0.0      0.0
  MONTH TO DATE    0.0                       0.0    0.0      0.0
  SINCE OCT 1     52.4                      26.9   25.5     22.2
  SINCE JUL 1      0.0                       0.0    0.0      0.0
  SNOW DEPTH       0

DEGREE DAYS
 HEATING
  TODAY            0                         0      0        0
  MONTH TO DATE    0                         0      0        0
  SINCE JUN 1      0                        16    -16        4
  SINCE JUL 1      0                         0      0        0

 COOLING
  TODAY           10                        13     -3        2
  MONTH TO DATE  318                       310      8      436
  SINCE JUN 1    550                       541      9      717
  SINCE JAN 1    600                       607     -7      805
..................................................................


WIND (MPH)
  HIGHEST WIND SPEED    13   HIGHEST WIND DIRECTION     N (10)
  HIGHEST GUST SPEED    18   HIGHEST GUST DIRECTION     N (10)
  AVERAGE WIND SPEED     7.1


SKY COVER
  AVERAGE SKY COVER 0.4


WEATHER CONDITIONS
 THE FOLLOWING WEATHER WAS RECORDED TODAY.
  NO SIGNIFICANT WEATHER WAS OBSERVED.


RELATIVE HUMIDITY (PERCENT)
 HIGHEST    63           500 AM
 LOWEST     34           300 PM
 AVERAGE    49

..........................................................


THE LAGUARDIA NY CLIMATE NORMALS FOR TOMORROW
                         NORMAL    RECORD    YEAR
 MAXIMUM TEMPERATURE (F)   86        98      1940
 MINIMUM TEMPERATURE (F)   70        62      1976
                                             1964


SUNRISE AND SUNSET
JULY 25 2014..........SUNRISE   546 AM EDT   SUNSET   818 PM EDT
JULY 26 2014..........SUNRISE   546 AM EDT   SUNSET   817 PM EDT


-  INDICATES NEGATIVE NUMBERS.
R  INDICATES RECORD WAS SET OR TIED.
MM INDICATES DATA IS MISSING.
T  INDICATES TRACE AMOUNT.




$$
