000
CDUS41 KOKX 130618
CLILGA


CLIMATE REPORT
NATIONAL WEATHER SERVICE NEW YORK NY
118 AM EST SAT FEB 13 2016


...................................

...THE LAGUARDIA NY CLIMATE SUMMARY FOR FEBRUARY 12 2016...

CLIMATE NORMAL PERIOD 1981 TO 2010
CLIMATE RECORD PERIOD 1945 TO 2016


WEATHER ITEM   OBSERVED TIME   RECORD YEAR NORMAL DEPARTURE LAST
                VALUE   (LST)  VALUE       VALUE  FROM      YEAR
                                                  NORMAL
..................................................................
TEMPERATURE (F)
 YESTERDAY
  MAXIMUM         27    429 PM  58    1984  42    -15       40
  MINIMUM         17    721 AM   4    1979  28    -11       17
  AVERAGE         22                        35    -13       29

PRECIPITATION (IN)
  YESTERDAY        T             1.59 2006   0.09  -0.09      T
  MONTH TO DATE    1.17                      1.14   0.03     1.20
  SINCE DEC 1      9.67                      7.87   1.80    12.38
  SINCE JAN 1      5.34                      4.31   1.03     6.18

SNOWFALL (IN)
  YESTERDAY        T            23.3  2006   0.4   -0.4       T
  MONTH TO DATE    4.1                       3.9    0.2      6.9
  SINCE OCT 1     32.9                      16.8   16.1     28.3
  SINCE JUL 1     32.9                      16.8   16.1     28.3
  SNOW DEPTH       0

DEGREE DAYS
 HEATING
  YESTERDAY       43                        30     13       36
  MONTH TO DATE  318                       371    -53      445
  SINCE DEC 1   1653                      2195   -542     2277
  SINCE JUL 1   2215                      2970   -755     3031

 COOLING
  YESTERDAY        0                         0      0        0
  MONTH TO DATE    0                         0      0        0
  SINCE DEC 1      1                         0      1        0
  SINCE JAN 1      0                         0      0        0
..................................................................


WIND (MPH)
  HIGHEST WIND SPEED    18   HIGHEST WIND DIRECTION     W (270)
  HIGHEST GUST SPEED    23   HIGHEST GUST DIRECTION     W (260)
  AVERAGE WIND SPEED    11.8


SKY COVER
  AVERAGE SKY COVER 0.6


WEATHER CONDITIONS
 THE FOLLOWING WEATHER WAS RECORDED YESTERDAY.
  NO SIGNIFICANT WEATHER WAS OBSERVED.


RELATIVE HUMIDITY (PERCENT)
 HIGHEST    49           700 AM
 LOWEST     32           100 PM
 AVERAGE    41

..........................................................


THE LAGUARDIA NY CLIMATE NORMALS FOR TODAY
                         NORMAL    RECORD    YEAR
 MAXIMUM TEMPERATURE (F)   42        65      1951
 MINIMUM TEMPERATURE (F)   28         8      1979
                                             1967


SUNRISE AND SUNSET
FEBRUARY 13 2016......SUNRISE   653 AM EST   SUNSET   527 PM EST
FEBRUARY 14 2016......SUNRISE   652 AM EST   SUNSET   529 PM EST


-  INDICATES NEGATIVE NUMBERS.
R  INDICATES RECORD WAS SET OR TIED.
MM INDICATES DATA IS MISSING.
T  INDICATES TRACE AMOUNT.




$$
