000
CDUS41 KOKX 020616
CLILGA


CLIMATE REPORT
NATIONAL WEATHER SERVICE NEW YORK NY
216 AM EDT THU OCT 2 2014


...................................

...THE LAGUARDIA NY CLIMATE SUMMARY FOR OCTOBER 1 2014...

CLIMATE NORMAL PERIOD 1981 TO 2010
CLIMATE RECORD PERIOD 1945 TO 2014


WEATHER ITEM   OBSERVED TIME   RECORD YEAR NORMAL DEPARTURE LAST
                VALUE   (LST)  VALUE       VALUE  FROM      YEAR
                                                  NORMAL
..................................................................
TEMPERATURE (F)
 YESTERDAY
  MAXIMUM         66        MM  87    1950  71     -5       81
  MINIMUM         60        MM  39    1947  56      4       62
  AVERAGE         63                        63      0       72

PRECIPITATION (IN)
  YESTERDAY        T             2.24 2010   0.13  -0.13     0.00
  MONTH TO DATE    T                         0.13  -0.13     0.00
  SINCE SEP 1      1.24                      3.86  -2.62     3.29
  SINCE JAN 1     36.30                     34.11   2.19    30.63

SNOWFALL (IN)
  YESTERDAY        0.0          MM      MM   0.0    0.0      0.0
  MONTH TO DATE    0.0                       0.0    0.0      0.0
  SINCE OCT 1      0.0                       0.0    0.0      0.0
  SINCE JUL 1      0.0                       0.0    0.0      0.0
  SNOW DEPTH       0

DEGREE DAYS
 HEATING
  YESTERDAY        2                         4     -2        0
  MONTH TO DATE    2                         4     -2        0
  SINCE SEP 1     15                        38    -23       31
  SINCE JUL 1     15                        39    -24       31

 COOLING
  YESTERDAY        0                         2     -2        7
  MONTH TO DATE    0                         2     -2        7
  SINCE SEP 1    181                       159     22      139
  SINCE JAN 1   1168                      1192    -24     1358
..................................................................


WIND (MPH)
  HIGHEST WIND SPEED    14   HIGHEST WIND DIRECTION    NE (30)
  HIGHEST GUST SPEED    MM   HIGHEST GUST DIRECTION    MM
  AVERAGE WIND SPEED     9.9


SKY COVER
  AVERAGE SKY COVER 1.0


WEATHER CONDITIONS
 THE FOLLOWING WEATHER WAS RECORDED YESTERDAY.
  LIGHT RAIN
  FOG


RELATIVE HUMIDITY (PERCENT)
 HIGHEST    90           100 AM
 LOWEST     73           600 PM
 AVERAGE    82

..........................................................


THE LAGUARDIA NY CLIMATE NORMALS FOR TODAY
                         NORMAL    RECORD    YEAR
 MAXIMUM TEMPERATURE (F)   70        87      2002
 MINIMUM TEMPERATURE (F)   56        42      2003


SUNRISE AND SUNSET
OCTOBER  2 2014.......SUNRISE   653 AM EDT   SUNSET   636 PM EDT
OCTOBER  3 2014.......SUNRISE   654 AM EDT   SUNSET   634 PM EDT


-  INDICATES NEGATIVE NUMBERS.
R  INDICATES RECORD WAS SET OR TIED.
MM INDICATES DATA IS MISSING.
T  INDICATES TRACE AMOUNT.




$$
