000
CDUS41 KOKX 230619
CLILGA


CLIMATE REPORT
NATIONAL WEATHER SERVICE NEW YORK NY
119 AM EST FRI FEB 23 2018


...................................

...THE LAGUARDIA NY CLIMATE SUMMARY FOR FEBRUARY 22 2018...

CLIMATE NORMAL PERIOD 1981 TO 2010
CLIMATE RECORD PERIOD 1939 TO 2018


WEATHER ITEM   OBSERVED TIME   RECORD YEAR NORMAL DEPARTURE LAST
                VALUE   (LST)  VALUE       VALUE  FROM      YEAR
                                                  NORMAL
..................................................................
TEMPERATURE (F)
 YESTERDAY
  MAXIMUM         58   1245 AM  70    1997  44     14       59
  MINIMUM         37   1155 PM   9    1963  30      7       44
  AVERAGE         48                        37     11       52

PRECIPITATION (IN)
  YESTERDAY        0.11          1.60 2003   0.11   0.00     0.00
  MONTH TO DATE    5.03                      2.12   2.91     1.55
  SINCE DEC 1      9.21                      8.85   0.36     8.63
  SINCE JAN 1      7.15                      5.29   1.86     5.68

SNOWFALL (IN)
  YESTERDAY       MM             6.4  2008   0.4   MM        0.0
  MONTH TO DATE    4.6                       7.4   -2.8     10.3
  SINCE OCT 1     21.3                      20.3    1.0     23.4
  SINCE JUL 1     21.3                      20.3    1.0     23.4
  SNOW DEPTH       0

DEGREE DAYS
 HEATING
  YESTERDAY       17                        28    -11       13
  MONTH TO DATE  515                       664   -149      533
  SINCE DEC 1   2433                      2488    -55     2069
  SINCE JUL 1   3024                      3263   -239     2607

 COOLING
  YESTERDAY        0                         0      0        0
  MONTH TO DATE    0                         0      0        0
  SINCE DEC 1      0                         0      0        0
  SINCE JAN 1      0                         0      0        0
..................................................................


WIND (MPH)
  HIGHEST WIND SPEED    16   HIGHEST WIND DIRECTION    NE (60)
  HIGHEST GUST SPEED    21   HIGHEST GUST DIRECTION    NE (60)
  AVERAGE WIND SPEED    12.0


SKY COVER
  AVERAGE SKY COVER 1.0


WEATHER CONDITIONS
 THE FOLLOWING WEATHER WAS RECORDED YESTERDAY.
  RAIN
  LIGHT RAIN
  FOG


RELATIVE HUMIDITY (PERCENT)
 HIGHEST    85           500 PM
 LOWEST     46           300 AM
 AVERAGE    66

..........................................................


THE LAGUARDIA NY CLIMATE NORMALS FOR TODAY
                         NORMAL    RECORD    YEAR
 MAXIMUM TEMPERATURE (F)   44        66      1985
 MINIMUM TEMPERATURE (F)   30         8      2015


SUNRISE AND SUNSET
FEBRUARY 23 2018......SUNRISE   639 AM EST   SUNSET   540 PM EST
FEBRUARY 24 2018......SUNRISE   637 AM EST   SUNSET   541 PM EST


-  INDICATES NEGATIVE NUMBERS.
R  INDICATES RECORD WAS SET OR TIED.
MM INDICATES DATA IS MISSING.
T  INDICATES TRACE AMOUNT.




$$
