000
CDUS46 KLOX 200909
CLILGB


CLIMATE REPORT
NATIONAL WEATHER SERVICE LOS ANGELES/OXNARD CA
108 AM PST TUE FEB 20 2018


...................................

...THE LONG BEACH AIRPORT CA CLIMATE SUMMARY FOR FEBRUARY 19 2018...

CLIMATE NORMAL PERIOD 1981 TO 2010
CLIMATE RECORD PERIOD 1958 TO 2018


WEATHER ITEM   OBSERVED TIME   RECORD YEAR NORMAL DEPARTURE LAST
                VALUE   (LST)  VALUE       VALUE  FROM      YEAR
                                                  NORMAL
..................................................................
TEMPERATURE (F)
 YESTERDAY
  MAXIMUM         60    206 PM  91    1995  67     -7       61
  MINIMUM         50   1159 PM  36    1990  48      2       49
  AVERAGE         55                        58     -3       55

PRECIPITATION (IN)
  YESTERDAY        0.03          1.72 2005   0.12  -0.09     0.01
  MONTH TO DATE    0.07                      2.07  -2.00     4.64
  SINCE OCT 1      1.62                      8.25  -6.63    19.17
  SINCE JAN 1      1.55                      4.67  -3.12    13.97

SNOWFALL (IN)
  YESTERDAY        0.0
  MONTH TO DATE    0.0
  SINCE DEC 1      0.0
  SINCE JUL 1      0.0

DEGREE DAYS
 HEATING
  YESTERDAY       10                         7      3       10
  MONTH TO DATE   59                       150    -91      103
  SINCE DEC 1    292                       680   -388      611
  SINCE JUL 1    316                       829   -513      691

 COOLING
  YESTERDAY        0                         0      0        0
  MONTH TO DATE   11                         0     11        1
  SINCE DEC 1     56                         4     52        2
  SINCE JAN 1     40                         3     37        1
..................................................................


WIND (MPH)
  HIGHEST WIND SPEED    25   HIGHEST WIND DIRECTION     W (280)
  HIGHEST GUST SPEED    33   HIGHEST GUST DIRECTION     W (260)
  AVERAGE WIND SPEED    14.2


SKY COVER
  POSSIBLE SUNSHINE  MM
  AVERAGE SKY COVER 0.3


WEATHER CONDITIONS
 THE FOLLOWING WEATHER WAS RECORDED YESTERDAY.
  LIGHT RAIN
  HAZE


RELATIVE HUMIDITY (PERCENT)
 HIGHEST    66          1200 AM
 LOWEST     23          1100 AM
 AVERAGE    45

..........................................................


THE LONG BEACH AIRPORT CA CLIMATE NORMALS FOR TODAY
                         NORMAL    RECORD    YEAR
 MAXIMUM TEMPERATURE (F)   67        91      1995
 MINIMUM TEMPERATURE (F)   49        38      1990


SUNRISE AND SUNSET
FEBRUARY 20 2018......SUNRISE   632 AM PST   SUNSET   541 PM PST
FEBRUARY 21 2018......SUNRISE   630 AM PST   SUNSET   542 PM PST


-  INDICATES NEGATIVE NUMBERS.
R  INDICATES RECORD WAS SET OR TIED.
MM INDICATES DATA IS MISSING.
T  INDICATES TRACE AMOUNT.




$$
