000
CDUS46 KLOX 010128
CLILGB


CLIMATE REPORT
NATIONAL WEATHER SERVICE LOS ANGELES/OXNARD CA
628 PM PDT WED AUG 31 2016


...................................

...THE LONG BEACH AIRPORT CA CLIMATE SUMMARY FOR AUGUST 31 2016...
VALID TODAY AS OF 0600 PM LOCAL TIME.

CLIMATE NORMAL PERIOD 1981 TO 2010
CLIMATE RECORD PERIOD 1958 TO 2016


WEATHER ITEM   OBSERVED TIME   RECORD YEAR NORMAL DEPARTURE LAST
                VALUE   (LST)  VALUE       VALUE  FROM      YEAR
                                                  NORMAL
..................................................................
TEMPERATURE (F)
 TODAY
  MAXIMUM         88    158 PM 104    1967  84      4       79
  MINIMUM         67    608 AM  57    1960  65      2       70
  AVERAGE         78                        74      4       75

PRECIPITATION (IN)
  TODAY            0.00          T    1967   0.00   0.00     0.00
                                      1959
  MONTH TO DATE    0.00                      0.03  -0.03      T
  SINCE OCT 1      4.99                     12.08  -7.09     8.40
  SINCE JAN 1      3.99                      8.50  -4.51     3.14

SNOWFALL (IN)
  TODAY            0.0
  MONTH TO DATE    0.0
  SINCE JUN 1      0.0
  SINCE JUL 1      0.0

DEGREE DAYS
 HEATING
  TODAY            0                         0      0        0
  MONTH TO DATE    0                         0      0        0
  SINCE JUN 1      0                         6     -6        0
  SINCE JUL 1      0                         0      0        0

 COOLING
  TODAY           13                         9      4       10
  MONTH TO DATE  304                       290     14      399
  SINCE JUN 1    807                       665    142      941
  SINCE JAN 1    944                       768    176     1197
..................................................................


WIND (MPH)
  HIGHEST WIND SPEED    14   HIGHEST WIND DIRECTION    NW (320)
  HIGHEST GUST SPEED    18   HIGHEST GUST DIRECTION    NW (310)
  AVERAGE WIND SPEED     4.8


SKY COVER
  POSSIBLE SUNSHINE  MM
  AVERAGE SKY COVER 0.5


WEATHER CONDITIONS
 THE FOLLOWING WEATHER WAS RECORDED TODAY.
  FOG
  HAZE


RELATIVE HUMIDITY (PERCENT)
 HIGHEST   100           400 AM
 LOWEST     46           200 PM
 AVERAGE    73

..........................................................


THE LONG BEACH AIRPORT CA CLIMATE NORMALS FOR TOMORROW
                         NORMAL    RECORD    YEAR
 MAXIMUM TEMPERATURE (F)   84       107      1998
 MINIMUM TEMPERATURE (F)   65        56      1965


SUNRISE AND SUNSET
AUGUST 31 2016........SUNRISE   626 AM PDT   SUNSET   719 PM PDT
SEPTEMBER  1 2016.....SUNRISE   627 AM PDT   SUNSET   717 PM PDT


-  INDICATES NEGATIVE NUMBERS.
R  INDICATES RECORD WAS SET OR TIED.
MM INDICATES DATA IS MISSING.
T  INDICATES TRACE AMOUNT.




$$
