000
CDUS46 KLOX 190904
CLILGB


CLIMATE REPORT
NATIONAL WEATHER SERVICE LOS ANGELES/OXNARD CA
204 AM PDT SAT APR 19 2014


...................................

...THE LONG BEACH AIRPORT CA CLIMATE SUMMARY FOR APRIL 18 2014...

CLIMATE NORMAL PERIOD 1981 TO 2010
CLIMATE RECORD PERIOD 1958 TO 2014


WEATHER ITEM   OBSERVED TIME   RECORD YEAR NORMAL DEPARTURE LAST
                VALUE   (LST)  VALUE       VALUE  FROM      YEAR
                                                  NORMAL
..................................................................
TEMPERATURE (F)
 YESTERDAY
  MAXIMUM         69    345 PM  89    1999  72     -3       81
  MINIMUM         60   1159 PM  42    1968  53      7       50
  AVERAGE         65                        63      2       66

PRECIPITATION (IN)
  YESTERDAY        0.00          0.52 1967   0.02  -0.02     0.00
  MONTH TO DATE    0.20                      0.43  -0.23     0.01
  SINCE JUL 1      4.33                     11.81  -7.48     6.00
  SINCE JAN 1      3.02                      7.99  -4.97     2.20

SNOWFALL (IN)
  YESTERDAY        0.0
  MONTH TO DATE    0.0
  SINCE MAR 1      0.0
  SINCE JUL 1      0.0

DEGREE DAYS
 HEATING
  YESTERDAY        0                         3     -3        0
  MONTH TO DATE   43                        73    -30       35
  SINCE MAR 1    121                       252   -131      155
  SINCE JUL 1    699                      1143   -444     1019

 COOLING
  YESTERDAY        0                         1     -1        1
  MONTH TO DATE   31                        18     13        5
  SINCE MAR 1     54                        28     26       12
  SINCE JAN 1     69                        36     33       17
..................................................................


WIND (MPH)
  HIGHEST WIND SPEED    MM   HIGHEST WIND DIRECTION    SW (240)
  HIGHEST GUST SPEED    MM   HIGHEST GUST DIRECTION    MM
  AVERAGE WIND SPEED     4.8


SKY COVER
  POSSIBLE SUNSHINE  MM
  AVERAGE SKY COVER 0.6


WEATHER CONDITIONS
 THE FOLLOWING WEATHER WAS RECORDED YESTERDAY.
  NO SIGNIFICANT WEATHER WAS OBSERVED.


RELATIVE HUMIDITY (PERCENT)
 HIGHEST    72          1200 AM
 LOWEST     49           300 PM
 AVERAGE    61

..........................................................


THE LONG BEACH AIRPORT CA CLIMATE NORMALS FOR TODAY
                         NORMAL    RECORD    YEAR
 MAXIMUM TEMPERATURE (F)   72        97      2009
 MINIMUM TEMPERATURE (F)   54        40      1967


SUNRISE AND SUNSET
APRIL 19 2014.........SUNRISE   617 AM PDT   SUNSET   727 PM PDT
APRIL 20 2014.........SUNRISE   616 AM PDT   SUNSET   728 PM PDT


-  INDICATES NEGATIVE NUMBERS.
R  INDICATES RECORD WAS SET OR TIED.
MM INDICATES DATA IS MISSING.
T  INDICATES TRACE AMOUNT.




$$
