691
CDUS46 KLOX 261311
CLILGB


CLIMATE REPORT
NATIONAL WEATHER SERVICE LOS ANGELES/OXNARD CA
611 AM PDT MON SEP 26 2016


...................................

...THE LONG BEACH AIRPORT CA CLIMATE SUMMARY FOR SEPTEMBER 25 2016...

CLIMATE NORMAL PERIOD 1981 TO 2010
CLIMATE RECORD PERIOD 1958 TO 2016


WEATHER ITEM   OBSERVED TIME   RECORD YEAR NORMAL DEPARTURE LAST
                VALUE   (LST)  VALUE       VALUE  FROM      YEAR
                                                  NORMAL
..................................................................
TEMPERATURE (F)
 YESTERDAY
  MAXIMUM         99    143 PM 105    1963  80     19       93
  MINIMUM         61    524 AM  55    1988  62     -1       70
  AVERAGE         80                        71      9       82

PRECIPITATION (IN)
  YESTERDAY        0.00          0.44 1997   0.01  -0.01     0.00
  MONTH TO DATE    T                         0.13  -0.13     0.95
  SINCE OCT 1      4.99                     12.21  -7.22     9.35
  SINCE JAN 1      3.99                      8.63  -4.64     4.09

SNOWFALL (IN)
  YESTERDAY        0.0
  MONTH TO DATE    0.0
  SINCE SEP 1      0.0
  SINCE JUL 1      0.0

DEGREE DAYS
 HEATING
  YESTERDAY        0                         0      0        0
  MONTH TO DATE    0                         0      0        0
  SINCE SEP 1      0                         0      0        0
  SINCE JUL 1      0                         0      0        0

 COOLING
  YESTERDAY       15                         6      9       17
  MONTH TO DATE  179                       201    -22      361
  SINCE SEP 1    179                       201    -22      361
  SINCE JAN 1   1123                       969    154     1558
..................................................................


WIND (MPH)
  HIGHEST WIND SPEED    18   HIGHEST WIND DIRECTION     W (290)
  HIGHEST GUST SPEED    22   HIGHEST GUST DIRECTION     W (290)
  AVERAGE WIND SPEED     3.8


SKY COVER
  POSSIBLE SUNSHINE  MM
  AVERAGE SKY COVER 0.0


WEATHER CONDITIONS
 THE FOLLOWING WEATHER WAS RECORDED YESTERDAY.
  NO SIGNIFICANT WEATHER WAS OBSERVED.


RELATIVE HUMIDITY (PERCENT)
 HIGHEST    73           200 AM
 LOWEST      9           100 PM
 AVERAGE    41

..........................................................


THE LONG BEACH AIRPORT CA CLIMATE NORMALS FOR TODAY
                         NORMAL    RECORD    YEAR
 MAXIMUM TEMPERATURE (F)   80       110      1963
 MINIMUM TEMPERATURE (F)   62        55      1986
                                             1973


SUNRISE AND SUNSET
SEPTEMBER 26 2016.....SUNRISE   644 AM PDT   SUNSET   643 PM PDT
SEPTEMBER 27 2016.....SUNRISE   645 AM PDT   SUNSET   642 PM PDT


-  INDICATES NEGATIVE NUMBERS.
R  INDICATES RECORD WAS SET OR TIED.
MM INDICATES DATA IS MISSING.
T  INDICATES TRACE AMOUNT.




$$
