000
CDUS46 KLOX 250113
CLILGB


CLIMATE REPORT
NATIONAL WEATHER SERVICE LOS ANGELES/OXNARD CA
513 PM PST FRI NOV 24 2017


...................................

...THE LONG BEACH AIRPORT CA CLIMATE SUMMARY FOR NOVEMBER 24 2017...
VALID TODAY AS OF 0500 PM LOCAL TIME.

CLIMATE NORMAL PERIOD 1981 TO 2010
CLIMATE RECORD PERIOD 1958 TO 2017


WEATHER ITEM   OBSERVED TIME   RECORD YEAR NORMAL DEPARTURE LAST
                VALUE   (LST)  VALUE       VALUE  FROM      YEAR
                                                  NORMAL
..................................................................
TEMPERATURE (F)
 TODAY
  MAXIMUM         81   1131 AM  91    1977  70     11       82
  MINIMUM         56    547 AM  40    1973  49      7       50
  AVERAGE         69                        59     10       66

PRECIPITATION (IN)
  TODAY            0.00          0.79 1984   0.04  -0.04     0.00
  MONTH TO DATE    0.04                      0.73  -0.69     0.80
  SINCE OCT 1      0.04                      1.36  -1.32     1.21
  SINCE JAN 1     14.94                     10.04   4.90     5.20

SNOWFALL (IN)
  TODAY            0.0
  MONTH TO DATE    0.0
  SINCE SEP 1      0.0
  SINCE JUL 1      0.0

DEGREE DAYS
 HEATING
  TODAY            0                         6     -6        0
  MONTH TO DATE   10                        88    -78       29
  SINCE SEP 1     10                       109    -99       32
  SINCE JUL 1     10                       109    -99       32

 COOLING
  TODAY            4                         0      4        1
  MONTH TO DATE   58                        19     39       82
  SINCE SEP 1    562                       355    207      502
  SINCE JAN 1   1528                      1123    405     1446
..................................................................


WIND (MPH)
  HIGHEST WIND SPEED     8   HIGHEST WIND DIRECTION    SW (220)
  HIGHEST GUST SPEED    11   HIGHEST GUST DIRECTION    SW (220)
  AVERAGE WIND SPEED     1.8


SKY COVER
  POSSIBLE SUNSHINE  MM
  AVERAGE SKY COVER 0.0


WEATHER CONDITIONS
 THE FOLLOWING WEATHER WAS RECORDED TODAY.
  NO SIGNIFICANT WEATHER WAS OBSERVED.


RELATIVE HUMIDITY (PERCENT)
 HIGHEST    86           600 AM
 LOWEST     30           100 PM
 AVERAGE    58

..........................................................


THE LONG BEACH AIRPORT CA CLIMATE NORMALS FOR TOMORROW
                         NORMAL    RECORD    YEAR
 MAXIMUM TEMPERATURE (F)   70        97      1977
 MINIMUM TEMPERATURE (F)   48        38      1973


SUNRISE AND SUNSET
NOVEMBER 24 2017......SUNRISE   633 AM PST   SUNSET   445 PM PST
NOVEMBER 25 2017......SUNRISE   634 AM PST   SUNSET   445 PM PST


-  INDICATES NEGATIVE NUMBERS.
R  INDICATES RECORD WAS SET OR TIED.
MM INDICATES DATA IS MISSING.
T  INDICATES TRACE AMOUNT.




$$
