000
CDUS46 KLOX 300915
CLILGB


CLIMATE REPORT
NATIONAL WEATHER SERVICE LOS ANGELES/OXNARD CA
215 AM PDT THU OCT 30 2014


...................................

...THE LONG BEACH AIRPORT CA CLIMATE SUMMARY FOR OCTOBER 29 2014...

CLIMATE NORMAL PERIOD 1981 TO 2010
CLIMATE RECORD PERIOD 1958 TO 2014


WEATHER ITEM   OBSERVED TIME   RECORD YEAR NORMAL DEPARTURE LAST
                VALUE   (LST)  VALUE       VALUE  FROM      YEAR
                                                  NORMAL
..................................................................
TEMPERATURE (F)
 YESTERDAY
  MAXIMUM         86   1255 PM  89    1958  76     10       67
  MINIMUM         58    519 AM  40    1971  55      3       53
  AVERAGE         72                        66      6       60

PRECIPITATION (IN)
  YESTERDAY        0.00          0.16 1974   0.03  -0.03     0.02
  MONTH TO DATE    0.00                      0.57  -0.57     0.12
  SINCE JUL 1      0.19                      0.81  -0.62     0.19
  SINCE JAN 1      3.38                      9.25  -5.87     3.06

SNOWFALL (IN)
  YESTERDAY        0.0
  MONTH TO DATE    0.0
  SINCE SEP 1      0.0
  SINCE JUL 1      0.0

DEGREE DAYS
 HEATING
  YESTERDAY        0                         1     -1        5
  MONTH TO DATE    0                        13    -13       20
  SINCE SEP 1      0                        14    -14       20
  SINCE JUL 1      0                        14    -14       20

 COOLING
  YESTERDAY        7                         2      5        0
  MONTH TO DATE  209                       100    109       92
  SINCE SEP 1    576                       331    245      376
  SINCE JAN 1   1646                      1099    547     1186
..................................................................


WIND (MPH)
  HIGHEST WIND SPEED    16   HIGHEST WIND DIRECTION    NW (300)
  HIGHEST GUST SPEED    20   HIGHEST GUST DIRECTION    NW (310)
  AVERAGE WIND SPEED     4.5


SKY COVER
  POSSIBLE SUNSHINE  MM
  AVERAGE SKY COVER 0.0


WEATHER CONDITIONS
 THE FOLLOWING WEATHER WAS RECORDED YESTERDAY.
  NO SIGNIFICANT WEATHER WAS OBSERVED.


RELATIVE HUMIDITY (PERCENT)
 HIGHEST    90           300 AM
 LOWEST     34           200 PM
 AVERAGE    62

..........................................................


THE LONG BEACH AIRPORT CA CLIMATE NORMALS FOR TODAY
                         NORMAL    RECORD    YEAR
 MAXIMUM TEMPERATURE (F)   76        96      1962
 MINIMUM TEMPERATURE (F)   55        41      1971


SUNRISE AND SUNSET
OCTOBER 30 2014.......SUNRISE   710 AM PDT   SUNSET   602 PM PDT
OCTOBER 31 2014.......SUNRISE   711 AM PDT   SUNSET   601 PM PDT


-  INDICATES NEGATIVE NUMBERS.
R  INDICATES RECORD WAS SET OR TIED.
MM INDICATES DATA IS MISSING.
T  INDICATES TRACE AMOUNT.




$$
