000
CDUS46 KLOX 290114
CLILGB


CLIMATE REPORT
NATIONAL WEATHER SERVICE LOS ANGELES/OXNARD CA
514 PM PST FRI NOV 28 2014


...................................

...THE LONG BEACH AIRPORT CA CLIMATE SUMMARY FOR NOVEMBER 28 2014...
VALID TODAY AS OF 0500 PM LOCAL TIME.

CLIMATE NORMAL PERIOD 1981 TO 2010
CLIMATE RECORD PERIOD 1958 TO 2014


WEATHER ITEM   OBSERVED TIME   RECORD YEAR NORMAL DEPARTURE LAST
                VALUE   (LST)  VALUE       VALUE  FROM      YEAR
                                                  NORMAL
..................................................................
TEMPERATURE (F)
 TODAY
  MAXIMUM         77    128 PM  83    1980  69      8       68
  MINIMUM         50    549 AM  39    1976  48      2       48
  AVERAGE         64                        58      6       58

PRECIPITATION (IN)
  TODAY            0.00          1.93 1970   0.04  -0.04      T
  MONTH TO DATE    0.16                      0.91  -0.75     0.37
  SINCE JUL 1      0.53                      1.78  -1.25     0.56
  SINCE JAN 1      3.72                     10.22  -6.50     3.43

SNOWFALL (IN)
  TODAY            0.0
  MONTH TO DATE    0.0
  SINCE SEP 1      0.0
  SINCE JUL 1      0.0

DEGREE DAYS
 HEATING
  TODAY            1                         7     -6        7
  MONTH TO DATE   30                       114    -84       66
  SINCE SEP 1     30                       135   -105       90
  SINCE JUL 1     30                       135   -105       90

 COOLING
  TODAY            0                         0      0        0
  MONTH TO DATE   50                        19     31       39
  SINCE SEP 1    632                       355    277      417
  SINCE JAN 1   1702                      1123    579     1227
..................................................................


WIND (MPH)
  HIGHEST WIND SPEED     8   HIGHEST WIND DIRECTION     S (200)
  HIGHEST GUST SPEED    10   HIGHEST GUST DIRECTION    SW (210)
  AVERAGE WIND SPEED     2.0


SKY COVER
  POSSIBLE SUNSHINE  MM
  AVERAGE SKY COVER 0.0


WEATHER CONDITIONS
 THE FOLLOWING WEATHER WAS RECORDED TODAY.
  NO SIGNIFICANT WEATHER WAS OBSERVED.


RELATIVE HUMIDITY (PERCENT)
 HIGHEST    77           200 AM
 LOWEST     25           100 PM
 AVERAGE    51

..........................................................


THE LONG BEACH AIRPORT CA CLIMATE NORMALS FOR TOMORROW
                         NORMAL    RECORD    YEAR
 MAXIMUM TEMPERATURE (F)   69        91      1977
 MINIMUM TEMPERATURE (F)   48        38      2010
                                             1968


SUNRISE AND SUNSET
NOVEMBER 28 2014......SUNRISE   637 AM PST   SUNSET   444 PM PST
NOVEMBER 29 2014......SUNRISE   638 AM PST   SUNSET   444 PM PST


-  INDICATES NEGATIVE NUMBERS.
R  INDICATES RECORD WAS SET OR TIED.
MM INDICATES DATA IS MISSING.
T  INDICATES TRACE AMOUNT.




$$
