000
CDHW41 PHFO 101245
CLILIH


CLIMATE REPORT
NATIONAL WEATHER SERVICE HONOLULU HI
245 AM HST THU JUL 10 2014


...................................

...THE LIHUE HI CLIMATE SUMMARY FOR JULY 9 2014...

CLIMATE NORMAL PERIOD 1981 TO 2010
CLIMATE RECORD PERIOD 1946 TO 2014


WEATHER ITEM   OBSERVED TIME   RECORD YEAR NORMAL DEPARTURE LAST
                VALUE   (LST)  VALUE       VALUE  FROM      YEAR
                                                  NORMAL
..................................................................
TEMPERATURE (F)
 YESTERDAY
  MAXIMUM         82   1252 PM  88    1981  84     -2       83
  MINIMUM         73    650 AM  69    1959  74     -1       73
  AVERAGE         78                        79     -1       78

PRECIPITATION (IN)
  YESTERDAY        0.11          0.55 1965   0.06   0.05      T
  MONTH TO DATE    0.23                      0.49  -0.26     0.15
  SINCE JUN 1      3.36                      2.10   1.26     0.85
  SINCE JAN 1     19.15                     17.94   1.21    15.65

SNOWFALL (IN)
  YESTERDAY        0.0
  MONTH TO DATE    0.0
  SINCE JUN 1      0.0
  SINCE JUL 1      0.0
  SNOW DEPTH       0

DEGREE DAYS
 HEATING
  YESTERDAY        0                         0      0        0
  MONTH TO DATE    0                         0      0        0
  SINCE JUN 1      0                         0      0        0
  SINCE JUL 1      0                         0      0        0

 COOLING
  YESTERDAY       13                        14     -1       13
  MONTH TO DATE  132                       126      6       92
  SINCE JUN 1    512                       520     -8      474
  SINCE JAN 1   1733                      1759    -26     1556
..................................................................


WIND (MPH)
  HIGHEST WIND SPEED    23   HIGHEST WIND DIRECTION     E (70)
  HIGHEST GUST SPEED    29   HIGHEST GUST DIRECTION     E (80)
  AVERAGE WIND SPEED    15.8


SKY COVER
  POSSIBLE SUNSHINE  MM
  AVERAGE SKY COVER 0.7


WEATHER CONDITIONS
 THE FOLLOWING WEATHER WAS RECORDED YESTERDAY.
  LIGHT RAIN
  FOG
  HAZE


RELATIVE HUMIDITY (PERCENT)
 HIGHEST    93           700 AM
 LOWEST     69          1200 PM
 AVERAGE    81

..........................................................


THE LIHUE HI CLIMATE NORMALS FOR TODAY
                         NORMAL    RECORD    YEAR
 MAXIMUM TEMPERATURE (F)   84        87      1961
 MINIMUM TEMPERATURE (F)   74        68      1979


SUNRISE AND SUNSET
JULY 10 2014..........SUNRISE   601 AM HST   SUNSET   725 PM HST
JULY 11 2014..........SUNRISE   601 AM HST   SUNSET   724 PM HST


-  INDICATES NEGATIVE NUMBERS.
R  INDICATES RECORD WAS SET OR TIED.
MM INDICATES DATA IS MISSING.
T  INDICATES TRACE AMOUNT.




$$
