000
CDHW41 PHFO 201245
CLILIH


CLIMATE REPORT
NATIONAL WEATHER SERVICE HONOLULU HI
245 AM HST MON NOV 20 2017


...................................

...THE LIHUE HI CLIMATE SUMMARY FOR NOVEMBER 19 2017...

CLIMATE NORMAL PERIOD 1981 TO 2010
CLIMATE RECORD PERIOD 1946 TO 2017


WEATHER ITEM   OBSERVED TIME   RECORD YEAR NORMAL DEPARTURE LAST
                VALUE   (LST)  VALUE       VALUE  FROM      YEAR
                                                  NORMAL
..................................................................
TEMPERATURE (F)
 YESTERDAY
  MAXIMUM         77    228 PM  85    2015  81     -4       79
                                      1957
  MINIMUM         62R  1131 PM  63    1997  71     -9       71
                                      1957
  AVERAGE         70                        76     -6       75

PRECIPITATION (IN)
  YESTERDAY        T             4.40 1973   0.14  -0.14     0.04
  MONTH TO DATE    0.80                      2.87  -2.07     0.13
  SINCE SEP 1      4.14                      8.81  -4.67     1.22
  SINCE JAN 1     21.84                     30.26  -8.42    11.96

SNOWFALL (IN)
  YESTERDAY        0.0
  MONTH TO DATE    0.0
  SINCE SEP 1      0.0
  SINCE JUL 1      0.0
  SNOW DEPTH      MM

DEGREE DAYS
 HEATING
  YESTERDAY        0                         0      0        0
  MONTH TO DATE    0                         0      0        0
  SINCE SEP 1      0                         0      0        0
  SINCE JUL 1      0                         0      0        0

 COOLING
  YESTERDAY        5                        11     -6       10
  MONTH TO DATE  230                       216     14      225
  SINCE SEP 1   1136                      1057     79     1168
  SINCE JAN 1   4009                      3583    426     3827
..................................................................


WIND (MPH)
  HIGHEST WIND SPEED    24   HIGHEST WIND DIRECTION     N (360)
  HIGHEST GUST SPEED    31   HIGHEST GUST DIRECTION     N (360)
  AVERAGE WIND SPEED     9.9


SKY COVER
  POSSIBLE SUNSHINE  MM
  AVERAGE SKY COVER  MM


WEATHER CONDITIONS
 THE FOLLOWING WEATHER WAS RECORDED YESTERDAY.
  NO SIGNIFICANT WEATHER WAS OBSERVED.


RELATIVE HUMIDITY (PERCENT)
 HIGHEST    MM
 LOWEST     MM
 AVERAGE    MM

..........................................................


THE LIHUE HI CLIMATE NORMALS FOR TODAY
                         NORMAL    RECORD    YEAR
 MAXIMUM TEMPERATURE (F)   80        85      1954
 MINIMUM TEMPERATURE (F)   71        63      1985
                                             1980
                                             1952


SUNRISE AND SUNSET
NOVEMBER 20 2017......SUNRISE   653 AM HST   SUNSET   553 PM HST
NOVEMBER 21 2017......SUNRISE   653 AM HST   SUNSET   553 PM HST


-  INDICATES NEGATIVE NUMBERS.
R  INDICATES RECORD WAS SET OR TIED.
MM INDICATES DATA IS MISSING.
T  INDICATES TRACE AMOUNT.




$$
