000
CDHW41 PHFO 230231
CLILIH


CLIMATE REPORT
NATIONAL WEATHER SERVICE HONOLULU HI
431 PM HST MON DEC 22 2014


...................................

...THE LIHUE HI CLIMATE SUMMARY FOR DECEMBER 22 2014...
VALID TODAY AS OF 0400 PM LOCAL TIME.

CLIMATE NORMAL PERIOD 1981 TO 2010
CLIMATE RECORD PERIOD 1946 TO 2014


WEATHER ITEM   OBSERVED TIME   RECORD YEAR NORMAL DEPARTURE LAST
                VALUE   (LST)  VALUE       VALUE  FROM      YEAR
                                                  NORMAL
..................................................................
TEMPERATURE (F)
 TODAY
  MAXIMUM         75    247 PM  85    1980  79     -4       79
  MINIMUM         66    750 AM  56    1962  67     -1       66
  AVERAGE         71                        73     -2       73

PRECIPITATION (IN)
  TODAY            0.04          0.84 1981   0.18  -0.14      T
  MONTH TO DATE    0.45                      3.72  -3.27     5.05
  SINCE DEC 1      0.45                      3.72  -3.27     5.05
  SINCE JAN 1     30.96                     35.57  -4.61    36.48

SNOWFALL (IN)
  TODAY            0.0
  MONTH TO DATE    0.0
  SINCE DEC 1      0.0
  SINCE JUL 1      0.0
  SNOW DEPTH       0

DEGREE DAYS
 HEATING
  TODAY            0                         0      0        0
  MONTH TO DATE    0                         0      0        0
  SINCE DEC 1      0                         0      0        0
  SINCE JUL 1      0                         0      0        0

 COOLING
  TODAY            6                         8     -2        8
  MONTH TO DATE  173                       187    -14      206
  SINCE DEC 1    173                       187    -14      206
  SINCE JAN 1   3989                      3878    111     3631
..................................................................


WIND (MPH)
  HIGHEST WIND SPEED    28   HIGHEST WIND DIRECTION     N (10)
  HIGHEST GUST SPEED    33   HIGHEST GUST DIRECTION     N (20)
  AVERAGE WIND SPEED    18.8


SKY COVER
  POSSIBLE SUNSHINE  MM
  AVERAGE SKY COVER 1.0


WEATHER CONDITIONS
 THE FOLLOWING WEATHER WAS RECORDED TODAY.
  LIGHT RAIN
  FOG
  HAZE


RELATIVE HUMIDITY (PERCENT)
 HIGHEST    87           500 AM
 LOWEST     64          1200 PM
 AVERAGE    76

..........................................................


THE LIHUE HI CLIMATE NORMALS FOR TOMORROW
                         NORMAL    RECORD    YEAR
 MAXIMUM TEMPERATURE (F)   79        84      2010
                                             1980
 MINIMUM TEMPERATURE (F)   67        56      1983


SUNRISE AND SUNSET
DECEMBER 22 2014......SUNRISE   712 AM HST   SUNSET   600 PM HST
DECEMBER 23 2014......SUNRISE   713 AM HST   SUNSET   600 PM HST


-  INDICATES NEGATIVE NUMBERS.
R  INDICATES RECORD WAS SET OR TIED.
MM INDICATES DATA IS MISSING.
T  INDICATES TRACE AMOUNT.




$$
