000
CDHW41 PHFO 261245
CLILIH


CLIMATE REPORT
NATIONAL WEATHER SERVICE HONOLULU HI
245 AM HST WED JUL 26 2017


...................................

...THE LIHUE HI CLIMATE SUMMARY FOR JULY 25 2017...

CLIMATE NORMAL PERIOD 1981 TO 2010
CLIMATE RECORD PERIOD 1946 TO 2017


WEATHER ITEM   OBSERVED TIME   RECORD YEAR NORMAL DEPARTURE LAST
                VALUE   (LST)  VALUE       VALUE  FROM      YEAR
                                                  NORMAL
..................................................................
TEMPERATURE (F)
 YESTERDAY
  MAXIMUM         87    226 PM  88    1982  84      3       87
  MINIMUM         77    101 AM  67    1962  74      3       75
  AVERAGE         82                        79      3       81

PRECIPITATION (IN)
  YESTERDAY        0.01          1.34 1986   0.07  -0.06      T
  MONTH TO DATE    0.85                      1.46  -0.61     1.43
  SINCE JUN 1      1.60                      3.07  -1.47     2.51
  SINCE JAN 1     16.16                     18.91  -2.75     8.95

SNOWFALL (IN)
  YESTERDAY        0.0
  MONTH TO DATE    0.0
  SINCE JUN 1      0.0
  SINCE JUL 1      0.0
  SNOW DEPTH      MM

DEGREE DAYS
 HEATING
  YESTERDAY        0                         0      0        0
  MONTH TO DATE    0                         0      0        0
  SINCE JUN 1      0                         0      0        0
  SINCE JUL 1      0                         0      0        0

 COOLING
  YESTERDAY       17                        14      3       16
  MONTH TO DATE  346                       350     -4      322
  SINCE JUN 1    744                       744      0      667
  SINCE JAN 1   2212                      1983    229     2069
..................................................................


WIND (MPH)
  HIGHEST WIND SPEED    21   HIGHEST WIND DIRECTION     E (70)
  HIGHEST GUST SPEED    24   HIGHEST GUST DIRECTION     E (70)
  AVERAGE WIND SPEED    14.7


SKY COVER
  POSSIBLE SUNSHINE  MM
  AVERAGE SKY COVER  MM


WEATHER CONDITIONS
 THE FOLLOWING WEATHER WAS RECORDED YESTERDAY.
  FOG
  HAZE


RELATIVE HUMIDITY (PERCENT)
 HIGHEST    MM
 LOWEST     MM
 AVERAGE    MM

..........................................................


THE LIHUE HI CLIMATE NORMALS FOR TODAY
                         NORMAL    RECORD    YEAR
 MAXIMUM TEMPERATURE (F)   84        88      1982
                                             1957
 MINIMUM TEMPERATURE (F)   74        67      1961


SUNRISE AND SUNSET
JULY 26 2017..........SUNRISE   608 AM HST   SUNSET   720 PM HST
JULY 27 2017..........SUNRISE   608 AM HST   SUNSET   720 PM HST


-  INDICATES NEGATIVE NUMBERS.
R  INDICATES RECORD WAS SET OR TIED.
MM INDICATES DATA IS MISSING.
T  INDICATES TRACE AMOUNT.




$$
