000
CDHW41 PHFO 301247
CLILIH


CLIMATE REPORT
NATIONAL WEATHER SERVICE
1245 PM UTC THU JUL 30 2015


...................................

...THE LIHUE HI CLIMATE SUMMARY FOR JULY 29 2015...

CLIMATE NORMAL PERIOD 1981 TO 2010
CLIMATE RECORD PERIOD 1946 TO 2015


WEATHER ITEM   OBSERVED TIME   RECORD YEAR NORMAL DEPARTURE LAST
                VALUE   (LST)  VALUE       VALUE  FROM      YEAR
                                                  NORMAL
..................................................................
TEMPERATURE (F)
 YESTERDAY
  MAXIMUM         MM        MM  88    2008  84     MM       86
                                      1982
  MINIMUM         MM        MM  67    1965  75     MM       77
  AVERAGE         MM                        79     MM       82

PRECIPITATION (IN)
  YESTERDAY       MM             1.17 1974   0.07  MM         T
  MONTH TO DATE    0.40                      1.73  -1.33     1.44
  SINCE JUN 1      0.40                      3.34  -2.94     4.57
  SINCE JAN 1      5.67                     19.18 -13.51    20.36

SNOWFALL (IN)
  YESTERDAY       MM
  MONTH TO DATE    0.0
  SINCE JUN 1      0.0
  SINCE JUL 1      0.0
  SNOW DEPTH      MM

DEGREE DAYS
 HEATING
  YESTERDAY       MM                         0     MM        0
  MONTH TO DATE    0                         0      0        0
  SINCE JUN 1      0                         0      0        0
  SINCE JUL 1      0                         0      0        0

 COOLING
  YESTERDAY       MM                        14     MM       17
  MONTH TO DATE  305                       406   -101      430
  SINCE JUN 1    305                       800   -495      810
  SINCE JAN 1   1552                      2039   -487     2031
..................................................................


WIND (MPH)
  HIGHEST WIND SPEED    MM   HIGHEST WIND DIRECTION    MM
  HIGHEST GUST SPEED    MM   HIGHEST GUST DIRECTION    MM
  AVERAGE WIND SPEED    MM


SKY COVER
  POSSIBLE SUNSHINE  MM
  AVERAGE SKY COVER  MM


WEATHER CONDITIONS
 THE FOLLOWING WEATHER WAS RECORDED YESTERDAY.
  NO SIGNIFICANT WEATHER WAS OBSERVED.


RELATIVE HUMIDITY (PERCENT)
 HIGHEST    MM
 LOWEST     MM
 AVERAGE    MM

..........................................................


THE LIHUE HI CLIMATE NORMALS FOR TODAY
                         NORMAL    RECORD    YEAR
 MAXIMUM TEMPERATURE (F)   84        88      1982
 MINIMUM TEMPERATURE (F)   75        67      1965


SUNRISE AND SUNSET
JULY 30 2015..........SUNRISE   609 AM HST   SUNSET   718 PM HST
JULY 31 2015..........SUNRISE   609 AM HST   SUNSET   718 PM HST


-  INDICATES NEGATIVE NUMBERS.
R  INDICATES RECORD WAS SET OR TIED.
MM INDICATES DATA IS MISSING.
T  INDICATES TRACE AMOUNT.




$$
