000
CDHW41 PHFO 260236
CLILIH


CLIMATE REPORT
NATIONAL WEATHER SERVICE HONOLULU HI
436 PM HST SAT OCT 25 2014


...................................

...THE LIHUE HI CLIMATE SUMMARY FOR OCTOBER 25 2014...
VALID TODAY AS OF 0400 PM LOCAL TIME.

CLIMATE NORMAL PERIOD 1981 TO 2010
CLIMATE RECORD PERIOD 1946 TO 2014


WEATHER ITEM   OBSERVED TIME   RECORD YEAR NORMAL DEPARTURE LAST
                VALUE   (LST)  VALUE       VALUE  FROM      YEAR
                                                  NORMAL
..................................................................
TEMPERATURE (F)
 TODAY
  MAXIMUM         84    145 PM  88    1957  83      1       82
  MINIMUM         77    220 PM  63    1965  72      5       71
  AVERAGE         81                        78      3       77

PRECIPITATION (IN)
  TODAY           MM             1.85 2004   0.15  MM        0.04
  MONTH TO DATE    1.81                      2.97  -1.16     7.50
  SINCE SEP 1      3.21                      5.09  -1.88     9.86
  SINCE JAN 1     27.38                     26.54   0.84    27.07

SNOWFALL (IN)
  TODAY            0.0
  MONTH TO DATE    0.0
  SINCE SEP 1      0.0
  SINCE JUL 1      0.0
  SNOW DEPTH       0

DEGREE DAYS
 HEATING
  TODAY            0                         0      0        0
  MONTH TO DATE    0                         0      0        0
  SINCE SEP 1      0                         0      0        0
  SINCE JUL 1      0                         0      0        0

 COOLING
  TODAY           16                        13      3       12
  MONTH TO DATE  392                       336     56      310
  SINCE SEP 1    869                       769    100      770
  SINCE JAN 1   3387                      3295     92     3066
..................................................................


WIND (MPH)
  HIGHEST WIND SPEED    18   HIGHEST WIND DIRECTION    NE (60)
  HIGHEST GUST SPEED    22   HIGHEST GUST DIRECTION    NE (60)
  AVERAGE WIND SPEED    11.1


SKY COVER
  POSSIBLE SUNSHINE  MM
  AVERAGE SKY COVER 0.5


WEATHER CONDITIONS
 THE FOLLOWING WEATHER WAS RECORDED TODAY.
  LIGHT RAIN
  HAZE


RELATIVE HUMIDITY (PERCENT)
 HIGHEST    79          1200 PM
 LOWEST     65          1100 AM
 AVERAGE    72

..........................................................


THE LIHUE HI CLIMATE NORMALS FOR TOMORROW
                         NORMAL    RECORD    YEAR
 MAXIMUM TEMPERATURE (F)   83        90      1957
 MINIMUM TEMPERATURE (F)   72        62      1962


SUNRISE AND SUNSET
OCTOBER 25 2014.......SUNRISE   638 AM HST   SUNSET   605 PM HST
OCTOBER 26 2014.......SUNRISE   638 AM HST   SUNSET   604 PM HST


-  INDICATES NEGATIVE NUMBERS.
R  INDICATES RECORD WAS SET OR TIED.
MM INDICATES DATA IS MISSING.
T  INDICATES TRACE AMOUNT.




$$
