000
CDHW41 PHFO 300250
CLILIH


CLIMATE REPORT
NATIONAL WEATHER SERVICE HONOLULU HI
440 PM HST MON JUN 29 2015


...................................

...THE LIHUE HI CLIMATE SUMMARY FOR JUNE 29 2015...
VALID TODAY AS OF 0400 PM LOCAL TIME.

CLIMATE NORMAL PERIOD 1981 TO 2010
CLIMATE RECORD PERIOD 1946 TO 2015


WEATHER ITEM   OBSERVED TIME   RECORD YEAR NORMAL DEPARTURE LAST
                VALUE   (LST)  VALUE       VALUE  FROM      YEAR
                                                  NORMAL
..................................................................
TEMPERATURE (F)
 TODAY
  MAXIMUM         84    246 PM  88    1981  84      0       83
  MINIMUM         71    634 AM  64    1950  74     -3       71
  AVERAGE         78                        79     -1       77

PRECIPITATION (IN)
  TODAY            0.12          0.55 1974   0.05   0.07      T
  MONTH TO DATE    0.87                      1.55  -0.68     3.13
  SINCE JUN 1      0.87                      1.55  -0.68     3.13
  SINCE JAN 1      6.76                     17.39 -10.63    18.92

SNOWFALL (IN)
  TODAY            0.0
  MONTH TO DATE    0.0
  SINCE JUN 1      0.0
  SINCE JUL 1      0.0
  SNOW DEPTH       0

DEGREE DAYS
 HEATING
  TODAY            0                         0      0        0
  MONTH TO DATE    0                         0      0        0
  SINCE JUN 1      0                         0      0        0
  SINCE JUL 1      0                         0      0        0

 COOLING
  TODAY           13                        14     -1       12
  MONTH TO DATE  396                       381     15      366
  SINCE JUN 1    396                       381     15      366
  SINCE JAN 1   1819                      1620    199     1587
..................................................................


WIND (MPH)
  HIGHEST WIND SPEED    17   HIGHEST WIND DIRECTION     E (100)
  HIGHEST GUST SPEED    20   HIGHEST GUST DIRECTION     E (100)
  AVERAGE WIND SPEED     6.6


SKY COVER
  POSSIBLE SUNSHINE  MM
  AVERAGE SKY COVER 0.7


WEATHER CONDITIONS
 THE FOLLOWING WEATHER WAS RECORDED TODAY.
  LIGHT RAIN
  FOG


RELATIVE HUMIDITY (PERCENT)
 HIGHEST    93           500 AM
 LOWEST     65          1100 AM
 AVERAGE    79

..........................................................


THE LIHUE HI CLIMATE NORMALS FOR TOMORROW
                         NORMAL    RECORD    YEAR
 MAXIMUM TEMPERATURE (F)   84        87      1958
 MINIMUM TEMPERATURE (F)   74        64      1950


SUNRISE AND SUNSET
JUNE 29 2015..........SUNRISE   557 AM HST   SUNSET   725 PM HST
JUNE 30 2015..........SUNRISE   557 AM HST   SUNSET   725 PM HST


-  INDICATES NEGATIVE NUMBERS.
R  INDICATES RECORD WAS SET OR TIED.
MM INDICATES DATA IS MISSING.
T  INDICATES TRACE AMOUNT.




$$
