000
CDUS44 KLZK 242210
CLILIT


CLIMATE REPORT
NATIONAL WEATHER SERVICE LITTLE ROCK AR
410 PM CST MON NOV 24 2014


...................................

...THE LITTLE ROCK ADAMS FIELD CLIMATE SUMMARY FOR NOVEMBER 24 2014...
VALID TODAY AS OF 0400 PM LOCAL TIME.

CLIMATE NORMAL PERIOD 1981 TO 2010
CLIMATE RECORD PERIOD 1874 TO 2014


WEATHER ITEM   OBSERVED TIME   RECORD YEAR NORMAL DEPARTURE LAST
                VALUE   (LST)  VALUE       VALUE  FROM      YEAR
                                                  NORMAL
..................................................................
TEMPERATURE (F)
 TODAY
  MAXIMUM         61    159 PM  80    1973  59      2       34
  MINIMUM         45    705 AM  17    1950  39      6       25
  AVERAGE         53                        49      4       30

PRECIPITATION (IN)
  TODAY            0.00          2.78 2000   0.18  -0.18     0.00
  MONTH TO DATE    2.19                      4.14  -1.95     4.41
  SINCE SEP 1      7.84                     12.23  -4.39    10.93
  SINCE JAN 1     44.97                     43.64   1.33    45.53

SNOWFALL (IN)
  TODAY            0.0           T    1972   0.0    0.0      0.0
                                      1957
                                      1938
  MONTH TO DATE    0.1                       0.0    0.1      0.0
  SINCE SEP 1      0.1                       0.0    0.1      0.0
  SINCE JUL 1      0.1                       0.0    0.1      0.0
  SNOW DEPTH       0

DEGREE DAYS
 HEATING
  TODAY           12                        16     -4       35
  MONTH TO DATE  414                       279    135      312
  SINCE SEP 1    482                       411     71      426
  SINCE JUL 1    482                       411     71      426

 COOLING
  TODAY            0                         0      0        0
  MONTH TO DATE    0                         9     -9        8
  SINCE SEP 1    439                       402     37      496
  SINCE JAN 1   2049                      2203   -154     2202
..................................................................


WIND (MPH)
  HIGHEST WIND SPEED    28   HIGHEST WIND DIRECTION     W (280)
  HIGHEST GUST SPEED    36   HIGHEST GUST DIRECTION     W (280)
  AVERAGE WIND SPEED    16.8


SKY COVER
  POSSIBLE SUNSHINE  MM
  AVERAGE SKY COVER 0.4


WEATHER CONDITIONS
 THE FOLLOWING WEATHER WAS RECORDED TODAY.
  NO SIGNIFICANT WEATHER WAS OBSERVED.


RELATIVE HUMIDITY (PERCENT)
 HIGHEST    72          1200 AM
 LOWEST     20           300 PM
 AVERAGE    46

..........................................................


THE LITTLE ROCK ADAMS FIELD CLIMATE NORMALS FOR TOMORROW
                         NORMAL    RECORD    YEAR
 MAXIMUM TEMPERATURE (F)   59        77      1998
 MINIMUM TEMPERATURE (F)   39        18      1950


SUNRISE AND SUNSET
NOVEMBER 24 2014......SUNRISE   651 AM CST   SUNSET   500 PM CST
NOVEMBER 25 2014......SUNRISE   652 AM CST   SUNSET   459 PM CST


-  INDICATES NEGATIVE NUMBERS.
R  INDICATES RECORD WAS SET OR TIED.
MM INDICATES DATA IS MISSING.
T  INDICATES TRACE AMOUNT.




$$
