000
CDUS44 KLZK 220901
CLILIT


CLIMATE REPORT
NATIONAL WEATHER SERVICE LITTLE ROCK AR
401 AM CDT TUE JUL 22 2014


...................................

...THE LITTLE ROCK ADAMS FIELD CLIMATE SUMMARY FOR JULY 21 2014...

CLIMATE NORMAL PERIOD 1981 TO 2010
CLIMATE RECORD PERIOD 1874 TO 2014


WEATHER ITEM   OBSERVED TIME   RECORD YEAR NORMAL DEPARTURE LAST
                VALUE   (LST)  VALUE       VALUE  FROM      YEAR
                                                  NORMAL
..................................................................
TEMPERATURE (F)
 YESTERDAY
  MAXIMUM         87    159 PM 104    2006  93     -6       95
  MINIMUM         65    345 AM  61    1970  74     -9       73
                                      1888
  AVERAGE         76                        83     -7       84

PRECIPITATION (IN)
  YESTERDAY        0.00          3.55 1936   0.09  -0.09     0.00
  MONTH TO DATE    5.35                      2.29   3.06     0.17
  SINCE JUN 1     10.80                      5.94   4.86     3.40
  SINCE JAN 1     33.23                     27.84   5.39    29.02

SNOWFALL (IN)
  YESTERDAY        0.0          MM      MM   0.0    0.0      0.0
  MONTH TO DATE    0.0                       0.0    0.0      0.0
  SINCE JUN 1      0.0                       0.0    0.0      0.0
  SINCE JUL 1      0.0                       0.0    0.0      0.0
  SNOW DEPTH       0

DEGREE DAYS
 HEATING
  YESTERDAY        0                         0      0        0
  MONTH TO DATE    0                         0      0        0
  SINCE JUN 1      0                         0      0        0
  SINCE JUL 1      0                         0      0        0

 COOLING
  YESTERDAY       11                        18     -7       19
  MONTH TO DATE  262                       371   -109      344
  SINCE JUN 1    692                       796   -104      787
  SINCE JAN 1    959                      1077   -118     1048
..................................................................


WIND (MPH)
  HIGHEST WIND SPEED     8   HIGHEST WIND DIRECTION    SE (150)
  HIGHEST GUST SPEED    20   HIGHEST GUST DIRECTION    NE (60)
  AVERAGE WIND SPEED     1.7


SKY COVER
  POSSIBLE SUNSHINE  MM
  AVERAGE SKY COVER 0.2


WEATHER CONDITIONS
 THE FOLLOWING WEATHER WAS RECORDED YESTERDAY.
  FOG


RELATIVE HUMIDITY (PERCENT)
 HIGHEST    93           300 AM
 LOWEST     45           200 PM
 AVERAGE    69

..........................................................


THE LITTLE ROCK ADAMS FIELD CLIMATE NORMALS FOR TODAY
                         NORMAL    RECORD    YEAR
 MAXIMUM TEMPERATURE (F)   93       105      1943
 MINIMUM TEMPERATURE (F)   74        58      1944


SUNRISE AND SUNSET
JULY 22 2014..........SUNRISE   612 AM CDT   SUNSET   819 PM CDT
JULY 23 2014..........SUNRISE   612 AM CDT   SUNSET   818 PM CDT


-  INDICATES NEGATIVE NUMBERS.
R  INDICATES RECORD WAS SET OR TIED.
MM INDICATES DATA IS MISSING.
T  INDICATES TRACE AMOUNT.




$$
