000
CDUS44 KLZK 221004
CLILIT


CLIMATE REPORT
NATIONAL WEATHER SERVICE LITTLE ROCK AR
403 AM CST SAT NOV 22 2014


...................................

...THE LITTLE ROCK ADAMS FIELD CLIMATE SUMMARY FOR NOVEMBER 21 2014...

CLIMATE NORMAL PERIOD 1981 TO 2010
CLIMATE RECORD PERIOD 1874 TO 2014


WEATHER ITEM   OBSERVED TIME   RECORD YEAR NORMAL DEPARTURE LAST
                VALUE   (LST)  VALUE       VALUE  FROM      YEAR
                                                  NORMAL
..................................................................
TEMPERATURE (F)
 YESTERDAY
  MAXIMUM         49    946 PM  78    1883  61    -12       61
  MINIMUM         42    745 AM  19    1937  40      2       46
  AVERAGE         46                        50     -4       54

PRECIPITATION (IN)
  YESTERDAY        0.31          6.06 2011   0.18   0.13     1.32
  MONTH TO DATE    1.61                      3.60  -1.99     3.26
  SINCE SEP 1      7.26                     11.69  -4.43     9.78
  SINCE JAN 1     44.39                     43.10   1.29    44.38

SNOWFALL (IN)
  YESTERDAY        0.0           2.0  1929   0.0    0.0      0.0
  MONTH TO DATE    0.1                       0.0    0.1      0.0
  SINCE SEP 1      0.1                       0.0    0.1      0.0
  SINCE JUL 1      0.1                       0.0    0.1      0.0
  SNOW DEPTH       0

DEGREE DAYS
 HEATING
  YESTERDAY       19                        15      4       11
  MONTH TO DATE  389                       233    156      240
  SINCE SEP 1    457                       365     92      354
  SINCE JUL 1    457                       365     92      354

 COOLING
  YESTERDAY        0                         0      0        0
  MONTH TO DATE    0                         9     -9        8
  SINCE SEP 1    439                       402     37      496
  SINCE JAN 1   2049                      2203   -154     2202
..................................................................


WIND (MPH)
  HIGHEST WIND SPEED     9   HIGHEST WIND DIRECTION     E (80)
  HIGHEST GUST SPEED    12   HIGHEST GUST DIRECTION    NE (60)
  AVERAGE WIND SPEED     4.9


SKY COVER
  POSSIBLE SUNSHINE  MM
  AVERAGE SKY COVER 1.0


WEATHER CONDITIONS
 THE FOLLOWING WEATHER WAS RECORDED YESTERDAY.
  RAIN
  LIGHT RAIN
  FOG


RELATIVE HUMIDITY (PERCENT)
 HIGHEST    93           700 PM
 LOWEST     53           100 AM
 AVERAGE    73

..........................................................


THE LITTLE ROCK ADAMS FIELD CLIMATE NORMALS FOR TODAY
                         NORMAL    RECORD    YEAR
 MAXIMUM TEMPERATURE (F)   60        77      1999
 MINIMUM TEMPERATURE (F)   40        17      1964


SUNRISE AND SUNSET
NOVEMBER 22 2014......SUNRISE   650 AM CST   SUNSET   500 PM CST
NOVEMBER 23 2014......SUNRISE   651 AM CST   SUNSET   500 PM CST


-  INDICATES NEGATIVE NUMBERS.
R  INDICATES RECORD WAS SET OR TIED.
MM INDICATES DATA IS MISSING.
T  INDICATES TRACE AMOUNT.




$$
