028
CDUS44 KLZK 220637
CLILIT


CLIMATE REPORT
NATIONAL WEATHER SERVICE LITTLE ROCK AR
137 AM CDT SUN OCT 22 2017


...................................

...THE LITTLE ROCK ADAMS FIELD CLIMATE SUMMARY FOR OCTOBER 21 2017...

CLIMATE NORMAL PERIOD 1981 TO 2010
CLIMATE RECORD PERIOD 1874 TO 2017


WEATHER ITEM   OBSERVED TIME   RECORD YEAR NORMAL DEPARTURE LAST
                VALUE   (LST)  VALUE       VALUE  FROM      YEAR
                                                  NORMAL
..................................................................
TEMPERATURE (F)
 YESTERDAY
  MAXIMUM         81    235 PM  90    2003  73      8       68
  MINIMUM         57   1237 AM  32    1952  51      6       48
  AVERAGE         69                        62      7       58

PRECIPITATION (IN)
  YESTERDAY        0.04          2.33 1996   0.17  -0.13     0.00
  MONTH TO DATE    0.50                      3.24  -2.74     1.91
  SINCE SEP 1      0.95                      6.42  -5.47     3.22
  SINCE JAN 1     38.24                     37.83   0.41    49.17

SNOWFALL (IN)
  YESTERDAY        0.0          MM      MM   0.0    0.0      0.0
  MONTH TO DATE    0.0                       0.0    0.0      0.0
  SINCE SEP 1      0.0                       0.0    0.0      0.0
  SINCE JUL 1      0.0                       0.0    0.0      0.0
  SNOW DEPTH       0

DEGREE DAYS
 HEATING
  YESTERDAY        0                         5     -5        7
  MONTH TO DATE   28                        60    -32       21
  SINCE SEP 1     29                        71    -42       21
  SINCE JUL 1     29                        71    -42       21

 COOLING
  YESTERDAY        4                         2      2        0
  MONTH TO DATE  122                        67     55      105
  SINCE SEP 1    426                       379     47      556
  SINCE JAN 1   1994                      2180   -186     2609
..................................................................


WIND (MPH)
  HIGHEST WIND SPEED    18   HIGHEST WIND DIRECTION     S (170)
  HIGHEST GUST SPEED    26   HIGHEST GUST DIRECTION     S (160)
  AVERAGE WIND SPEED     7.7


SKY COVER
  POSSIBLE SUNSHINE  MM
  AVERAGE SKY COVER 0.9


WEATHER CONDITIONS
 THE FOLLOWING WEATHER WAS RECORDED YESTERDAY.
  THUNDERSTORM
  LIGHT RAIN


RELATIVE HUMIDITY (PERCENT)
 HIGHEST   100          1200 AM
 LOWEST     74          1200 PM
 AVERAGE    87

..........................................................


THE LITTLE ROCK ADAMS FIELD CLIMATE NORMALS FOR TODAY
                         NORMAL    RECORD    YEAR
 MAXIMUM TEMPERATURE (F)   73        89      1963
 MINIMUM TEMPERATURE (F)   51        32      1898


SUNRISE AND SUNSET
OCTOBER 22 2017.......SUNRISE   721 AM CDT   SUNSET   625 PM CDT
OCTOBER 23 2017.......SUNRISE   722 AM CDT   SUNSET   624 PM CDT


-  INDICATES NEGATIVE NUMBERS.
R  INDICATES RECORD WAS SET OR TIED.
MM INDICATES DATA IS MISSING.
T  INDICATES TRACE AMOUNT.




$$
