000
CDUS44 KLZK 300644
CLILIT


CLIMATE REPORT
NATIONAL WEATHER SERVICE LITTLE ROCK AR
143 AM CDT SAT JUL 30 2016


...................................

...THE LITTLE ROCK ADAMS FIELD CLIMATE SUMMARY FOR JULY 29 2016...

CLIMATE NORMAL PERIOD 1981 TO 2010
CLIMATE RECORD PERIOD 1874 TO 2016


WEATHER ITEM   OBSERVED TIME   RECORD YEAR NORMAL DEPARTURE LAST
                VALUE   (LST)  VALUE       VALUE  FROM      YEAR
                                                  NORMAL
..................................................................
TEMPERATURE (F)
 YESTERDAY
  MAXIMUM         93    241 PM 108    1930  93      0      101
  MINIMUM         75   1159 PM  62    1994  74      1       79
  AVERAGE         84                        83      1       90

PRECIPITATION (IN)
  YESTERDAY        0.12          3.64 1889   0.10   0.02     0.00
  MONTH TO DATE    7.08                      3.09   3.99     4.76
  SINCE JUN 1      8.91                      6.74   2.17     7.52
  SINCE JAN 1     38.10                     28.64   9.46    37.31

SNOWFALL (IN)
  YESTERDAY        0.0          MM      MM   0.0    0.0      0.0
  MONTH TO DATE    0.0                       0.0    0.0      0.0
  SINCE JUN 1      0.0                       0.0    0.0      0.0
  SINCE JUL 1      0.0                       0.0    0.0      0.0
  SNOW DEPTH       0

DEGREE DAYS
 HEATING
  YESTERDAY        0                         0      0        0
  MONTH TO DATE    0                         0      0        0
  SINCE JUN 1      0                         0      0        0
  SINCE JUL 1      0                         0      0        0

 COOLING
  YESTERDAY       19                        18      1       25
  MONTH TO DATE  615                       515    100      579
  SINCE JUN 1   1155                       940    215     1067
  SINCE JAN 1   1429                      1221    208     1397
..................................................................


WIND (MPH)
  HIGHEST WIND SPEED    30   HIGHEST WIND DIRECTION     W (280)
  HIGHEST GUST SPEED    41   HIGHEST GUST DIRECTION     W (270)
  AVERAGE WIND SPEED     8.2


SKY COVER
  POSSIBLE SUNSHINE  MM
  AVERAGE SKY COVER 0.7


WEATHER CONDITIONS
 THE FOLLOWING WEATHER WAS RECORDED YESTERDAY.
  THUNDERSTORM
  RAIN
  LIGHT RAIN
  FOG


RELATIVE HUMIDITY (PERCENT)
 HIGHEST    87           200 AM
 LOWEST     56          1200 PM
 AVERAGE    72

..........................................................


THE LITTLE ROCK ADAMS FIELD CLIMATE NORMALS FOR TODAY
                         NORMAL    RECORD    YEAR
 MAXIMUM TEMPERATURE (F)   93       111      2012
 MINIMUM TEMPERATURE (F)   74        62      1994
                                             1971
                                             1965


SUNRISE AND SUNSET
JULY 30 2016..........SUNRISE   618 AM CDT   SUNSET   812 PM CDT
JULY 31 2016..........SUNRISE   619 AM CDT   SUNSET   812 PM CDT


-  INDICATES NEGATIVE NUMBERS.
R  INDICATES RECORD WAS SET OR TIED.
MM INDICATES DATA IS MISSING.
T  INDICATES TRACE AMOUNT.




$$
