000
CDUS44 KLZK 212203
CLILIT


CLIMATE REPORT
NATIONAL WEATHER SERVICE LITTLE ROCK AR
402 PM CST SUN JAN 21 2018


...................................

...THE LITTLE ROCK ADAMS FIELD CLIMATE SUMMARY FOR JANUARY 21 2018...
VALID TODAY AS OF 0400 PM LOCAL TIME.

CLIMATE NORMAL PERIOD 1981 TO 2010
CLIMATE RECORD PERIOD 1874 TO 2018


WEATHER ITEM   OBSERVED TIME   RECORD YEAR NORMAL DEPARTURE LAST
                VALUE   (LST)  VALUE       VALUE  FROM      YEAR
                                                  NORMAL
..................................................................
TEMPERATURE (F)
 TODAY
  MAXIMUM         66    325 PM  75    1986  51     15       69
  MINIMUM         59    718 AM   4    1985  31     28       45
  AVERAGE         63                        41     22       57

PRECIPITATION (IN)
  TODAY            T             3.83 1938   0.11  -0.11     0.16
  MONTH TO DATE    1.00                      2.45  -1.45     1.37
  SINCE DEC 1      8.74                      7.42   1.32     5.76
  SINCE JAN 1      1.00                      2.45  -1.45     1.37

SNOWFALL (IN)
  TODAY            0.0           4.0  1918   0.1   -0.1      0.0
  MONTH TO DATE    1.7                       1.1    0.6      0.2
  SINCE DEC 1      1.7                       1.3    0.4      0.2
  SINCE JUL 1      1.7                       1.3    0.4      0.2
  SNOW DEPTH       0

DEGREE DAYS
 HEATING
  TODAY            2                        24    -22        8
  MONTH TO DATE  659                       504    155      405
  SINCE DEC 1   1332                      1187    145     1072
  SINCE JUL 1   1798                      1701     97     1411

 COOLING
  TODAY            0                         0      0        0
  MONTH TO DATE    0                         0      0        0
  SINCE DEC 1      0                         2     -2        2
  SINCE JAN 1      0                         0      0        0
..................................................................


WIND (MPH)
  HIGHEST WIND SPEED    18   HIGHEST WIND DIRECTION     S (180)
  HIGHEST GUST SPEED    24   HIGHEST GUST DIRECTION     S (190)
  AVERAGE WIND SPEED    12.4


SKY COVER
  POSSIBLE SUNSHINE  MM
  AVERAGE SKY COVER 1.0


WEATHER CONDITIONS
 THE FOLLOWING WEATHER WAS RECORDED TODAY.
  LIGHT RAIN
  FOG


RELATIVE HUMIDITY (PERCENT)
 HIGHEST    97           500 AM
 LOWEST     78           100 PM
 AVERAGE    88

..........................................................


THE LITTLE ROCK ADAMS FIELD CLIMATE NORMALS FOR TOMORROW
                         NORMAL    RECORD    YEAR
 MAXIMUM TEMPERATURE (F)   51        75      1982
                                             1943
 MINIMUM TEMPERATURE (F)   31         2      1930


SUNRISE AND SUNSET
JANUARY 21 2018.......SUNRISE   714 AM CST   SUNSET   527 PM CST
JANUARY 22 2018.......SUNRISE   713 AM CST   SUNSET   528 PM CST


-  INDICATES NEGATIVE NUMBERS.
R  INDICATES RECORD WAS SET OR TIED.
MM INDICATES DATA IS MISSING.
T  INDICATES TRACE AMOUNT.




$$
