000
CDUS44 KLZK 270910
CLILIT


CLIMATE REPORT
NATIONAL WEATHER SERVICE LITTLE ROCK AR
410 AM CDT WED AUG 27 2014


...................................

...THE LITTLE ROCK ADAMS FIELD CLIMATE SUMMARY FOR AUGUST 26 2014...

CLIMATE NORMAL PERIOD 1981 TO 2010
CLIMATE RECORD PERIOD 1874 TO 2014


WEATHER ITEM   OBSERVED TIME   RECORD YEAR NORMAL DEPARTURE LAST
                VALUE   (LST)  VALUE       VALUE  FROM      YEAR
                                                  NORMAL
..................................................................
TEMPERATURE (F)
 YESTERDAY
  MAXIMUM         94    247 PM 106    2000  92      2       92
  MINIMUM         76    516 AM  57    1891  71      5       72
  AVERAGE         85                        82      3       82

PRECIPITATION (IN)
  YESTERDAY        0.00          2.00 1900   0.09  -0.09     0.00
  MONTH TO DATE    2.01                      2.14  -0.13     3.56
  SINCE JUN 1     14.70                      9.06   5.64     8.98
  SINCE JAN 1     37.13                     30.96   6.17    34.60

SNOWFALL (IN)
  YESTERDAY        0.0          MM      MM   0.0    0.0      0.0
  MONTH TO DATE    0.0                       0.0    0.0      0.0
  SINCE JUN 1      0.0                       0.0    0.0      0.0
  SINCE JUL 1      0.0                       0.0    0.0      0.0
  SNOW DEPTH       0

DEGREE DAYS
 HEATING
  YESTERDAY        0                         0      0        0
  MONTH TO DATE    0                         0      0        0
  SINCE JUN 1      0                         0      0        0
  SINCE JUL 1      0                         0      0        0

 COOLING
  YESTERDAY       20                        17      3       17
  MONTH TO DATE  433                       461    -28      411
  SINCE JUN 1   1259                      1439   -180     1347
  SINCE JAN 1   1526                      1720   -194     1608
..................................................................


WIND (MPH)
  HIGHEST WIND SPEED    13   HIGHEST WIND DIRECTION     E (110)
  HIGHEST GUST SPEED    24   HIGHEST GUST DIRECTION    SW (210)
  AVERAGE WIND SPEED     2.9


SKY COVER
  POSSIBLE SUNSHINE  MM
  AVERAGE SKY COVER 0.4


WEATHER CONDITIONS
 THE FOLLOWING WEATHER WAS RECORDED YESTERDAY.
  FOG


RELATIVE HUMIDITY (PERCENT)
 HIGHEST    91          1200 AM
 LOWEST     49           100 PM
 AVERAGE    70

..........................................................


THE LITTLE ROCK ADAMS FIELD CLIMATE NORMALS FOR TODAY
                         NORMAL    RECORD    YEAR
 MAXIMUM TEMPERATURE (F)   92       105      2000
                                             1943
 MINIMUM TEMPERATURE (F)   71        57      1967


SUNRISE AND SUNSET
AUGUST 27 2014........SUNRISE   638 AM CDT   SUNSET   742 PM CDT
AUGUST 28 2014........SUNRISE   639 AM CDT   SUNSET   741 PM CDT


-  INDICATES NEGATIVE NUMBERS.
R  INDICATES RECORD WAS SET OR TIED.
MM INDICATES DATA IS MISSING.
T  INDICATES TRACE AMOUNT.




$$
