000
CDUS44 KLZK 211003
CLILIT


CLIMATE REPORT
NATIONAL WEATHER SERVICE LITTLE ROCK AR
402 AM CST SUN DEC 21 2014


...................................

...THE LITTLE ROCK ADAMS FIELD CLIMATE SUMMARY FOR DECEMBER 20 2014...

CLIMATE NORMAL PERIOD 1981 TO 2010
CLIMATE RECORD PERIOD 1874 TO 2014


WEATHER ITEM   OBSERVED TIME   RECORD YEAR NORMAL DEPARTURE LAST
                VALUE   (LST)  VALUE       VALUE  FROM      YEAR
                                                  NORMAL
..................................................................
TEMPERATURE (F)
 YESTERDAY
  MAXIMUM         50    310 PM  76    1967  51     -1       72
  MINIMUM         37   1159 PM   8    1901  33      4       63
  AVERAGE         44                        42      2       68

PRECIPITATION (IN)
  YESTERDAY        T             2.98 1926   0.15  -0.15     1.55
  MONTH TO DATE    1.92                      3.36  -1.44     3.77
  SINCE DEC 1      1.92                      3.36  -1.44     3.77
  SINCE JAN 1     46.89                     48.14  -1.25    49.61

SNOWFALL (IN)
  YESTERDAY        0.0           0.2  1892   0.0    0.0      0.0
  MONTH TO DATE    0.0                       0.0    0.0      1.2
  SINCE DEC 1      0.0                       0.0    0.0      1.2
  SINCE JUL 1      0.1                       T      0.1      1.2
  SNOW DEPTH       0

DEGREE DAYS
 HEATING
  YESTERDAY       21                        23     -2        0
  MONTH TO DATE  364                       421    -57      420
  SINCE DEC 1    364                       421    -57      420
  SINCE JUL 1    935                       935      0     1004

 COOLING
  YESTERDAY        0                         0      0        3
  MONTH TO DATE    0                         0      0        5
  SINCE DEC 1      0                         0      0        5
  SINCE JAN 1   2050                      2204   -154     2207
..................................................................


WIND (MPH)
  HIGHEST WIND SPEED     8   HIGHEST WIND DIRECTION    NE (40)
  HIGHEST GUST SPEED     9   HIGHEST GUST DIRECTION    SE (140)
  AVERAGE WIND SPEED     2.7


SKY COVER
  POSSIBLE SUNSHINE  MM
  AVERAGE SKY COVER 0.8


WEATHER CONDITIONS
 THE FOLLOWING WEATHER WAS RECORDED YESTERDAY.
  FOG


RELATIVE HUMIDITY (PERCENT)
 HIGHEST    85           900 PM
 LOWEST     52           300 PM
 AVERAGE    69

..........................................................


THE LITTLE ROCK ADAMS FIELD CLIMATE NORMALS FOR TODAY
                         NORMAL    RECORD    YEAR
 MAXIMUM TEMPERATURE (F)   51        74      2010
                                             1889
 MINIMUM TEMPERATURE (F)   33         6      1989


SUNRISE AND SUNSET
DECEMBER 21 2014......SUNRISE   712 AM CST   SUNSET   502 PM CST
DECEMBER 22 2014......SUNRISE   713 AM CST   SUNSET   502 PM CST


-  INDICATES NEGATIVE NUMBERS.
R  INDICATES RECORD WAS SET OR TIED.
MM INDICATES DATA IS MISSING.
T  INDICATES TRACE AMOUNT.




$$
