000
CDUS44 KLZK 282059
CLILIT


CLIMATE REPORT
NATIONAL WEATHER SERVICE LITTLE ROCK AR
359 PM CDT FRI APR 28 2017


...................................

...THE LITTLE ROCK ADAMS FIELD CLIMATE SUMMARY FOR APRIL 28 2017...
VALID TODAY AS OF 0300 PM LOCAL TIME.

CLIMATE NORMAL PERIOD 1981 TO 2010
CLIMATE RECORD PERIOD 1874 TO 2017


WEATHER ITEM   OBSERVED TIME   RECORD YEAR NORMAL DEPARTURE LAST
                VALUE   (LST)  VALUE       VALUE  FROM      YEAR
                                                  NORMAL
..................................................................
TEMPERATURE (F)
 TODAY
  MAXIMUM         82    252 PM  90    1989  76      6       84
                                      1887
  MINIMUM         54    103 AM  41    1992  55     -1       57
  AVERAGE         68                        66      2       71

PRECIPITATION (IN)
  TODAY            0.00          1.75 1958   0.17  -0.17     0.00
  MONTH TO DATE    4.99                      4.79   0.20     2.14
  SINCE MAR 1      8.86                      9.47  -0.61    14.47
  SINCE JAN 1     13.86                     16.68  -2.82    20.16

SNOWFALL (IN)
  TODAY            0.0          MM      MM   0.0    0.0      0.0
  MONTH TO DATE    0.0                       0.0    0.0      0.0
  SINCE MAR 1      0.0                       0.4   -0.4      0.0
  SINCE JUL 1      0.2                       3.5   -3.3      5.7
  SNOW DEPTH       0

DEGREE DAYS
 HEATING
  TODAY            0                         2     -2        0
  MONTH TO DATE   71                       141    -70       70
  SINCE MAR 1    351                       516   -165      294
  SINCE JUL 1   2265                      3029   -764     2183

 COOLING
  TODAY            3                         3      0        6
  MONTH TO DATE   63                        50     13       59
  SINCE MAR 1     84                        64     20       80
  SINCE JAN 1     96                        66     30       86
..................................................................


WIND (MPH)
  HIGHEST WIND SPEED    21   HIGHEST WIND DIRECTION     S (190)
  HIGHEST GUST SPEED    28   HIGHEST GUST DIRECTION     S (190)
  AVERAGE WIND SPEED     8.7


SKY COVER
  POSSIBLE SUNSHINE  MM
  AVERAGE SKY COVER 0.9


WEATHER CONDITIONS
 THE FOLLOWING WEATHER WAS RECORDED TODAY.
  NO SIGNIFICANT WEATHER WAS OBSERVED.


RELATIVE HUMIDITY (PERCENT)
 HIGHEST   100          1200 AM
 LOWEST     74           200 PM
 AVERAGE    87

..........................................................


THE LITTLE ROCK ADAMS FIELD CLIMATE NORMALS FOR TOMORROW
                         NORMAL    RECORD    YEAR
 MAXIMUM TEMPERATURE (F)   77        90      1990
 MINIMUM TEMPERATURE (F)   55        38      1965


SUNRISE AND SUNSET
APRIL 28 2017.........SUNRISE   621 AM CDT   SUNSET   752 PM CDT
APRIL 29 2017.........SUNRISE   620 AM CDT   SUNSET   753 PM CDT


-  INDICATES NEGATIVE NUMBERS.
R  INDICATES RECORD WAS SET OR TIED.
MM INDICATES DATA IS MISSING.
T  INDICATES TRACE AMOUNT.




$$
