000
CDUS45 KPIH 282327
CLILLJ


CLIMATE REPORT
NATIONAL WEATHER SERVICE POCATELLO ID
523 PM MDT SAT MAR 28 2015


...................................

...THE CHALLIS ID CLIMATE SUMMARY FOR MARCH 28 2015...
VALID TODAY AS OF 0500 PM LOCAL TIME.

CLIMATE NORMAL PERIOD 1981 TO 2010
CLIMATE RECORD PERIOD 1898 TO 2015


WEATHER ITEM   OBSERVED TIME   RECORD YEAR NORMAL DEPARTURE LAST
                VALUE   (LST)  VALUE       VALUE  FROM      YEAR
                                                  NORMAL
..................................................................
TEMPERATURE (F)
 TODAY
  MAXIMUM         57    354 PM  72    1986  53      4       54
  MINIMUM         36    423 AM   3    1975  27      9       23
  AVERAGE         47                        40      7       39

PRECIPITATION (IN)
  TODAY            T             0.24 1960   0.02  -0.02     0.00
  MONTH TO DATE    0.18                      0.63  -0.45     0.56
  SINCE OCT 1      2.55                      3.69  -1.14     2.38
  SINCE JAN 1      0.76                      1.76  -1.00     1.65

SNOWFALL (IN)
  TODAY           MM
  MONTH TO DATE   MM
  SINCE MAR 1     MM
  SINCE JUL 1     MM
  SNOW DEPTH      MM

DEGREE DAYS
 HEATING
  TODAY           18                        25     -7       26
  MONTH TO DATE  649                       821   -172      772
  SINCE MAR 1    649                       821   -172      772
  SINCE JUL 1   5787                      6870  -1083     6521

 COOLING
  TODAY            0                         0      0        0
  MONTH TO DATE    0                         0      0        0
  SINCE MAR 1      0                         0      0        0
  SINCE JAN 1      0                         0      0        0
..................................................................


WIND (MPH)
  HIGHEST WIND SPEED    29   HIGHEST WIND DIRECTION    NW (310)
  HIGHEST GUST SPEED    42   HIGHEST GUST DIRECTION     W (270)
  AVERAGE WIND SPEED     8.4


SKY COVER
  POSSIBLE SUNSHINE  MM
  AVERAGE SKY COVER 0.2


WEATHER CONDITIONS
 THE FOLLOWING WEATHER WAS RECORDED TODAY.
  LIGHT RAIN


RELATIVE HUMIDITY (PERCENT)
 HIGHEST    70           400 AM
 LOWEST     16           400 PM
 AVERAGE    43

..........................................................


THE CHALLIS ID CLIMATE NORMALS FOR TOMORROW
                         NORMAL    RECORD    YEAR
 MAXIMUM TEMPERATURE (F)   53        72      1966
 MINIMUM TEMPERATURE (F)   27         5      1987


SUNRISE AND SUNSET
MARCH 28 2015.........SUNRISE   726 AM MDT   SUNSET   759 PM MDT
MARCH 29 2015.........SUNRISE   724 AM MDT   SUNSET   800 PM MDT


-  INDICATES NEGATIVE NUMBERS.
R  INDICATES RECORD WAS SET OR TIED.
MM INDICATES DATA IS MISSING.
T  INDICATES TRACE AMOUNT.




$$
