000
CDUS45 KPIH 302322
CLILLJ


CLIMATE REPORT
NATIONAL WEATHER SERVICE POCATELLO ID
520 PM MDT TUE AUG 30 2016


...................................

...THE CHALLIS ID CLIMATE SUMMARY FOR AUGUST 30 2016...
VALID TODAY AS OF 0500 PM LOCAL TIME.

CLIMATE NORMAL PERIOD 1981 TO 2010
CLIMATE RECORD PERIOD 1898 TO 2016


WEATHER ITEM   OBSERVED TIME   RECORD YEAR NORMAL DEPARTURE LAST
                VALUE   (LST)  VALUE       VALUE  FROM      YEAR
                                                  NORMAL
..................................................................
TEMPERATURE (F)
 TODAY
  MAXIMUM         91    359 PM  92    1955  80     11       79
  MINIMUM         51    509 AM  20    1927  44      7       50
  AVERAGE         71                        62      9       65

PRECIPITATION (IN)
  TODAY            0.00          0.31 1946   0.03  -0.03     0.04
  MONTH TO DATE    0.18                      0.77  -0.59     0.50
  SINCE OCT 1      5.82                      9.30  -3.48     5.78
  SINCE JAN 1      3.48                      7.37  -3.89     3.99

SNOWFALL (IN)
  TODAY           MM
  MONTH TO DATE   MM
  SINCE JUN 1     MM
  SINCE JUL 1     MM
  SNOW DEPTH      MM

DEGREE DAYS
 HEATING
  TODAY            0                         4     -4        0
  MONTH TO DATE   34                        48    -14       27
  SINCE JUN 1    135                       234    -99      107
  SINCE JUL 1     62                        69     -7       60

 COOLING
  TODAY            6                         1      5        0
  MONTH TO DATE   78                        84     -6      105
  SINCE JUN 1    270                       238     32      304
  SINCE JAN 1    270                       240     30      307
..................................................................


WIND (MPH)
  HIGHEST WIND SPEED    18   HIGHEST WIND DIRECTION     S (200)
  HIGHEST GUST SPEED    23   HIGHEST GUST DIRECTION     S (190)
  AVERAGE WIND SPEED     2.5


SKY COVER
  POSSIBLE SUNSHINE  MM
  AVERAGE SKY COVER 0.0


WEATHER CONDITIONS
 THE FOLLOWING WEATHER WAS RECORDED TODAY.
  NO SIGNIFICANT WEATHER WAS OBSERVED.


RELATIVE HUMIDITY (PERCENT)
 HIGHEST    46           500 AM
 LOWEST      7           400 PM
 AVERAGE    27

..........................................................


THE CHALLIS ID CLIMATE NORMALS FOR TOMORROW
                         NORMAL    RECORD    YEAR
 MAXIMUM TEMPERATURE (F)   80        93      1955
 MINIMUM TEMPERATURE (F)   43        28      1932


SUNRISE AND SUNSET
AUGUST 30 2016........SUNRISE   658 AM MDT   SUNSET   816 PM MDT
AUGUST 31 2016........SUNRISE   659 AM MDT   SUNSET   814 PM MDT


-  INDICATES NEGATIVE NUMBERS.
R  INDICATES RECORD WAS SET OR TIED.
MM INDICATES DATA IS MISSING.
T  INDICATES TRACE AMOUNT.




$$
