000
CDUS45 KPIH 240736
CLILLJ


CLIMATE REPORT
NATIONAL WEATHER SERVICE POCATELLO ID
136 AM MDT SUN SEP 24 2017


...................................

...THE CHALLIS ID CLIMATE SUMMARY FOR SEPTEMBER 23 2017...

CLIMATE NORMAL PERIOD 1981 TO 2010
CLIMATE RECORD PERIOD 1898 TO 2017


WEATHER ITEM   OBSERVED TIME   RECORD YEAR NORMAL DEPARTURE LAST
                VALUE   (LST)  VALUE       VALUE  FROM      YEAR
                                                  NORMAL
..................................................................
TEMPERATURE (F)
 YESTERDAY
  MAXIMUM         49    314 PM  90    1966  70    -21       56
  MINIMUM         33    413 AM  18    1926  37     -4       42
  AVERAGE         41                        53    -12       49

PRECIPITATION (IN)
  YESTERDAY        0.00          0.78 1917   0.02  -0.02     0.01
  MONTH TO DATE    1.00                      0.61   0.39     0.39
  SINCE OCT 1     10.42                      9.93   0.49     6.21
  SINCE JAN 1      7.01                      8.00  -0.99     3.87

SNOWFALL (IN)
  YESTERDAY       MM
  MONTH TO DATE   MM
  SINCE SEP 1     MM
  SINCE JUL 1     MM
  SNOW DEPTH      MM

DEGREE DAYS
 HEATING
  YESTERDAY       24                        12     12       16
  MONTH TO DATE  187                       184      3      217
  SINCE SEP 1    187                       184      3      217
  SINCE JUL 1    191                       257    -66      279

 COOLING
  YESTERDAY        0                         0      0        0
  MONTH TO DATE   37                         4     33        4
  SINCE SEP 1     37                         4     33        4
  SINCE JAN 1    378                       246    132      277
..................................................................


WIND (MPH)
  HIGHEST WIND SPEED    14   HIGHEST WIND DIRECTION    NW (310)
  HIGHEST GUST SPEED    16   HIGHEST GUST DIRECTION    NW (310)
  AVERAGE WIND SPEED     3.3


SKY COVER
  POSSIBLE SUNSHINE  MM
  AVERAGE SKY COVER 0.8


WEATHER CONDITIONS
 THE FOLLOWING WEATHER WAS RECORDED YESTERDAY.
  NO SIGNIFICANT WEATHER WAS OBSERVED.


RELATIVE HUMIDITY (PERCENT)
 HIGHEST   100           400 AM
 LOWEST     46           300 PM
 AVERAGE    73

..........................................................


THE CHALLIS ID CLIMATE NORMALS FOR TODAY
                         NORMAL    RECORD    YEAR
 MAXIMUM TEMPERATURE (F)   69        90      1966
 MINIMUM TEMPERATURE (F)   36        17      1926


SUNRISE AND SUNSET
SEPTEMBER 24 2017.....SUNRISE   727 AM MDT   SUNSET   730 PM MDT
SEPTEMBER 25 2017.....SUNRISE   728 AM MDT   SUNSET   728 PM MDT


-  INDICATES NEGATIVE NUMBERS.
R  INDICATES RECORD WAS SET OR TIED.
MM INDICATES DATA IS MISSING.
T  INDICATES TRACE AMOUNT.




$$
