000
CDUS45 KPIH 280740
CLILLJ


CLIMATE REPORT
NATIONAL WEATHER SERVICE POCATELLO ID
1235 AM MST WED JAN 28 2015


...................................

...THE CHALLIS ID CLIMATE SUMMARY FOR JANUARY 27 2015...

CLIMATE NORMAL PERIOD 1981 TO 2010
CLIMATE RECORD PERIOD 1898 TO 2015


WEATHER ITEM   OBSERVED TIME   RECORD YEAR NORMAL DEPARTURE LAST
                VALUE   (LST)  VALUE       VALUE  FROM      YEAR
                                                  NORMAL
..................................................................
TEMPERATURE (F)
 YESTERDAY
  MAXIMUM         39    338 PM  54    1987  31      8       41
  MINIMUM         23    844 AM -26    1957  10     13       15
  AVERAGE         31                        20     11       28

PRECIPITATION (IN)
  YESTERDAY        T             0.22 2003   0.01  -0.01     0.00
  MONTH TO DATE    0.11                      0.46  -0.35     0.15
  SINCE OCT 1      1.90                      2.39  -0.49     0.88
  SINCE JAN 1      0.11                      0.46  -0.35     0.15

SNOWFALL (IN)
  YESTERDAY       MM
  MONTH TO DATE   MM
  SINCE DEC 1     MM
  SINCE JUL 1     MM
  SNOW DEPTH      MM

DEGREE DAYS
 HEATING
  YESTERDAY       34                        45    -11       37
  MONTH TO DATE 1087                      1249   -162     1049
  SINCE DEC 1   2329                      2702   -373     2579
  SINCE JUL 1   4163                      4745   -582     4505

 COOLING
  YESTERDAY        0                         0      0        0
  MONTH TO DATE    0                         0      0        0
  SINCE DEC 1      0                         0      0        0
  SINCE JAN 1      0                         0      0        0
..................................................................


WIND (MPH)
  HIGHEST WIND SPEED     6   HIGHEST WIND DIRECTION     S (180)
  HIGHEST GUST SPEED     7   HIGHEST GUST DIRECTION     S (160)
  AVERAGE WIND SPEED     1.2


SKY COVER
  POSSIBLE SUNSHINE  MM
  AVERAGE SKY COVER 0.3


WEATHER CONDITIONS
 THE FOLLOWING WEATHER WAS RECORDED YESTERDAY.
  LIGHT RAIN


RELATIVE HUMIDITY (PERCENT)
 HIGHEST   100           200 AM
 LOWEST     70           200 PM
 AVERAGE    85

..........................................................


THE CHALLIS ID CLIMATE NORMALS FOR TODAY
                         NORMAL    RECORD    YEAR
 MAXIMUM TEMPERATURE (F)   31        55      1987
 MINIMUM TEMPERATURE (F)   10       -19      1980


SUNRISE AND SUNSET
JANUARY 28 2015.......SUNRISE   800 AM MST   SUNSET   540 PM MST
JANUARY 29 2015.......SUNRISE   759 AM MST   SUNSET   542 PM MST


-  INDICATES NEGATIVE NUMBERS.
R  INDICATES RECORD WAS SET OR TIED.
MM INDICATES DATA IS MISSING.
T  INDICATES TRACE AMOUNT.




$$
