000
CDUS45 KPIH 230734
CLILLJ


CLIMATE REPORT
NATIONAL WEATHER SERVICE POCATELLO ID
1233 AM MST THU NOV 23 2017


...................................

...THE CHALLIS ID CLIMATE SUMMARY FOR NOVEMBER 22 2017...

CLIMATE NORMAL PERIOD 1981 TO 2010
CLIMATE RECORD PERIOD 1898 TO 2017


WEATHER ITEM   OBSERVED TIME   RECORD YEAR NORMAL DEPARTURE LAST
                VALUE   (LST)  VALUE       VALUE  FROM      YEAR
                                                  NORMAL
..................................................................
TEMPERATURE (F)
 YESTERDAY
  MAXIMUM         58R   343 PM  58    1954  36     22       44
  MINIMUM         36    602 AM -14    1931  17     19       21
  AVERAGE         47                        26     21       33

PRECIPITATION (IN)
  YESTERDAY        0.00          0.22 1962   0.02  -0.02     0.00
  MONTH TO DATE    0.35                      0.39  -0.04     0.08
  SINCE OCT 1      0.63                      1.06  -0.43     1.96
  SINCE JAN 1      7.71                      9.19  -1.48     5.94

SNOWFALL (IN)
  YESTERDAY       MM
  MONTH TO DATE   MM
  SINCE SEP 1     MM
  SINCE JUL 1     MM
  SNOW DEPTH      MM

DEGREE DAYS
 HEATING
  YESTERDAY       18                        38    -20       32
  MONTH TO DATE  636                       720    -84      579
  SINCE SEP 1   1663                      1641     22     1442
  SINCE JUL 1   1667                      1714    -47     1504

 COOLING
  YESTERDAY        0                         0      0        0
  MONTH TO DATE    0                         0      0        0
  SINCE SEP 1     37                         6     31        4
  SINCE JAN 1    378                       248    130      277
..................................................................


WIND (MPH)
  HIGHEST WIND SPEED     6   HIGHEST WIND DIRECTION    NW (310)
  HIGHEST GUST SPEED     7   HIGHEST GUST DIRECTION    NE (30)
  AVERAGE WIND SPEED     0.9


SKY COVER
  POSSIBLE SUNSHINE  MM
  AVERAGE SKY COVER 0.6


WEATHER CONDITIONS
 THE FOLLOWING WEATHER WAS RECORDED YESTERDAY.
  NO SIGNIFICANT WEATHER WAS OBSERVED.


RELATIVE HUMIDITY (PERCENT)
 HIGHEST    92           500 AM
 LOWEST     57           300 PM
 AVERAGE    75

..........................................................


THE CHALLIS ID CLIMATE NORMALS FOR TODAY
                         NORMAL    RECORD    YEAR
 MAXIMUM TEMPERATURE (F)   35        62      1933
 MINIMUM TEMPERATURE (F)   17       -12      1985


SUNRISE AND SUNSET
NOVEMBER 23 2017......SUNRISE   744 AM MST   SUNSET   502 PM MST
NOVEMBER 24 2017......SUNRISE   745 AM MST   SUNSET   502 PM MST


-  INDICATES NEGATIVE NUMBERS.
R  INDICATES RECORD WAS SET OR TIED.
MM INDICATES DATA IS MISSING.
T  INDICATES TRACE AMOUNT.




$$
