000
CDUS46 KMFR 250040
CLILMT


CLIMATE REPORT
NATIONAL WEATHER SERVICE MEDFORD, OR
540 PM PDT FRI OCT 24 2014


...................................

...THE KLAMATH FALLS OR CLIMATE SUMMARY FOR OCTOBER 24 2014...
VALID TODAY AS OF 0500 PM LOCAL TIME.

CLIMATE NORMAL PERIOD 1981 TO 2010
CLIMATE RECORD PERIOD 1928 TO 2014


WEATHER ITEM   OBSERVED TIME   RECORD YEAR NORMAL DEPARTURE LAST
                VALUE   (LST)  VALUE       VALUE  FROM      YEAR
                                                  NORMAL
..................................................................
TEMPERATURE (F)
 TODAY
  MAXIMUM         63    201 PM  77    1959  58      5       72
  MINIMUM         43    635 AM  15    2001  29     14       24
  AVERAGE         53                        44      9       48

PRECIPITATION (IN)
  TODAY            0.16          0.80 1940   0.06   0.10     0.00
  MONTH TO DATE    1.50                      0.60   0.90     0.01
  SINCE SEP 1      2.45                      1.13   1.32     0.12
  SINCE JAN 1      9.96                     10.87  -0.91     4.91

SNOWFALL (IN)
  TODAY           MM                        MM     MM       MM
  MONTH TO DATE   MM                        MM     MM       MM
  SINCE JUL 1     MM                        MM     MM       MM
  SNOW DEPTH      MM

DEGREE DAYS
 HEATING
  TODAY           12                        21     -9       17
  MONTH TO DATE  308                       401    -93      475
  SINCE SEP 1    436                       638   -202      731
  SINCE JUL 1    484                       757   -273      799

 COOLING
  TODAY            0                         0      0        0
  MONTH TO DATE    0                         0      0        0
  SINCE SEP 1      6                        10     -4       17
  SINCE JAN 1    327                       169    158      285
..................................................................


WIND (MPH)
  HIGHEST WIND SPEED    31   HIGHEST WIND DIRECTION     S (180)
  HIGHEST GUST SPEED    39   HIGHEST GUST DIRECTION     S (180)
  AVERAGE WIND SPEED    10.4


SKY COVER
  POSSIBLE SUNSHINE  MM
  AVERAGE SKY COVER 0.6


WEATHER CONDITIONS
 THE FOLLOWING WEATHER WAS RECORDED TODAY.
  LIGHT RAIN
  FOG


RELATIVE HUMIDITY (PERCENT)
 HIGHEST   100           300 AM
 LOWEST     42           400 PM

..........................................................


THE KLAMATH FALLS OR CLIMATE NORMALS FOR TOMORROW
                         NORMAL    RECORD    YEAR
 MAXIMUM TEMPERATURE (F)   58        77      1988
 MINIMUM TEMPERATURE (F)   29        18      2006


SUNRISE AND SUNSET
OCTOBER 24 2014.......SUNRISE   730 AM PDT   SUNSET   611 PM PDT
OCTOBER 25 2014.......SUNRISE   731 AM PDT   SUNSET   610 PM PDT


-  INDICATES NEGATIVE NUMBERS.
R  INDICATES RECORD WAS SET OR TIED.
MM INDICATES DATA IS MISSING.
T  INDICATES TRACE AMOUNT.




$$
