260
CDUS46 KMFR 280835
CLILMT


CLIMATE REPORT
NATIONAL WEATHER SERVICE MEDFORD, OR
135 AM PDT THU JUL 28 2016


...................................

...THE KLAMATH FALLS OR CLIMATE SUMMARY FOR JULY 27 2016...

CLIMATE NORMAL PERIOD 1981 TO 2010
CLIMATE RECORD PERIOD 1928 TO 2016


WEATHER ITEM   OBSERVED TIME   RECORD YEAR NORMAL DEPARTURE LAST
                VALUE   (LST)  VALUE       VALUE  FROM      YEAR
                                                  NORMAL
..................................................................
TEMPERATURE (F)
 YESTERDAY
  MAXIMUM         95    419 PM  96    1998  86      9       76
  MINIMUM         52    515 AM  40    2015  49      3       40
                                      1987
  AVERAGE         74                        67      7       58

PRECIPITATION (IN)
  YESTERDAY        0.00          0.33 1947   0.01  -0.01     0.00
  MONTH TO DATE    0.42                      0.45  -0.03     0.52
  SINCE OCT 1     11.64                     13.97  -2.33    12.40
  SINCE JAN 1      7.11                      9.28  -2.17     5.94

SNOWFALL (IN)
  YESTERDAY       MM                        MM     MM       MM
  MONTH TO DATE   MM                        MM     MM       MM
  SINCE JUL 1     MM                        MM     MM       MM
  SNOW DEPTH      MM

DEGREE DAYS
 HEATING
  YESTERDAY        0                         1     -1        7
  MONTH TO DATE   72                        43     29       18
  SINCE JUN 1    240                       260    -20       70
  SINCE JUL 1     72                        43     29       18

 COOLING
  YESTERDAY        9                         3      6        0
  MONTH TO DATE   40                        66    -26      103
  SINCE JUN 1     89                        77     12      194
  SINCE JAN 1     89                        78     11      197
..................................................................


WIND (MPH)
  HIGHEST WIND SPEED    22   HIGHEST WIND DIRECTION    NW (330)
  HIGHEST GUST SPEED    26   HIGHEST GUST DIRECTION     N (340)
  AVERAGE WIND SPEED     5.3


SKY COVER
  POSSIBLE SUNSHINE  MM
  AVERAGE SKY COVER 0.0


WEATHER CONDITIONS
 THE FOLLOWING WEATHER WAS RECORDED YESTERDAY.
  NO SIGNIFICANT WEATHER WAS OBSERVED.


RELATIVE HUMIDITY (PERCENT)
 HIGHEST    93           500 AM
 LOWEST     15           400 PM

..........................................................


THE KLAMATH FALLS OR CLIMATE NORMALS FOR TODAY
                         NORMAL    RECORD    YEAR
 MAXIMUM TEMPERATURE (F)   86        97      1968
 MINIMUM TEMPERATURE (F)   49        40      2001


SUNRISE AND SUNSET
JULY 28 2016..........SUNRISE   557 AM PDT   SUNSET   830 PM PDT
JULY 29 2016..........SUNRISE   558 AM PDT   SUNSET   828 PM PDT


-  INDICATES NEGATIVE NUMBERS.
R  INDICATES RECORD WAS SET OR TIED.
MM INDICATES DATA IS MISSING.
T  INDICATES TRACE AMOUNT.




$$
