000
CDUS46 KMFR 210837
CLILMT


CLIMATE REPORT
NATIONAL WEATHER SERVICE MEDFORD, OR
137 AM PDT MON APR 21 2014


...................................

...THE KLAMATH FALLS OR CLIMATE SUMMARY FOR APRIL 20 2014...

CLIMATE NORMAL PERIOD 1981 TO 2010
CLIMATE RECORD PERIOD 1928 TO 2014


WEATHER ITEM   OBSERVED TIME   RECORD YEAR NORMAL DEPARTURE LAST
                VALUE   (LST)  VALUE       VALUE  FROM      YEAR
                                                  NORMAL
..................................................................
TEMPERATURE (F)
 YESTERDAY
  MAXIMUM         68    308 PM  81    2009  58     10       63
  MINIMUM         24    551 AM  15    1970  31     -7       22
  AVERAGE         46                        44      2       43

PRECIPITATION (IN)
  YESTERDAY        0.00          0.46 2011   0.05  -0.05     0.00
  MONTH TO DATE    0.08                      0.80  -0.72     1.05
  SINCE SEP 1      5.41                     11.06  -5.65     6.19
  SINCE JAN 1      4.67                      5.84  -1.17     2.53

SNOWFALL (IN)
  YESTERDAY       MM                        MM     MM       MM
  MONTH TO DATE   MM                        MM     MM       MM
  SINCE JUL 1      0.0                      MM     MM       MM
  SNOW DEPTH      MM

DEGREE DAYS
 HEATING
  YESTERDAY       19                        21     -2       22
  MONTH TO DATE  380                       464    -84      459
  SINCE MAR 1   1094                      1285   -191     1210
  SINCE JUL 1   5877                      6126   -249     5901

 COOLING
  YESTERDAY        0                         0      0        0
  MONTH TO DATE    0                         0      0        0
  SINCE MAR 1      0                         0      0        0
  SINCE JAN 1      0                         0      0        0
..................................................................


WIND (MPH)
  HIGHEST WIND SPEED     9   HIGHEST WIND DIRECTION     S (160)
  HIGHEST GUST SPEED    13   HIGHEST GUST DIRECTION    SE (150)
  AVERAGE WIND SPEED     1.7


SKY COVER
  POSSIBLE SUNSHINE  MM
  AVERAGE SKY COVER 0.1


WEATHER CONDITIONS
 THE FOLLOWING WEATHER WAS RECORDED YESTERDAY.
  FOG
  FOG W/VISIBILITY <= 1/4 MILE


RELATIVE HUMIDITY (PERCENT)
 HIGHEST    92           400 AM
 LOWEST     18           300 PM

..........................................................


THE KLAMATH FALLS OR CLIMATE NORMALS FOR TODAY
                         NORMAL    RECORD    YEAR
 MAXIMUM TEMPERATURE (F)   58        82      2009
 MINIMUM TEMPERATURE (F)   31        20      1995


SUNRISE AND SUNSET
APRIL 21 2014.........SUNRISE   617 AM PDT   SUNSET   755 PM PDT
APRIL 22 2014.........SUNRISE   615 AM PDT   SUNSET   756 PM PDT


-  INDICATES NEGATIVE NUMBERS.
R  INDICATES RECORD WAS SET OR TIED.
MM INDICATES DATA IS MISSING.
T  INDICATES TRACE AMOUNT.




$$
