000
CDUS46 KMFR 250838
CLILMT


CLIMATE REPORT
NATIONAL WEATHER SERVICE MEDFORD, OR
138 AM PDT SUN JUN 25 2017


...................................

...THE KLAMATH FALLS OR CLIMATE SUMMARY FOR JUNE 24 2017...

CLIMATE NORMAL PERIOD 1981 TO 2010
CLIMATE RECORD PERIOD 1928 TO 2017


WEATHER ITEM   OBSERVED TIME   RECORD YEAR NORMAL DEPARTURE LAST
                VALUE   (LST)  VALUE       VALUE  FROM      YEAR
                                                  NORMAL
..................................................................
TEMPERATURE (F)
 YESTERDAY
  MAXIMUM         94R   510 PM  94    2006  77     17       72
  MINIMUM         56    514 AM  32    2012  44     12       40
  AVERAGE         75                        61     14       56

PRECIPITATION (IN)
  YESTERDAY        0.00          0.84 1975   0.04  -0.04     0.00
  MONTH TO DATE    0.22                      0.75  -0.53     0.82
  SINCE OCT 1     11.19                     13.23  -2.04    11.22
  SINCE JAN 1      6.44                      8.54  -2.10     6.69

SNOWFALL (IN)
  YESTERDAY       MM                        MM     MM       MM
  MONTH TO DATE   MM                        MM     MM       MM
  SINCE JUL 1     MM                        MM     MM       MM
  SNOW DEPTH      MM

DEGREE DAYS
 HEATING
  YESTERDAY        0                         5     -5        9
  MONTH TO DATE  162                       191    -29      165
  SINCE JUN 1    162                       191    -29      165
  SINCE JUL 1   6739                      6947   -208     6249

 COOLING
  YESTERDAY       10                         1      9        0
  MONTH TO DATE   48                         2     46       33
  SINCE JUN 1     48                         2     46       33
  SINCE JAN 1     51                         3     48       33
..................................................................


WIND (MPH)
  HIGHEST WIND SPEED    15   HIGHEST WIND DIRECTION     N (340)
  HIGHEST GUST SPEED    18   HIGHEST GUST DIRECTION     N (340)
  AVERAGE WIND SPEED     6.8


SKY COVER
  POSSIBLE SUNSHINE  MM
  AVERAGE SKY COVER 0.0


WEATHER CONDITIONS
 THE FOLLOWING WEATHER WAS RECORDED YESTERDAY.
  NO SIGNIFICANT WEATHER WAS OBSERVED.


RELATIVE HUMIDITY (PERCENT)
 HIGHEST    62           500 AM
 LOWEST     13           400 PM

..........................................................


THE KLAMATH FALLS OR CLIMATE NORMALS FOR TODAY
                         NORMAL    RECORD    YEAR
 MAXIMUM TEMPERATURE (F)   77        95      2006
 MINIMUM TEMPERATURE (F)   45        33      1978


SUNRISE AND SUNSET
JUNE 25 2017..........SUNRISE   532 AM PDT   SUNSET   847 PM PDT
JUNE 26 2017..........SUNRISE   533 AM PDT   SUNSET   847 PM PDT


-  INDICATES NEGATIVE NUMBERS.
R  INDICATES RECORD WAS SET OR TIED.
MM INDICATES DATA IS MISSING.
T  INDICATES TRACE AMOUNT.




$$
