000
CDUS46 KMFR 200841
CLILMT


CLIMATE REPORT
NATIONAL WEATHER SERVICE MEDFORD, OR
140 AM PDT FRI OCT 20 2017


...................................

...THE KLAMATH FALLS OR CLIMATE SUMMARY FOR OCTOBER 19 2017...

CLIMATE NORMAL PERIOD 1981 TO 2010
CLIMATE RECORD PERIOD 1928 TO 2017


WEATHER ITEM   OBSERVED TIME   RECORD YEAR NORMAL DEPARTURE LAST
                VALUE   (LST)  VALUE       VALUE  FROM      YEAR
                                                  NORMAL
..................................................................
TEMPERATURE (F)
 YESTERDAY
  MAXIMUM         63   1255 PM  78    1974  61      2       56
  MINIMUM         33   1159 PM  20    1949  30      3       27
  AVERAGE         48                        46      2       42

PRECIPITATION (IN)
  YESTERDAY        0.22          0.80 2007   0.03   0.19     0.00
  MONTH TO DATE    0.22                      0.38  -0.16     1.54
  SINCE OCT 1      0.22                      0.38  -0.16     1.54
  SINCE JAN 1      8.08                     10.65  -2.57     8.77

SNOWFALL (IN)
  YESTERDAY       MM                        MM     MM       MM
  MONTH TO DATE   MM                        MM     MM       MM
  SINCE JUL 1     MM                        MM     MM       MM
  SNOW DEPTH      MM

DEGREE DAYS
 HEATING
  YESTERDAY       17                        19     -2       23
  MONTH TO DATE  385                       299     86      356
  SINCE SEP 1    621                       536     85      623
  SINCE JUL 1    625                       655    -30      730

 COOLING
  YESTERDAY        0                         0      0        0
  MONTH TO DATE    0                         0      0        0
  SINCE SEP 1     66                        10     56        0
  SINCE JAN 1    420                       169    251      215
..................................................................


WIND (MPH)
  HIGHEST WIND SPEED    32   HIGHEST WIND DIRECTION     S (180)
  HIGHEST GUST SPEED    40   HIGHEST GUST DIRECTION     S (180)
  AVERAGE WIND SPEED    15.5


SKY COVER
  POSSIBLE SUNSHINE  MM
  AVERAGE SKY COVER 0.4


WEATHER CONDITIONS
 THE FOLLOWING WEATHER WAS RECORDED YESTERDAY.
  RAIN
  LIGHT RAIN
  LIGHT SNOW
  FOG
  HAZE


RELATIVE HUMIDITY (PERCENT)
 HIGHEST    86           800 PM
 LOWEST     34           100 PM

..........................................................


THE KLAMATH FALLS OR CLIMATE NORMALS FOR TODAY
                         NORMAL    RECORD    YEAR
 MAXIMUM TEMPERATURE (F)   61        78      1999
 MINIMUM TEMPERATURE (F)   30        19      1990


SUNRISE AND SUNSET
OCTOBER 20 2017.......SUNRISE   726 AM PDT   SUNSET   617 PM PDT
OCTOBER 21 2017.......SUNRISE   727 AM PDT   SUNSET   615 PM PDT


-  INDICATES NEGATIVE NUMBERS.
R  INDICATES RECORD WAS SET OR TIED.
MM INDICATES DATA IS MISSING.
T  INDICATES TRACE AMOUNT.




$$
