000
CDUS45 KRIW 030735
CLILND


CLIMATE REPORT
NATIONAL WEATHER SERVICE RIVERTON WY
133 AM MDT MON AUG 3 2015


...................................

...THE LANDER WY CLIMATE SUMMARY FOR AUGUST 2 2015...

CLIMATE NORMAL PERIOD 1981 TO 2010
CLIMATE RECORD PERIOD 1891 TO 2015


WEATHER ITEM   OBSERVED TIME   RECORD YEAR NORMAL DEPARTURE LAST
                VALUE   (LST)  VALUE       VALUE  FROM      YEAR
                                                  NORMAL
..................................................................
TEMPERATURE (F)
 YESTERDAY
  MAXIMUM         93    352 PM  96    2008  88      5       90
                                      2001
  MINIMUM         59    550 AM  44    1935  57      2       55
  AVERAGE         76                        72      4       73

PRECIPITATION (IN)
  YESTERDAY        0.00          0.59 1953   0.03  -0.03     0.00
  MONTH TO DATE    0.00                      0.06  -0.06     0.00
  SINCE JUN 1      1.30                      2.11  -0.81     1.22
  SINCE JAN 1     11.82                      8.33   3.49     5.41

SNOWFALL (IN)
  YESTERDAY        0.0                       0.0    0.0      0.0
  MONTH TO DATE    0.0                       0.0    0.0      0.0
  SINCE JUN 1      0.0                       0.1   -0.1      0.0
  SINCE JUL 1      0.0                       0.0    0.0      0.0
  SNOW DEPTH       0

DEGREE DAYS
 HEATING
  YESTERDAY        0                         0      0        0
  MONTH TO DATE    0                         0      0        0
  SINCE JUN 1     49                       142    -93      139
  SINCE JUL 1     18                        16      2        3

 COOLING
  YESTERDAY       11                         7      4        8
  MONTH TO DATE   22                        14      8       15
  SINCE JUN 1    268                       286    -18      280
  SINCE JAN 1    268                       291    -23      298
..................................................................


WIND (MPH)
  HIGHEST WIND SPEED    15   HIGHEST WIND DIRECTION    SW (240)
  HIGHEST GUST SPEED    19   HIGHEST GUST DIRECTION    NE (50)
  AVERAGE WIND SPEED     5.4


SKY COVER
  POSSIBLE SUNSHINE  MM
  AVERAGE SKY COVER 0.0


WEATHER CONDITIONS
 THE FOLLOWING WEATHER WAS RECORDED YESTERDAY.
  NO SIGNIFICANT WEATHER WAS OBSERVED.


RELATIVE HUMIDITY (PERCENT)
 HIGHEST    34           200 AM
 LOWEST      9           200 PM
 AVERAGE    22

..........................................................


THE LANDER WY CLIMATE NORMALS FOR TODAY
                         NORMAL    RECORD    YEAR
 MAXIMUM TEMPERATURE (F)   88        96      2001
                                             1955
 MINIMUM TEMPERATURE (F)   57        41      1911


SUNRISE AND SUNSET
AUGUST  3 2015........SUNRISE   608 AM MDT   SUNSET   833 PM MDT
AUGUST  4 2015........SUNRISE   609 AM MDT   SUNSET   832 PM MDT


-  INDICATES NEGATIVE NUMBERS.
R  INDICATES RECORD WAS SET OR TIED.
MM INDICATES DATA IS MISSING.
T  INDICATES TRACE AMOUNT.




$$
