000
CDUS45 KRIW 290748
CLILND


CLIMATE REPORT
NATIONAL WEATHER SERVICE RIVERTON WY
133 AM MDT SAT APR 29 2017


...................................

...THE LANDER WY CLIMATE SUMMARY FOR APRIL 28 2017...

CLIMATE NORMAL PERIOD 1981 TO 2010
CLIMATE RECORD PERIOD 1891 TO 2017


WEATHER ITEM   OBSERVED TIME   RECORD YEAR NORMAL DEPARTURE LAST
                VALUE   (LST)  VALUE       VALUE  FROM      YEAR
                                                  NORMAL
..................................................................
TEMPERATURE (F)
 YESTERDAY
  MAXIMUM         33    203 PM  81    2000  60    -27       37
  MINIMUM         29   1159 PM  14    1984  35     -6       31
  AVERAGE         31                        48    -17       34

PRECIPITATION (IN)
  YESTERDAY        0.94          1.12 1944   0.08   0.86     0.04
  MONTH TO DATE    3.26                      1.72   1.54     3.82
  SINCE MAR 1      7.91                      2.88   5.03     8.41
  SINCE JAN 1     10.29                      3.87   6.42     9.33

SNOWFALL (IN)
  YESTERDAY        6.7                       0.5    6.2      0.6
  MONTH TO DATE   17.4                      15.8    1.6      4.9
  SINCE MAR 1     23.1                      31.9   -8.8     38.2
  SINCE JUL 1     84.1                      85.5   -1.4     75.2
  SNOW DEPTH       6

DEGREE DAYS
 HEATING
  YESTERDAY       34                        17     17       31
  MONTH TO DATE  611                       600     11      548
  SINCE MAR 1   1323                      1515   -192     1369
  SINCE JUL 1   7026                      7219   -193     6520

 COOLING
  YESTERDAY        0                         0      0        0
  MONTH TO DATE    0                         0      0        0
  SINCE MAR 1      0                         0      0        0
  SINCE JAN 1      0                         0      0        0
..................................................................


WIND (MPH)
  HIGHEST WIND SPEED    23   HIGHEST WIND DIRECTION    NE (30)
  HIGHEST GUST SPEED    27   HIGHEST GUST DIRECTION    NE (40)
  AVERAGE WIND SPEED     7.8


SKY COVER
  POSSIBLE SUNSHINE  MM
  AVERAGE SKY COVER 1.0


WEATHER CONDITIONS
 THE FOLLOWING WEATHER WAS RECORDED YESTERDAY.
  SNOW
  LIGHT SNOW
  FOG
  FOG W/VISIBILITY <= 1/4 MILE


RELATIVE HUMIDITY (PERCENT)
 HIGHEST   100           100 AM
 LOWEST     89          1200 AM
 AVERAGE    95

..........................................................


THE LANDER WY CLIMATE NORMALS FOR TODAY
                         NORMAL    RECORD    YEAR
 MAXIMUM TEMPERATURE (F)   61        82      2007
                                             1992
 MINIMUM TEMPERATURE (F)   35        15      1935


SUNRISE AND SUNSET
APRIL 29 2017.........SUNRISE   611 AM MDT   SUNSET   814 PM MDT
APRIL 30 2017.........SUNRISE   610 AM MDT   SUNSET   815 PM MDT


-  INDICATES NEGATIVE NUMBERS.
R  INDICATES RECORD WAS SET OR TIED.
MM INDICATES DATA IS MISSING.
T  INDICATES TRACE AMOUNT.




$$
