000
CDUS45 KRIW 300740
CLILND


CLIMATE REPORT
NATIONAL WEATHER SERVICE RIVERTON WY
128 AM MDT SAT JUL 30 2016


...................................

...THE LANDER WY CLIMATE SUMMARY FOR JULY 29 2016...

CLIMATE NORMAL PERIOD 1981 TO 2010
CLIMATE RECORD PERIOD 1891 TO 2016


WEATHER ITEM   OBSERVED TIME   RECORD YEAR NORMAL DEPARTURE LAST
                VALUE   (LST)  VALUE       VALUE  FROM      YEAR
                                                  NORMAL
..................................................................
TEMPERATURE (F)
 YESTERDAY
  MAXIMUM         92    358 PM 101    2006  88      4       83
  MINIMUM         54    512 AM  43    1909  57     -3       45
                                      1892
  AVERAGE         73                        72      1       64

PRECIPITATION (IN)
  YESTERDAY        0.00          0.35 1985   0.04  -0.04     0.00
  MONTH TO DATE    T                         0.72  -0.72     0.50
  SINCE JUN 1      0.57                      1.99  -1.42     1.30
  SINCE JAN 1     15.72                      8.21   7.51    11.82

SNOWFALL (IN)
  YESTERDAY        0.0                       0.0    0.0      0.0
  MONTH TO DATE    0.0                       0.0    0.0      0.0
  SINCE JUN 1      0.0                       0.1   -0.1      0.0
  SINCE JUL 1      0.0                       0.0    0.0      0.0
  SNOW DEPTH       0

DEGREE DAYS
 HEATING
  YESTERDAY        0                         0      0        1
  MONTH TO DATE    4                        11     -7       18
  SINCE JUN 1     26                       137   -111       49
  SINCE JUL 1      4                        11     -7       18

 COOLING
  YESTERDAY        8                         8      0        0
  MONTH TO DATE  221                       196     25      122
  SINCE JUN 1    349                       260     89      232
  SINCE JAN 1    349                       265     84      232
..................................................................


WIND (MPH)
  HIGHEST WIND SPEED    18   HIGHEST WIND DIRECTION    NE (50)
  HIGHEST GUST SPEED    22   HIGHEST GUST DIRECTION    NE (40)
  AVERAGE WIND SPEED     6.5


SKY COVER
  POSSIBLE SUNSHINE  MM
  AVERAGE SKY COVER 0.0


WEATHER CONDITIONS
 THE FOLLOWING WEATHER WAS RECORDED YESTERDAY.
  HAZE


RELATIVE HUMIDITY (PERCENT)
 HIGHEST    66           500 AM
 LOWEST     17           400 PM
 AVERAGE    42

..........................................................


THE LANDER WY CLIMATE NORMALS FOR TODAY
                         NORMAL    RECORD    YEAR
 MAXIMUM TEMPERATURE (F)   88        99      1988
 MINIMUM TEMPERATURE (F)   57        40      1904


SUNRISE AND SUNSET
JULY 30 2016..........SUNRISE   605 AM MDT   SUNSET   837 PM MDT
JULY 31 2016..........SUNRISE   606 AM MDT   SUNSET   836 PM MDT


-  INDICATES NEGATIVE NUMBERS.
R  INDICATES RECORD WAS SET OR TIED.
MM INDICATES DATA IS MISSING.
T  INDICATES TRACE AMOUNT.




$$
