000
CDUS45 KRIW 050733
CLILND


CLIMATE REPORT
NATIONAL WEATHER SERVICE RIVERTON WY
1231 AM MST MON DEC 5 2016


...................................

...THE LANDER WY CLIMATE SUMMARY FOR DECEMBER 4 2016...

CLIMATE NORMAL PERIOD 1981 TO 2010
CLIMATE RECORD PERIOD 1891 TO 2016


WEATHER ITEM   OBSERVED TIME   RECORD YEAR NORMAL DEPARTURE LAST
                VALUE   (LST)  VALUE       VALUE  FROM      YEAR
                                                  NORMAL
..................................................................
TEMPERATURE (F)
 YESTERDAY
  MAXIMUM         45    232 PM  62    1979  33     12       34
  MINIMUM         14    505 AM -25    1909  11      3       11
  AVERAGE         30                        22      8       23

PRECIPITATION (IN)
  YESTERDAY        0.00          0.80 1906   0.02  -0.02     0.00
  MONTH TO DATE    0.01                      0.09  -0.08     0.00
  SINCE DEC 1      0.01                      0.09  -0.08     0.00
  SINCE JAN 1     20.40                     12.17   8.23    14.65

SNOWFALL (IN)
  YESTERDAY        0.0                       0.4   -0.4      0.0
  MONTH TO DATE    0.1                       1.6   -1.5      0.0
  SINCE DEC 1      0.1                       1.6   -1.5      0.0
  SINCE JUL 1     14.1                      27.2  -13.1     19.0
  SNOW DEPTH       0

DEGREE DAYS
 HEATING
  YESTERDAY       35                        43     -8       42
  MONTH TO DATE  161                       170     -9      198
  SINCE DEC 1    161                       170     -9      198
  SINCE JUL 1   1717                      2043   -326     1710

 COOLING
  YESTERDAY        0                         0      0        0
  MONTH TO DATE    0                         0      0        0
  SINCE DEC 1      0                         0      0        0
  SINCE JAN 1    562                       472     90      519
..................................................................


WIND (MPH)
  HIGHEST WIND SPEED    33   HIGHEST WIND DIRECTION    SW (230)
  HIGHEST GUST SPEED    48   HIGHEST GUST DIRECTION    SW (230)
  AVERAGE WIND SPEED    10.5


SKY COVER
  POSSIBLE SUNSHINE  MM
  AVERAGE SKY COVER 0.0


WEATHER CONDITIONS
 THE FOLLOWING WEATHER WAS RECORDED YESTERDAY.
  NO SIGNIFICANT WEATHER WAS OBSERVED.


RELATIVE HUMIDITY (PERCENT)
 HIGHEST    75          1000 PM
 LOWEST     36           200 PM
 AVERAGE    56

..........................................................


THE LANDER WY CLIMATE NORMALS FOR TODAY
                         NORMAL    RECORD    YEAR
 MAXIMUM TEMPERATURE (F)   33        59      2012
                                             1918
 MINIMUM TEMPERATURE (F)   11       -26      1909


SUNRISE AND SUNSET
DECEMBER  5 2016......SUNRISE   731 AM MST   SUNSET   441 PM MST
DECEMBER  6 2016......SUNRISE   732 AM MST   SUNSET   441 PM MST


-  INDICATES NEGATIVE NUMBERS.
R  INDICATES RECORD WAS SET OR TIED.
MM INDICATES DATA IS MISSING.
T  INDICATES TRACE AMOUNT.




$$
