000
CDUS45 KRIW 010730
CLILND


CLIMATE REPORT
NATIONAL WEATHER SERVICE RIVERTON WY
1229 AM MST WED MAR 1 2017


...................................

...THE LANDER WY CLIMATE SUMMARY FOR FEBRUARY 28 2017...

CLIMATE NORMAL PERIOD 1981 TO 2010
CLIMATE RECORD PERIOD 1891 TO 2017


WEATHER ITEM   OBSERVED TIME   RECORD YEAR NORMAL DEPARTURE LAST
                VALUE   (LST)  VALUE       VALUE  FROM      YEAR
                                                  NORMAL
..................................................................
TEMPERATURE (F)
 YESTERDAY
  MAXIMUM         29    132 PM  61    1992  41    -12       58
                                      1974
  MINIMUM          3    833 AM -19    1893  18    -15       27
  AVERAGE         16                        30    -14       43

PRECIPITATION (IN)
  YESTERDAY        0.00          0.82 2004   0.03  -0.03     0.00
  MONTH TO DATE    1.11                      0.58   0.53     0.50
  SINCE DEC 1      3.28                      1.57   1.71     1.40
  SINCE JAN 1      2.38                      0.99   1.39     0.92

SNOWFALL (IN)
  YESTERDAY        0.0                       0.4   -0.4      0.0
  MONTH TO DATE   19.6                      10.3    9.3      3.9
  SINCE DEC 1     47.0                      28.0   19.0     18.0
  SINCE JUL 1     61.0                      53.6    7.4     37.0
  SNOW DEPTH       7

DEGREE DAYS
 HEATING
  YESTERDAY       49                        35     14       22
  MONTH TO DATE 1028                      1114    -86      894
  SINCE DEC 1   4147                      3831    316     3613
  SINCE JUL 1   5703                      5704     -1     5125

 COOLING
  YESTERDAY        0                         0      0        0
  MONTH TO DATE    0                         0      0        0
  SINCE DEC 1      0                         0      0        0
  SINCE JAN 1      0                         0      0        0
..................................................................


WIND (MPH)
  HIGHEST WIND SPEED    28   HIGHEST WIND DIRECTION     W (260)
  HIGHEST GUST SPEED    35   HIGHEST GUST DIRECTION     W (270)
  AVERAGE WIND SPEED     8.3


SKY COVER
  POSSIBLE SUNSHINE  MM
  AVERAGE SKY COVER 0.0


WEATHER CONDITIONS
 THE FOLLOWING WEATHER WAS RECORDED YESTERDAY.
  NO SIGNIFICANT WEATHER WAS OBSERVED.


RELATIVE HUMIDITY (PERCENT)
 HIGHEST    60           800 AM
 LOWEST     34           200 PM
 AVERAGE    47

..........................................................


THE LANDER WY CLIMATE NORMALS FOR TODAY
                         NORMAL    RECORD    YEAR
 MAXIMUM TEMPERATURE (F)   42        64      1986
                                             1901
 MINIMUM TEMPERATURE (F)   19       -13      1911


SUNRISE AND SUNSET
MARCH  1 2017.........SUNRISE   650 AM MST   SUNSET   605 PM MST
MARCH  2 2017.........SUNRISE   648 AM MST   SUNSET   606 PM MST


-  INDICATES NEGATIVE NUMBERS.
R  INDICATES RECORD WAS SET OR TIED.
MM INDICATES DATA IS MISSING.
T  INDICATES TRACE AMOUNT.




$$
