000
CDUS45 KRIW 040138
CLILND


CLIMATE REPORT
NATIONAL WEATHER SERVICE RIVERTON WY
638 PM MST TUE MAR 3 2015


...................................

...THE LANDER WY CLIMATE SUMMARY FOR MARCH 3 2015...
VALID TODAY AS OF 0500 PM LOCAL TIME.

CLIMATE NORMAL PERIOD 1981 TO 2010
CLIMATE RECORD PERIOD 1891 TO 2015


WEATHER ITEM   OBSERVED TIME   RECORD YEAR NORMAL DEPARTURE LAST
                VALUE   (LST)  VALUE       VALUE  FROM      YEAR
                                                  NORMAL
..................................................................
TEMPERATURE (F)
 TODAY
  MAXIMUM         25   1200 AM  70    1921  43    -18       50
  MINIMUM         10        MM -22    1896  19     -9       10
  AVERAGE         18                        31    -13       30

PRECIPITATION (IN)
  TODAY            0.35          0.63 1946   0.03   0.32      T
  MONTH TO DATE    0.54                      0.08   0.46     0.23
  SINCE MAR 1      0.54                      0.08   0.46     0.23
  SINCE JAN 1      2.10                      1.07   1.03     1.03

SNOWFALL (IN)
  TODAY            3.6                       0.4    3.2      0.0
  MONTH TO DATE    7.4                       1.2    6.2      3.4
  SINCE MAR 1      7.4                       1.2    6.2      3.4
  SINCE JUL 1     61.3                      54.8    6.5     58.7
  SNOW DEPTH       7

DEGREE DAYS
 HEATING
  TODAY           47                        34     13       35
  MONTH TO DATE  140                       103     37      152
  SINCE MAR 1    140                       103     37      152
  SINCE JUL 1   5264                      5807   -543     5888

 COOLING
  TODAY            0                         0      0        0
  MONTH TO DATE    0                         0      0        0
  SINCE MAR 1      0                         0      0        0
  SINCE JAN 1      0                         0      0        0
..................................................................


WIND (MPH)
  HIGHEST WIND SPEED    15   HIGHEST WIND DIRECTION    NE (60)
  HIGHEST GUST SPEED    MM   HIGHEST GUST DIRECTION    MM
  AVERAGE WIND SPEED     7.8


SKY COVER
  POSSIBLE SUNSHINE  MM
  AVERAGE SKY COVER 0.9


WEATHER CONDITIONS
 THE FOLLOWING WEATHER WAS RECORDED TODAY.
  HEAVY SNOW
  SNOW
  LIGHT SNOW
  FOG
  FOG W/VISIBILITY <= 1/4 MILE
  HAZE


RELATIVE HUMIDITY (PERCENT)
 HIGHEST    96           500 AM
 LOWEST     64           300 PM
 AVERAGE    80

..........................................................


THE LANDER WY CLIMATE NORMALS FOR TOMORROW
                         NORMAL    RECORD    YEAR
 MAXIMUM TEMPERATURE (F)   43        64      1986
                                             1921
 MINIMUM TEMPERATURE (F)   20        -9      1912


SUNRISE AND SUNSET
MARCH  3 2015.........SUNRISE   648 AM MST   SUNSET   607 PM MST
MARCH  4 2015.........SUNRISE   646 AM MST   SUNSET   608 PM MST


-  INDICATES NEGATIVE NUMBERS.
R  INDICATES RECORD WAS SET OR TIED.
MM INDICATES DATA IS MISSING.
T  INDICATES TRACE AMOUNT.




$$
