000
CDUS45 KRIW 160739
CLILND


CLIMATE REPORT
NATIONAL WEATHER SERVICE RIVERTON WY
138 AM MDT TUE SEP 16 2014


...................................

...THE LANDER WY CLIMATE SUMMARY FOR SEPTEMBER 15 2014...

CLIMATE NORMAL PERIOD 1981 TO 2010
CLIMATE RECORD PERIOD 1891 TO 2014


WEATHER ITEM   OBSERVED TIME   RECORD YEAR NORMAL DEPARTURE LAST
                VALUE   (LST)  VALUE       VALUE  FROM      YEAR
                                                  NORMAL
..................................................................
TEMPERATURE (F)
 YESTERDAY
  MAXIMUM         77    437 PM  91    2000  73      4       63
  MINIMUM         39    702 AM  28    1915  45     -6       55
  AVERAGE         58                        59     -1       59

PRECIPITATION (IN)
  YESTERDAY        0.00          0.46 2006   0.03  -0.03     0.42
  MONTH TO DATE    0.17                      0.41  -0.24     2.06
  SINCE SEP 1      0.17                      0.41  -0.24     2.06
  SINCE JAN 1      7.19                      9.29  -2.10     9.92

SNOWFALL (IN)
  YESTERDAY        0.0                       0.1   -0.1      0.0
  MONTH TO DATE    T                         0.6   -0.6      0.0
  SINCE SEP 1      T                         0.6   -0.6      0.0
  SINCE JUL 1      T                         0.6   -0.6      0.0
  SNOW DEPTH       0

DEGREE DAYS
 HEATING
  YESTERDAY        7                         7      0        6
  MONTH TO DATE  105                        66     39       32
  SINCE SEP 1    105                        66     39       32
  SINCE JUL 1    149                       106     43       32

 COOLING
  YESTERDAY        0                         1     -1        0
  MONTH TO DATE    8                        24    -16       64
  SINCE SEP 1      8                        24    -16       64
  SINCE JAN 1    414                       469    -55      742
..................................................................


WIND (MPH)
  HIGHEST WIND SPEED    16   HIGHEST WIND DIRECTION     W (250)
  HIGHEST GUST SPEED    19   HIGHEST GUST DIRECTION     W (250)
  AVERAGE WIND SPEED     4.2


SKY COVER
  POSSIBLE SUNSHINE  MM
  AVERAGE SKY COVER 0.0


WEATHER CONDITIONS
 THE FOLLOWING WEATHER WAS RECORDED YESTERDAY.
  NO SIGNIFICANT WEATHER WAS OBSERVED.


RELATIVE HUMIDITY (PERCENT)
 HIGHEST    70           600 AM
 LOWEST     27           400 PM
 AVERAGE    49

..........................................................


THE LANDER WY CLIMATE NORMALS FOR TODAY
                         NORMAL    RECORD    YEAR
 MAXIMUM TEMPERATURE (F)   73        91      2000
 MINIMUM TEMPERATURE (F)   44        23      1965


SUNRISE AND SUNSET
SEPTEMBER 16 2014.....SUNRISE   656 AM MDT   SUNSET   723 PM MDT
SEPTEMBER 17 2014.....SUNRISE   657 AM MDT   SUNSET   721 PM MDT


-  INDICATES NEGATIVE NUMBERS.
R  INDICATES RECORD WAS SET OR TIED.
MM INDICATES DATA IS MISSING.
T  INDICATES TRACE AMOUNT.




$$
