000
CDUS45 KRIW 250738
CLILND


CLIMATE REPORT
NATIONAL WEATHER SERVICE RIVERTON WY
129 AM MDT THU AUG 25 2016


...................................

...THE LANDER WY CLIMATE SUMMARY FOR AUGUST 24 2016...

CLIMATE NORMAL PERIOD 1981 TO 2010
CLIMATE RECORD PERIOD 1891 TO 2016


WEATHER ITEM   OBSERVED TIME   RECORD YEAR NORMAL DEPARTURE LAST
                VALUE   (LST)  VALUE       VALUE  FROM      YEAR
                                                  NORMAL
..................................................................
TEMPERATURE (F)
 YESTERDAY
  MAXIMUM         73    419 PM  96    2011  83    -10       91
  MINIMUM         43    612 AM  30    1910  53    -10       49
  AVERAGE         58                        68    -10       70

PRECIPITATION (IN)
  YESTERDAY        T             0.14 1987   0.01  -0.01     0.00
  MONTH TO DATE    0.51                      0.49   0.02     0.49
  SINCE JUN 1      1.08                      2.54  -1.46     1.79
  SINCE JAN 1     16.23                      8.76   7.47    12.31

SNOWFALL (IN)
  YESTERDAY        0.0                       0.0    0.0      0.0
  MONTH TO DATE    0.0                       0.0    0.0      0.0
  SINCE JUN 1      0.0                       0.1   -0.1      0.0
  SINCE JUL 1      0.0                       0.0    0.0      0.0
  SNOW DEPTH       0

DEGREE DAYS
 HEATING
  YESTERDAY        7                         1      6        0
  MONTH TO DATE   30                        12     18       22
  SINCE JUN 1     56                       154    -98       71
  SINCE JUL 1     34                        28      6       40

 COOLING
  YESTERDAY        0                         4     -4        5
  MONTH TO DATE  132                       143    -11      138
  SINCE JUN 1    504                       415     89      384
  SINCE JAN 1    504                       420     84      384
..................................................................


WIND (MPH)
  HIGHEST WIND SPEED    23   HIGHEST WIND DIRECTION     N (10)
  HIGHEST GUST SPEED    30   HIGHEST GUST DIRECTION     N (10)
  AVERAGE WIND SPEED     6.1


SKY COVER
  POSSIBLE SUNSHINE  MM
  AVERAGE SKY COVER 0.3


WEATHER CONDITIONS
 THE FOLLOWING WEATHER WAS RECORDED YESTERDAY.
  LIGHT RAIN


RELATIVE HUMIDITY (PERCENT)
 HIGHEST    66          1000 PM
 LOWEST     25           500 PM
 AVERAGE    46

..........................................................


THE LANDER WY CLIMATE NORMALS FOR TODAY
                         NORMAL    RECORD    YEAR
 MAXIMUM TEMPERATURE (F)   83        95      2015
                                             1969
 MINIMUM TEMPERATURE (F)   53        23      1910


SUNRISE AND SUNSET
AUGUST 25 2016........SUNRISE   633 AM MDT   SUNSET   800 PM MDT
AUGUST 26 2016........SUNRISE   634 AM MDT   SUNSET   759 PM MDT


-  INDICATES NEGATIVE NUMBERS.
R  INDICATES RECORD WAS SET OR TIED.
MM INDICATES DATA IS MISSING.
T  INDICATES TRACE AMOUNT.




$$
