000
CDUS45 KRIW 250758
CLILND


CLIMATE REPORT
NATIONAL WEATHER SERVICE RIVERTON WY
139 AM MDT SUN SEP 25 2016


...................................

...THE LANDER WY CLIMATE SUMMARY FOR SEPTEMBER 24 2016...

CLIMATE NORMAL PERIOD 1981 TO 2010
CLIMATE RECORD PERIOD 1891 TO 2016


WEATHER ITEM   OBSERVED TIME   RECORD YEAR NORMAL DEPARTURE LAST
                VALUE   (LST)  VALUE       VALUE  FROM      YEAR
                                                  NORMAL
..................................................................
TEMPERATURE (F)
 YESTERDAY
  MAXIMUM         50    400 PM  87    2014  68    -18       86
  MINIMUM         39    920 PM  17    2000  41     -2       50
  AVERAGE         45                        54     -9       68

PRECIPITATION (IN)
  YESTERDAY        0.73          1.50 1900   0.05   0.68     0.00
  MONTH TO DATE    1.68                      0.78   0.90      T
  SINCE SEP 1      1.68                      0.78   0.90      T
  SINCE JAN 1     17.92                      9.66   8.26    12.40

SNOWFALL (IN)
  YESTERDAY        0.0                       0.2   -0.2      0.0
  MONTH TO DATE    0.0                       1.7   -1.7      0.0
  SINCE SEP 1      0.0                       1.7   -1.7      0.0
  SINCE JUL 1      0.0                       1.7   -1.7      0.0
  SNOW DEPTH       0

DEGREE DAYS
 HEATING
  YESTERDAY       20                        11      9        0
  MONTH TO DATE  157                       146     11       59
  SINCE SEP 1    157                       146     11       59
  SINCE JUL 1    209                       186     23       99

 COOLING
  YESTERDAY        0                         0      0        3
  MONTH TO DATE   34                        26      8       66
  SINCE SEP 1     34                        26      8       66
  SINCE JAN 1    562                       471     91      501
..................................................................


WIND (MPH)
  HIGHEST WIND SPEED    20   HIGHEST WIND DIRECTION    SE (130)
  HIGHEST GUST SPEED    23   HIGHEST GUST DIRECTION    SE (130)
  AVERAGE WIND SPEED     7.3


SKY COVER
  POSSIBLE SUNSHINE  MM
  AVERAGE SKY COVER 0.8


WEATHER CONDITIONS
 THE FOLLOWING WEATHER WAS RECORDED YESTERDAY.
  RAIN
  LIGHT RAIN
  FOG


RELATIVE HUMIDITY (PERCENT)
 HIGHEST   100           600 AM
 LOWEST     71           300 PM
 AVERAGE    86

..........................................................


THE LANDER WY CLIMATE NORMALS FOR TODAY
                         NORMAL    RECORD    YEAR
 MAXIMUM TEMPERATURE (F)   68        89      2015
 MINIMUM TEMPERATURE (F)   40        10      1926


SUNRISE AND SUNSET
SEPTEMBER 25 2016.....SUNRISE   706 AM MDT   SUNSET   706 PM MDT
SEPTEMBER 26 2016.....SUNRISE   707 AM MDT   SUNSET   704 PM MDT


-  INDICATES NEGATIVE NUMBERS.
R  INDICATES RECORD WAS SET OR TIED.
MM INDICATES DATA IS MISSING.
T  INDICATES TRACE AMOUNT.




$$
