000
CDUS45 KRIW 160735
CLILND


CLIMATE REPORT
NATIONAL WEATHER SERVICE RIVERTON WY
133 AM MDT WED APR 16 2014


...................................

...THE LANDER WY CLIMATE SUMMARY FOR APRIL 15 2014...

CLIMATE NORMAL PERIOD 1981 TO 2010
CLIMATE RECORD PERIOD 1891 TO 2014


WEATHER ITEM   OBSERVED TIME   RECORD YEAR NORMAL DEPARTURE LAST
                VALUE   (LST)  VALUE       VALUE  FROM      YEAR
                                                  NORMAL
..................................................................
TEMPERATURE (F)
 YESTERDAY
  MAXIMUM         62    215 PM  78    1985  56      6       31
                                      1962
  MINIMUM         31    418 AM   1    1945  31      0       22
  AVERAGE         47                        44      3       27

PRECIPITATION (IN)
  YESTERDAY        0.00          0.68 1924   0.06  -0.06     0.17
  MONTH TO DATE    0.59                      0.84  -0.25     1.97
  SINCE MAR 1      1.77                      2.00  -0.23     2.39
  SINCE JAN 1      2.57                      2.99  -0.42     4.37

SNOWFALL (IN)
  YESTERDAY        0.0                       0.6   -0.6      2.8
  MONTH TO DATE    4.3                       8.9   -4.6     23.7
  SINCE MAR 1     18.2                      25.0   -6.8     28.8
  SINCE JUL 1     73.5                      78.6   -5.1     81.0
  SNOW DEPTH       T

DEGREE DAYS
 HEATING
  YESTERDAY       18                        21     -3       38
  MONTH TO DATE  342                       349     -7      413
  SINCE MAR 1   1237                      1264    -27     1304
  SINCE JUL 1   6973                      6968      5     6673

 COOLING
  YESTERDAY        0                         0      0        0
  MONTH TO DATE    0                         0      0        0
  SINCE MAR 1      0                         0      0        0
  SINCE JAN 1      0                         0      0        0
..................................................................


WIND (MPH)
  HIGHEST WIND SPEED    43   HIGHEST WIND DIRECTION    NW (330)
  HIGHEST GUST SPEED    55   HIGHEST GUST DIRECTION    NW (330)
  AVERAGE WIND SPEED    11.2


SKY COVER
  POSSIBLE SUNSHINE  MM
  AVERAGE SKY COVER 0.2


WEATHER CONDITIONS
 THE FOLLOWING WEATHER WAS RECORDED YESTERDAY.
  NO SIGNIFICANT WEATHER WAS OBSERVED.


RELATIVE HUMIDITY (PERCENT)
 HIGHEST    82          1100 PM
 LOWEST     17           200 PM
 AVERAGE    50

..........................................................


THE LANDER WY CLIMATE NORMALS FOR TODAY
                         NORMAL    RECORD    YEAR
 MAXIMUM TEMPERATURE (F)   56        78      1985
 MINIMUM TEMPERATURE (F)   31        12      1945


SUNRISE AND SUNSET
APRIL 16 2014.........SUNRISE   632 AM MDT   SUNSET   758 PM MDT
APRIL 17 2014.........SUNRISE   630 AM MDT   SUNSET   800 PM MDT


-  INDICATES NEGATIVE NUMBERS.
R  INDICATES RECORD WAS SET OR TIED.
MM INDICATES DATA IS MISSING.
T  INDICATES TRACE AMOUNT.




$$
