000
CDUS45 KRIW 270745
CLILND


CLIMATE REPORT
NATIONAL WEATHER SERVICE RIVERTON WY
1239 AM MST THU NOV 27 2014


...................................

...THE LANDER WY CLIMATE SUMMARY FOR NOVEMBER 26 2014...

CLIMATE NORMAL PERIOD 1981 TO 2010
CLIMATE RECORD PERIOD 1891 TO 2014


WEATHER ITEM   OBSERVED TIME   RECORD YEAR NORMAL DEPARTURE LAST
                VALUE   (LST)  VALUE       VALUE  FROM      YEAR
                                                  NORMAL
..................................................................
TEMPERATURE (F)
 YESTERDAY
  MAXIMUM         48    302 PM  62    1949  36     12       44
                                      1933
                                      1914
  MINIMUM         25    851 AM -13    1918  14     11       20
  AVERAGE         37                        25     12       32

PRECIPITATION (IN)
  YESTERDAY        0.01          0.75 1995   0.02  -0.01     0.00
  MONTH TO DATE    0.58                      0.76  -0.18     0.13
  SINCE SEP 1      2.87                      3.10  -0.23     6.99
  SINCE JAN 1      9.89                     11.98  -2.09    14.85

SNOWFALL (IN)
  YESTERDAY        0.1                       0.5   -0.4      0.0
  MONTH TO DATE    8.9                      11.4   -2.5      3.5
  SINCE SEP 1      8.9                      23.9  -15.0     29.5
  SINCE JUL 1      8.9                      23.9  -15.0     29.5
  SNOW DEPTH       T

DEGREE DAYS
 HEATING
  YESTERDAY       28                        40    -12       33
  MONTH TO DATE  833                       850    -17      822
  SINCE SEP 1   1411                      1671   -260     1767
  SINCE JUL 1   1455                      1711   -256     1767

 COOLING
  YESTERDAY        0                         0      0        0
  MONTH TO DATE    0                         0      0        0
  SINCE SEP 1     39                        27     12       65
  SINCE JAN 1    445                       472    -27      743
..................................................................


WIND (MPH)
  HIGHEST WIND SPEED    12   HIGHEST WIND DIRECTION    SW (240)
  HIGHEST GUST SPEED    13   HIGHEST GUST DIRECTION    SW (240)
  AVERAGE WIND SPEED     4.0


SKY COVER
  POSSIBLE SUNSHINE  MM
  AVERAGE SKY COVER 0.6


WEATHER CONDITIONS
 THE FOLLOWING WEATHER WAS RECORDED YESTERDAY.
  LIGHT SNOW
  FOG


RELATIVE HUMIDITY (PERCENT)
 HIGHEST   100           600 AM
 LOWEST     56           300 PM
 AVERAGE    78

..........................................................


THE LANDER WY CLIMATE NORMALS FOR TODAY
                         NORMAL    RECORD    YEAR
 MAXIMUM TEMPERATURE (F)   36        60      1949
 MINIMUM TEMPERATURE (F)   14       -31      1896


SUNRISE AND SUNSET
NOVEMBER 27 2014......SUNRISE   721 AM MST   SUNSET   443 PM MST
NOVEMBER 28 2014......SUNRISE   723 AM MST   SUNSET   443 PM MST


-  INDICATES NEGATIVE NUMBERS.
R  INDICATES RECORD WAS SET OR TIED.
MM INDICATES DATA IS MISSING.
T  INDICATES TRACE AMOUNT.




$$
