000
CDUS43 KOAX 160702
CLILNK


CLIMATE REPORT
NATIONAL WEATHER SERVICE OMAHA NEBRASKA
1254 AM CST TUE JAN 16 2018


...................................

...THE LINCOLN, NEBRASKA CLIMATE SUMMARY FOR JANUARY 15 2018...

CLIMATE NORMAL PERIOD 1981 TO 2010
CLIMATE RECORD PERIOD 1887 TO 2018


WEATHER ITEM   OBSERVED TIME   RECORD YEAR NORMAL DEPARTURE LAST
                VALUE   (LST)  VALUE       VALUE  FROM      YEAR
                                                  NORMAL
..................................................................
TEMPERATURE (F)
 YESTERDAY
  MAXIMUM         23   1203 AM  69    2006  35    -12       32
  MINIMUM          0   1159 PM -27    1888  14    -14       29
  AVERAGE         12                        24    -12       31

PRECIPITATION (IN)
  YESTERDAY        T             0.83 1889   0.01  -0.01     0.21
  MONTH TO DATE    0.12                      0.29  -0.17     0.35
  SINCE DEC 1      0.50                      1.24  -0.74     1.97
  SINCE JAN 1      0.12                      0.29  -0.17     0.35

SNOWFALL (IN)
  YESTERDAY        T                         0.2   -0.2       T
  MONTH TO DATE    1.6                       2.4   -0.8      2.0
  SINCE JUL 1      5.9                      11.1   -5.2      3.7
  SNOW DEPTH       1

DEGREE DAYS
 HEATING
  YESTERDAY       53                        41     12       34
  MONTH TO DATE  699                       612     87      670
  SINCE DEC 1   1842                      1796     46     1853
  SINCE JUL 1   2895                      3057   -162     2661

 COOLING
  YESTERDAY        0                         0      0        0
  MONTH TO DATE    0                         0      0        0
  SINCE DEC 1      0                         0      0        0
  SINCE JAN 1      0                         0      0        0
..................................................................


WIND (MPH)
  HIGHEST WIND SPEED    32   HIGHEST WIND DIRECTION     N (350)
  HIGHEST GUST SPEED    42   HIGHEST GUST DIRECTION     N (350)
  AVERAGE WIND SPEED    19.6


SKY COVER
  POSSIBLE SUNSHINE  MM
  AVERAGE SKY COVER 0.5


WEATHER CONDITIONS
 THE FOLLOWING WEATHER WAS RECORDED YESTERDAY.
  LIGHT SNOW
  HAZE
  BLOWING SNOW


RELATIVE HUMIDITY (PERCENT)
 HIGHEST    76           600 AM
 LOWEST     57          1200 PM
 AVERAGE    67

..........................................................


THE LINCOLN, NEBRASKA CLIMATE NORMALS FOR TODAY
                         NORMAL    RECORD    YEAR
 MAXIMUM TEMPERATURE (F)   35        66      1894
 MINIMUM TEMPERATURE (F)   14       -19      1977


SUNRISE AND SUNSET
JANUARY 16 2018.......SUNRISE   749 AM CST   SUNSET   525 PM CST
JANUARY 17 2018.......SUNRISE   748 AM CST   SUNSET   526 PM CST


-  INDICATES NEGATIVE NUMBERS.
R  INDICATES RECORD WAS SET OR TIED.
MM INDICATES DATA IS MISSING.
T  INDICATES TRACE AMOUNT.




$$
