541
CDUS43 KOAX 260627
CLILNK


CLIMATE REPORT
NATIONAL WEATHER SERVICE OMAHA NEBRASKA
126 AM CDT MON JUN 26 2017


...................................

...THE LINCOLN, NEBRASKA CLIMATE SUMMARY FOR JUNE 25 2017...

CLIMATE NORMAL PERIOD 1981 TO 2010
CLIMATE RECORD PERIOD 1887 TO 2017


WEATHER ITEM   OBSERVED TIME   RECORD YEAR NORMAL DEPARTURE LAST
                VALUE   (LST)  VALUE       VALUE  FROM      YEAR
                                                  NORMAL
..................................................................
TEMPERATURE (F)
 YESTERDAY
  MAXIMUM         79    458 PM 103    1911  87     -8       93
  MINIMUM         49    509 AM  42    2004  64    -15       76
  AVERAGE         64                        75    -11       85

PRECIPITATION (IN)
  YESTERDAY        0.00          3.00 1891   0.15  -0.15     0.01
  MONTH TO DATE    4.76                      3.67   1.09     0.58
  SINCE JUN 1      4.76                      3.67   1.09     0.58
  SINCE JAN 1     17.87                     14.01   3.86    12.89

SNOWFALL (IN)
  YESTERDAY        0.0                       0.0    0.0      0.0
  MONTH TO DATE    T                         0.0    0.0      0.0
  SINCE JUL 1      7.5                      25.9  -18.4     20.5
  SNOW DEPTH       0

DEGREE DAYS
 HEATING
  YESTERDAY        1                         0      1        0
  MONTH TO DATE    2                        13    -11        0
  SINCE JUN 1      2                        13    -11        0
  SINCE JUL 1   5018                      6053  -1035     4880

 COOLING
  YESTERDAY        0                        11    -11       20
  MONTH TO DATE  270                       187     83      345
  SINCE JUN 1    270                       187     83      345
  SINCE JAN 1    353                       266     87      416
..................................................................


WIND (MPH)
  HIGHEST WIND SPEED    16   HIGHEST WIND DIRECTION    NW (320)
  HIGHEST GUST SPEED    22   HIGHEST GUST DIRECTION    NW (320)
  AVERAGE WIND SPEED     6.5


SKY COVER
  POSSIBLE SUNSHINE  MM
  AVERAGE SKY COVER 0.0


WEATHER CONDITIONS
 THE FOLLOWING WEATHER WAS RECORDED YESTERDAY.
  NO SIGNIFICANT WEATHER WAS OBSERVED.


RELATIVE HUMIDITY (PERCENT)
 HIGHEST    80           400 AM
 LOWEST     26           200 PM
 AVERAGE    53

..........................................................


THE LINCOLN, NEBRASKA CLIMATE NORMALS FOR TODAY
                         NORMAL    RECORD    YEAR
 MAXIMUM TEMPERATURE (F)   87       108      1936
 MINIMUM TEMPERATURE (F)   64        49      1958


SUNRISE AND SUNSET
JUNE 26 2017..........SUNRISE   557 AM CDT   SUNSET   903 PM CDT
JUNE 27 2017..........SUNRISE   557 AM CDT   SUNSET   903 PM CDT


-  INDICATES NEGATIVE NUMBERS.
R  INDICATES RECORD WAS SET OR TIED.
MM INDICATES DATA IS MISSING.
T  INDICATES TRACE AMOUNT.




$$
