000
CDUS43 KOAX 242125
CLILNK


CLIMATE REPORT
NATIONAL WEATHER SERVICE OMAHA NEBRASKA
424 PM CDT WED AUG 24 2016


...................................

...THE LINCOLN, NEBRASKA CLIMATE SUMMARY FOR AUGUST 24 2016...
VALID TODAY AS OF 0400 PM LOCAL TIME.

CLIMATE NORMAL PERIOD 1981 TO 2010
CLIMATE RECORD PERIOD 1887 TO 2016


WEATHER ITEM   OBSERVED TIME   RECORD YEAR NORMAL DEPARTURE LAST
                VALUE   (LST)  VALUE       VALUE  FROM      YEAR
                                                  NORMAL
..................................................................
TEMPERATURE (F)
 TODAY
  MAXIMUM         82   1217 PM 107    1936  86     -4       82
  MINIMUM         65    458 AM  43    1891  63      2       46
  AVERAGE         74                        74      0       64

PRECIPITATION (IN)
  TODAY            0.03          1.90 1982   0.12  -0.09     0.00
  MONTH TO DATE    3.27                      2.67   0.60     2.73
  SINCE JUN 1      8.52                     10.42  -1.90    12.78
  SINCE JAN 1     20.83                     20.76   0.07    28.28

SNOWFALL (IN)
  TODAY            0.0                       0.0    0.0      0.0
  MONTH TO DATE    0.0                       0.0    0.0      0.0
  SINCE JUL 1      0.0                       0.0    0.0      0.0
  SNOW DEPTH       0

DEGREE DAYS
 HEATING
  TODAY            0                         0      0        1
  MONTH TO DATE    0                         0      0        3
  SINCE JUN 1      0                        17    -17        4
  SINCE JUL 1      0                         1     -1        4

 COOLING
  TODAY            9                         9      0        0
  MONTH TO DATE  281                       265     16      239
  SINCE JUN 1   1103                       897    206      885
  SINCE JAN 1   1174                       976    198      937
..................................................................


WIND (MPH)
  HIGHEST WIND SPEED    16   HIGHEST WIND DIRECTION    NE (30)
  HIGHEST GUST SPEED    20   HIGHEST GUST DIRECTION     N (20)
  AVERAGE WIND SPEED     9.3


SKY COVER
  POSSIBLE SUNSHINE  MM
  AVERAGE SKY COVER 0.3


WEATHER CONDITIONS
 THE FOLLOWING WEATHER WAS RECORDED TODAY.
  THUNDERSTORM
  LIGHT RAIN


RELATIVE HUMIDITY (PERCENT)
 HIGHEST    93           100 AM
 LOWEST     47          1200 PM
 AVERAGE    70

..........................................................


THE LINCOLN, NEBRASKA CLIMATE NORMALS FOR TOMORROW
                         NORMAL    RECORD    YEAR
 MAXIMUM TEMPERATURE (F)   86       105      1936
 MINIMUM TEMPERATURE (F)   62        45      1934


SUNRISE AND SUNSET
AUGUST 24 2016........SUNRISE   646 AM CDT   SUNSET   811 PM CDT
AUGUST 25 2016........SUNRISE   647 AM CDT   SUNSET   810 PM CDT


-  INDICATES NEGATIVE NUMBERS.
R  INDICATES RECORD WAS SET OR TIED.
MM INDICATES DATA IS MISSING.
T  INDICATES TRACE AMOUNT.




$$
