000
CDUS43 KOAX 282120
CLILNK


CLIMATE REPORT
NATIONAL WEATHER SERVICE OMAHA NEBRASKA
419 PM CDT WED SEP 28 2016


...................................

...THE LINCOLN, NEBRASKA CLIMATE SUMMARY FOR SEPTEMBER 28 2016...
VALID TODAY AS OF 0400 PM LOCAL TIME.

CLIMATE NORMAL PERIOD 1981 TO 2010
CLIMATE RECORD PERIOD 1887 TO 2016


WEATHER ITEM   OBSERVED TIME   RECORD YEAR NORMAL DEPARTURE LAST
                VALUE   (LST)  VALUE       VALUE  FROM      YEAR
                                                  NORMAL
..................................................................
TEMPERATURE (F)
 TODAY
  MAXIMUM         70    259 PM 102    1953  74     -4       88
  MINIMUM         45    634 AM  28    1984  48     -3       58
                                      1951
                                      1942
  AVERAGE         58                        60     -2       73

PRECIPITATION (IN)
  TODAY            0.00          4.70 1923   0.09  -0.09      T
  MONTH TO DATE    3.38                      2.85   0.53     4.13
  SINCE SEP 1      3.38                      2.85   0.53     4.13
  SINCE JAN 1     24.77                     24.43   0.34    33.46

SNOWFALL (IN)
  TODAY            0.0                       0.0    0.0      0.0
  MONTH TO DATE    0.0                       0.0    0.0      0.0
  SINCE JUL 1      0.0                       0.0    0.0      0.0
  SNOW DEPTH       0

DEGREE DAYS
 HEATING
  TODAY            7                         6      1        0
  MONTH TO DATE   26                        80    -54       20
  SINCE SEP 1     26                        80    -54       20
  SINCE JUL 1     27                        86    -59       24

 COOLING
  TODAY            0                         2     -2        8
  MONTH TO DATE  203                       120     83      231
  SINCE SEP 1    203                       120     83      231
  SINCE JAN 1   1432                      1155    277     1212
..................................................................


WIND (MPH)
  HIGHEST WIND SPEED    18   HIGHEST WIND DIRECTION     N (020)
  HIGHEST GUST SPEED    24   HIGHEST GUST DIRECTION     N (020)
  AVERAGE WIND SPEED     9.9


SKY COVER
  POSSIBLE SUNSHINE  MM
  AVERAGE SKY COVER 0.0


WEATHER CONDITIONS
 THE FOLLOWING WEATHER WAS RECORDED TODAY.
  HAZE


RELATIVE HUMIDITY (PERCENT)
 HIGHEST    86          1200 AM
 LOWEST     40           300 PM
 AVERAGE    63

..........................................................


THE LINCOLN, NEBRASKA CLIMATE NORMALS FOR TOMORROW
                         NORMAL    RECORD    YEAR
 MAXIMUM TEMPERATURE (F)   73        94      2002
 MINIMUM TEMPERATURE (F)   47        26      1984


SUNRISE AND SUNSET
SEPTEMBER 28 2016.....SUNRISE   721 AM CDT   SUNSET   713 PM CDT
SEPTEMBER 29 2016.....SUNRISE   722 AM CDT   SUNSET   711 PM CDT


-  INDICATES NEGATIVE NUMBERS.
R  INDICATES RECORD WAS SET OR TIED.
MM INDICATES DATA IS MISSING.
T  INDICATES TRACE AMOUNT.




$$
