000
CDUS43 KOAX 182143
CLILNK


CLIMATE REPORT
NATIONAL WEATHER SERVICE OMAHA NEBRASKA
443 PM CDT FRI AUG 18 2017


...................................

...THE LINCOLN, NEBRASKA CLIMATE SUMMARY FOR AUGUST 18 2017...
VALID TODAY AS OF 0400 PM LOCAL TIME.

CLIMATE NORMAL PERIOD 1981 TO 2010
CLIMATE RECORD PERIOD 1887 TO 2017


WEATHER ITEM   OBSERVED TIME   RECORD YEAR NORMAL DEPARTURE LAST
                VALUE   (LST)  VALUE       VALUE  FROM      YEAR
                                                  NORMAL
..................................................................
TEMPERATURE (F)
 TODAY
  MAXIMUM         86    259 PM 110    1936  87     -1       93
  MINIMUM         64    113 AM  45    2012  64      0       71
  AVERAGE         75                        75      0       82

PRECIPITATION (IN)
  TODAY            T             2.36 1956   0.12  -0.12      T
  MONTH TO DATE    1.36                      1.97  -0.61     2.83
  SINCE JUN 1     14.70                      9.72   4.98     8.08
  SINCE JAN 1     27.81                     20.06   7.75    20.39

SNOWFALL (IN)
  TODAY            0.0                       0.0    0.0      0.0
  MONTH TO DATE    0.0                       0.0    0.0      0.0
  SINCE JUL 1      0.0                       0.0    0.0      0.0
  SNOW DEPTH       0

DEGREE DAYS
 HEATING
  TODAY            0                         0      0        0
  MONTH TO DATE    0                         0      0        0
  SINCE JUN 1      2                        17    -15        0
  SINCE JUL 1      0                         1     -1        0

 COOLING
  TODAY           10                        10      0       17
  MONTH TO DATE  120                       206    -86      235
  SINCE JUN 1    862                       838     24     1057
  SINCE JAN 1    945                       917     28     1128
..................................................................


WIND (MPH)
  HIGHEST WIND SPEED    28   HIGHEST WIND DIRECTION    NW (310)
  HIGHEST GUST SPEED    37   HIGHEST GUST DIRECTION    NW (310)
  AVERAGE WIND SPEED     6.4


SKY COVER
  POSSIBLE SUNSHINE  MM
  AVERAGE SKY COVER 0.2


WEATHER CONDITIONS
 THE FOLLOWING WEATHER WAS RECORDED TODAY.
  NO SIGNIFICANT WEATHER WAS OBSERVED.


RELATIVE HUMIDITY (PERCENT)
 HIGHEST    93           100 AM
 LOWEST     45           300 PM
 AVERAGE    69

..........................................................


THE LINCOLN, NEBRASKA CLIMATE NORMALS FOR TOMORROW
                         NORMAL    RECORD    YEAR
 MAXIMUM TEMPERATURE (F)   87       100      1962
                                             1947
                                             1921
 MINIMUM TEMPERATURE (F)   64        45      1950


SUNRISE AND SUNSET
AUGUST 18 2017........SUNRISE   640 AM CDT   SUNSET   820 PM CDT
AUGUST 19 2017........SUNRISE   641 AM CDT   SUNSET   819 PM CDT


-  INDICATES NEGATIVE NUMBERS.
R  INDICATES RECORD WAS SET OR TIED.
MM INDICATES DATA IS MISSING.
T  INDICATES TRACE AMOUNT.




$$
