000
CDUS43 KOAX 030712
CLILNK


CLIMATE REPORT
NATIONAL WEATHER SERVICE OMAHA NEBRASKA
211 AM CDT WED JUN 3 2015


...................................

...THE LINCOLN, NEBRASKA CLIMATE SUMMARY FOR JUNE 2 2015...

CLIMATE NORMAL PERIOD 1981 TO 2010
CLIMATE RECORD PERIOD 1887 TO 2015


WEATHER ITEM   OBSERVED TIME   RECORD YEAR NORMAL DEPARTURE LAST
                VALUE   (LST)  VALUE       VALUE  FROM      YEAR
                                                  NORMAL
..................................................................
TEMPERATURE (F)
 YESTERDAY
  MAXIMUM         79    531 PM 100    1911  80     -1       86
  MINIMUM         58    643 AM  43    1978  57      1       60
                                      1964
  AVERAGE         69                        68      1       73

PRECIPITATION (IN)
  YESTERDAY        T             2.00 1965   0.14  -0.14     0.00
  MONTH TO DATE    T                         0.29  -0.29     0.73
  SINCE JUN 1      T                         0.29  -0.29     0.73
  SINCE JAN 1     15.50                     10.63   4.87    10.48

SNOWFALL (IN)
  YESTERDAY        0.0                       0.0    0.0      0.0
  MONTH TO DATE    0.0                       0.0    0.0      0.0
  SINCE JUL 1     21.9                      25.9   -4.0     18.2
  SNOW DEPTH       0

DEGREE DAYS
 HEATING
  YESTERDAY        0                         1     -1        0
  MONTH TO DATE    0                         3     -3        0
  SINCE JUN 1      0                         3     -3        0
  SINCE JUL 1   5829                      6043   -214     6482

 COOLING
  YESTERDAY        4                         5     -1        8
  MONTH TO DATE    5                         9     -4       20
  SINCE JUN 1      5                         9     -4       20
  SINCE JAN 1     57                        88    -31      180
..................................................................


WIND (MPH)
  HIGHEST WIND SPEED    22   HIGHEST WIND DIRECTION    SE (140)
  HIGHEST GUST SPEED    29   HIGHEST GUST DIRECTION    SE (140)
  AVERAGE WIND SPEED    14.1


SKY COVER
  POSSIBLE SUNSHINE  MM
  AVERAGE SKY COVER 0.5


WEATHER CONDITIONS
 THE FOLLOWING WEATHER WAS RECORDED YESTERDAY.
  LIGHT RAIN


RELATIVE HUMIDITY (PERCENT)
 HIGHEST    86           200 AM
 LOWEST     58           300 PM
 AVERAGE    72

..........................................................


THE LINCOLN, NEBRASKA CLIMATE NORMALS FOR TODAY
                         NORMAL    RECORD    YEAR
 MAXIMUM TEMPERATURE (F)   80        97      1911
 MINIMUM TEMPERATURE (F)   57        40      1945


SUNRISE AND SUNSET
JUNE  3 2015..........SUNRISE   557 AM CDT   SUNSET   854 PM CDT
JUNE  4 2015..........SUNRISE   557 AM CDT   SUNSET   854 PM CDT


-  INDICATES NEGATIVE NUMBERS.
R  INDICATES RECORD WAS SET OR TIED.
MM INDICATES DATA IS MISSING.
T  INDICATES TRACE AMOUNT.




$$
