000
CDUS43 KLMK 060631
CLILOU


CLIMATE REPORT
NATIONAL WEATHER SERVICE LOUISVILLE KY
130 AM EST TUE DEC 6 2016


...................................

...THE LOUISVILLE BOWMAN KY CLIMATE SUMMARY FOR DECEMBER 5 2016...

CLIMATE NORMAL PERIOD 1981 TO 2010
CLIMATE RECORD PERIOD 9999 TO 9999


WEATHER ITEM   OBSERVED TIME   RECORD YEAR NORMAL DEPARTURE LAST
                VALUE   (LST)  VALUE       VALUE  FROM      YEAR
                                                  NORMAL
..................................................................
TEMPERATURE (F)
 YESTERDAY
  MAXIMUM         45    422 PM  MM      MM  48     -3       51
  MINIMUM         39    912 AM  MM      MM  32      7       29
  AVERAGE         42                        40      2       40

PRECIPITATION (IN)
  YESTERDAY        0.00         MM      MM   0.15  -0.15     0.00
  MONTH TO DATE    0.11                      0.67  -0.56     0.46
  SINCE DEC 1      0.11                      0.67  -0.56     0.46
  SINCE JAN 1     40.33                     42.20  -1.87    52.49

SNOWFALL (IN)
  YESTERDAY       MM            MM      MM  MM     MM       MM
  MONTH TO DATE   MM                        MM     MM       MM
  SINCE DEC 1     MM                        MM     MM       MM
  SINCE JUL 1     MM                        MM     MM       MM
  SNOW DEPTH      MM

DEGREE DAYS
 HEATING
  YESTERDAY       23                        25     -2       25
  MONTH TO DATE  115                       123     -8      121
  SINCE DEC 1    115                       123     -8      121
  SINCE JUL 1    643                       927   -284      724

 COOLING
  YESTERDAY        0                         0      0        0
  MONTH TO DATE    0                         0      0        0
  SINCE DEC 1      0                         0      0        0
  SINCE JAN 1   1882                      1444    438     1574
..................................................................


WIND (MPH)
  HIGHEST WIND SPEED    17   HIGHEST WIND DIRECTION     W (270)
  HIGHEST GUST SPEED    21   HIGHEST GUST DIRECTION     W (270)
  AVERAGE WIND SPEED     6.0


SKY COVER
  POSSIBLE SUNSHINE  MM
  AVERAGE SKY COVER 0.5


WEATHER CONDITIONS
 THE FOLLOWING WEATHER WAS RECORDED YESTERDAY.
  NO SIGNIFICANT WEATHER WAS OBSERVED.


RELATIVE HUMIDITY (PERCENT)
 HIGHEST    82           100 AM
 LOWEST     65           300 PM
 AVERAGE    74

..........................................................


THE LOUISVILLE BOWMAN KY CLIMATE NORMALS FOR TODAY
                         NORMAL
 MAXIMUM TEMPERATURE (F)   47
 MINIMUM TEMPERATURE (F)   31


SUNRISE AND SUNSET
DECEMBER  6 2016......SUNRISE   745 AM EST   SUNSET   522 PM EST
DECEMBER  7 2016......SUNRISE   746 AM EST   SUNSET   522 PM EST


-  INDICATES NEGATIVE NUMBERS.
R  INDICATES RECORD WAS SET OR TIED.
MM INDICATES DATA IS MISSING.
T  INDICATES TRACE AMOUNT.




$$
