000
CDUS43 KJKL 222023
CLILOZ

CLIMATE REPORT
NATIONAL WEATHER SERVICE JACKSON KY
423 PM EDT FRI SEP 22 2017

...................................

...THE LONDON KY CLIMATE SUMMARY FOR SEPTEMBER 22 2017...
VALID TODAY AS OF 0400 PM LOCAL TIME.

CLIMATE NORMAL PERIOD 1981 TO 2010
CLIMATE RECORD PERIOD 1954 TO 2017

WEATHER ITEM   OBSERVED TIME   RECORD YEAR NORMAL DEPARTURE LAST
                VALUE   (LST)  VALUE       VALUE  FROM      YEAR
                                                  NORMAL
..................................................................
TEMPERATURE (F)
 TODAY
  MAXIMUM         87    226 PM  91    2005  77     10       88
  MINIMUM         62    625 AM  35    1983  54      8       58
  AVERAGE         75                        66      9       73

PRECIPITATION (IN)
  TODAY            0.00          2.49 2003   0.12  -0.12     0.00
  MONTH TO DATE    1.79                      2.47  -0.68     1.06
  SINCE SEP 1      1.79                      2.47  -0.68     1.06

SNOWFALL (IN)
  TODAY           MM
  MONTH TO DATE   MM
  SINCE SEP 1     MM
  SINCE JUL 1     MM
  SNOW DEPTH      MM

DEGREE DAYS
 HEATING
  TODAY            0                         2     -2        0
  MONTH TO DATE   38                        17     21        0
  SINCE SEP 1     38                        17     21        0
  SINCE JUL 1     38                        18     20        0

 COOLING
  TODAY           10                         3      7        8
  MONTH TO DATE   76                       123    -47      197
  SINCE SEP 1     76                       123    -47      197
  SINCE JAN 1   1045                      1147   -102     1420
..................................................................

WIND (MPH)
  HIGHEST WIND SPEED     9   HIGHEST WIND DIRECTION    NE (40)
  HIGHEST GUST SPEED    13   HIGHEST GUST DIRECTION     N (10)
  AVERAGE WIND SPEED     2.8

SKY COVER
  POSSIBLE SUNSHINE  MM
  AVERAGE SKY COVER 0.1

WEATHER CONDITIONS
 THE FOLLOWING WEATHER WAS RECORDED TODAY.
  FOG

RELATIVE HUMIDITY (PERCENT)
 HIGHEST    93          1200 AM
 LOWEST     48           200 PM
 AVERAGE    71

..........................................................

THE LONDON KY CLIMATE NORMALS FOR TOMORROW
                         NORMAL    RECORD    YEAR
 MAXIMUM TEMPERATURE (F)   77        95      2007
 MINIMUM TEMPERATURE (F)   54        37      1999

SUNRISE AND SUNSET
SEPTEMBER 22 2017.....SUNRISE   724 AM EDT   SUNSET   733 PM EDT
SEPTEMBER 23 2017.....SUNRISE   725 AM EDT   SUNSET   731 PM EDT

-  INDICATES NEGATIVE NUMBERS.
R  INDICATES RECORD WAS SET OR TIED.
MM INDICATES DATA IS MISSING.
T  INDICATES TRACE AMOUNT.

$$

CARICO
