000
CDUS44 KCRP 230657
CLILRD

CLIMATE REPORT
NATIONAL WEATHER SERVICE CORPUS CHRISTI TX
1255 AM CST FRI FEB 23 2018


...................................

...THE LAREDO CLIMATE SUMMARY FOR FEBRUARY 22 2018...

CLIMATE NORMAL PERIOD 1981 TO 2010
CLIMATE RECORD PERIOD 1900 TO 2018


WEATHER ITEM   OBSERVED TIME   RECORD YEAR NORMAL DEPARTURE LAST
                VALUE   (LST)  VALUE       VALUE  FROM      YEAR
                                                  NORMAL
..................................................................
TEMPERATURE (F)
 YESTERDAY
  MAXIMUM         58        MM  98    1996  74    -16       96
  MINIMUM         45        MM  28    1939  52     -7       51
  AVERAGE         52                        63    -11       74

PRECIPITATION (IN)
  YESTERDAY        0.01          0.73 1958   0.03  -0.02     0.00
  MONTH TO DATE    0.05                      0.72  -0.67     0.96
  SINCE DEC 1      2.94                      2.50   0.44     2.59
  SINCE JAN 1      0.25                      1.62  -1.37     0.97

SNOWFALL (IN)
  YESTERDAY       MM
  MONTH TO DATE    0.0
  SINCE DEC 1      1.3
  SINCE JUL 1      1.3

DEGREE DAYS
 HEATING
  YESTERDAY       13                         5      8        0
  MONTH TO DATE  107                       139    -32       36
  SINCE DEC 1    762                       703     59      361
  SINCE JUL 1    831                       818     13      378

 COOLING
  YESTERDAY        0                         2     -2        9
  MONTH TO DATE   88                        40     48      142
  SINCE DEC 1    134                       103     31      307
  SINCE JAN 1     91                        68     23      244
..................................................................


WIND (MPH)
  HIGHEST WIND SPEED    MM   HIGHEST WIND DIRECTION    NW (320)
  HIGHEST GUST SPEED    MM   HIGHEST GUST DIRECTION    MM
  AVERAGE WIND SPEED    MM


SKY COVER
  POSSIBLE SUNSHINE  MM
  AVERAGE SKY COVER 1.0


WEATHER CONDITIONS
 THE FOLLOWING WEATHER WAS RECORDED YESTERDAY.
  LIGHT RAIN
  FOG


RELATIVE HUMIDITY (PERCENT)
 HIGHEST   100           100 AM
 LOWEST     77           100 PM

..........................................................


THE LAREDO CLIMATE NORMALS FOR TODAY
                         NORMAL    RECORD    YEAR
 MAXIMUM TEMPERATURE (F)   74       100      2017
 MINIMUM TEMPERATURE (F)   52        25      1976


SUNRISE AND SUNSET
FEBRUARY 23 2018......SUNRISE   708 AM CST   SUNSET   635 PM CST
FEBRUARY 24 2018......SUNRISE   707 AM CST   SUNSET   635 PM CST


-  INDICATES NEGATIVE NUMBERS.
R  INDICATES RECORD WAS SET OR TIED.
MM INDICATES DATA IS MISSING.
T  INDICATES TRACE AMOUNT.

$$

GW
