000
CDUS44 KCRP 272132
CLILRD

CLIMATE REPORT
NATIONAL WEATHER SERVICE CORPUS CHRISTI TX
429 PM CDT SAT MAY 27 2017


...................................

...THE LAREDO CLIMATE SUMMARY FOR MAY 27 2017...
VALID AS OF 400 PM LOCAL TIME.

CLIMATE NORMAL PERIOD 1981 TO 2010
CLIMATE RECORD PERIOD 1900 TO 2017


WEATHER ITEM   OBSERVED TIME   RECORD YEAR NORMAL DEPARTURE LAST
                VALUE   (LST)  VALUE       VALUE  FROM      YEAR
                                                  NORMAL
..................................................................
TEMPERATURE (F)
 TODAY
  MAXIMUM         98    200 PM 110    2011  96      2      102
  MINIMUM         80        MM  57    1901  74      6       77
  AVERAGE         89                        85      4       90

PRECIPITATION (IN)
  TODAY            0.00          4.05 1957   0.08  -0.08     0.00
  MONTH TO DATE    4.08                      2.15   1.93     2.33
  SINCE MAR 1      7.90                      4.69   3.21     8.21
  SINCE JAN 1      8.87                      6.53   2.34    10.10

SNOWFALL (IN)
  TODAY            0.0
  MONTH TO DATE    0.0
  SINCE MAR 1      0.0
  SINCE JUL 1      0.0
  SNOW DEPTH       0

DEGREE DAYS
 HEATING
  TODAY            0                         0      0        0
  MONTH TO DATE    0                         0      0        0
  SINCE MAR 1     16                        82    -66       18
  SINCE JUL 1    396                       926   -530      594

 COOLING
  TODAY           24                        20      4       25
  MONTH TO DATE  473                       463     10      424
  SINCE MAR 1   1141                       978    163     1065
  SINCE JAN 1   1447                      1063    384     1183
..................................................................


WIND (MPH)
  HIGHEST WIND SPEED    20   HIGHEST WIND DIRECTION    SE (140)
  HIGHEST GUST SPEED    27   HIGHEST GUST DIRECTION     S (160)


SKY COVER
  POSSIBLE SUNSHINE  MM
  AVERAGE SKY COVER 0.1


WEATHER CONDITIONS
 THE FOLLOWING WEATHER WAS RECORDED TODAY.
  HAZE


RELATIVE HUMIDITY (PERCENT)
 HIGHEST    85           300 AM
 LOWEST     45           200 PM
 AVERAGE    65

..........................................................


THE LAREDO CLIMATE NORMALS FOR TOMORROW
                         NORMAL    RECORD    YEAR
 MAXIMUM TEMPERATURE (F)   96       112      2011
 MINIMUM TEMPERATURE (F)   74        60      1918


SUNRISE AND SUNSET
MAY 27 2017...........SUNRISE   644 AM CDT   SUNSET   827 PM CDT
MAY 28 2017...........SUNRISE   644 AM CDT   SUNSET   827 PM CDT


-  INDICATES NEGATIVE NUMBERS.
R  INDICATES RECORD WAS SET OR TIED.
MM INDICATES DATA IS MISSING.
T  INDICATES TRACE AMOUNT.




$$

92
