000
CDUS44 KCRP 120959
CLILRD

CLIMATE REPORT
NATIONAL WEATHER SERVICE CORPUS CHRISTI TX
356 AM CST TUE DEC 12 2017

...THE LAREDO CLIMATE SUMMARY FOR DECEMBER 11 2017...

CLIMATE NORMAL PERIOD 1981 TO 2010
CLIMATE RECORD PERIOD 1900 TO 2017


WEATHER ITEM   OBSERVED TIME   RECORD YEAR NORMAL DEPARTURE LAST
                VALUE   (LST)  VALUE       VALUE  FROM      YEAR
                                                  NORMAL
..................................................................
TEMPERATURE (F)
 YESTERDAY
  MAXIMUM         70        MM  92    1987  68      2       61
  MINIMUM         40        MM  24    1916  47     -7       48
  AVERAGE         55                        58     -3       55

PRECIPITATION (IN)
  YESTERDAY        0.00          2.60 1935   0.02  -0.02     0.02
  MONTH TO DATE    1.92                      0.27   1.65     1.54
  SINCE DEC 1      1.92                      0.27   1.65     1.54
  SINCE JAN 1     24.19                     19.59   4.60    24.42

SNOWFALL (IN)
  YESTERDAY        0.0
  MONTH TO DATE    1.3
  SINCE DEC 1      1.3
  SINCE JUL 1      1.3

DEGREE DAYS
 HEATING
  YESTERDAY       10                         8      2       10
  MONTH TO DATE   94                        83     11       92
  SINCE DEC 1     94                        83     11       92
  SINCE JUL 1    163                       198    -35      109

 COOLING
  YESTERDAY        0                         1     -1        0
  MONTH TO DATE   37                        15     22        6
  SINCE DEC 1     37                        15     22        6
  SINCE JAN 1   4871                      4270    601     4732
..................................................................


WIND (MPH)
  HIGHEST WIND SPEED    MM   HIGHEST WIND DIRECTION    MM
  HIGHEST GUST SPEED    MM   HIGHEST GUST DIRECTION    MM
  AVERAGE WIND SPEED    MM


SKY COVER
  POSSIBLE SUNSHINE  MM
  AVERAGE SKY COVER 0.0


WEATHER CONDITIONS
 THE FOLLOWING WEATHER WAS RECORDED YESTERDAY.
  NO SIGNIFICANT WEATHER WAS OBSERVED.


RELATIVE HUMIDITY (PERCENT)
 HIGHEST    93           200 AM
 LOWEST     31           400 PM

..........................................................


THE LAREDO CLIMATE NORMALS FOR TODAY
                         NORMAL    RECORD    YEAR
 MAXIMUM TEMPERATURE (F)   68        93      1908
 MINIMUM TEMPERATURE (F)   47        24      1966


SUNRISE AND SUNSET
DECEMBER 12 2017......SUNRISE   719 AM CST   SUNSET   545 PM CST
DECEMBER 13 2017......SUNRISE   720 AM CST   SUNSET   545 PM CST


-  INDICATES NEGATIVE NUMBERS.
R  INDICATES RECORD WAS SET OR TIED.
MM INDICATES DATA IS MISSING.
T  INDICATES TRACE AMOUNT.

$$

87
