000
CDUS44 KCRP 250910 RRB
CLILRD

CLIMATE REPORT
NATIONAL WEATHER SERVICE CORPUS CHRISTI TX
406 AM CDT THU AUG 25 2016


...................................

...THE LAREDO CLIMATE SUMMARY FOR AUGUST 24 2016...

CLIMATE NORMAL PERIOD 1981 TO 2010
CLIMATE RECORD PERIOD 1900 TO 2016


WEATHER ITEM   OBSERVED TIME   RECORD YEAR NORMAL DEPARTURE LAST
                VALUE   (LST)  VALUE       VALUE  FROM      YEAR
                                                  NORMAL
..................................................................
TEMPERATURE (F)
 YESTERDAY
  MAXIMUM         99        MM 109    1924  99      0      104
  MINIMUM         77        MM  62    1973  77      0       78
  AVERAGE         88                        88      0       91

PRECIPITATION (IN)
  YESTERDAY        0.00          2.17 1959   0.08  -0.08     0.00
  MONTH TO DATE    2.85                      1.23   1.62     0.03
  SINCE JUN 1      6.11                      5.47   0.64     1.29
  SINCE JAN 1     16.62                     12.34   4.28    19.99

SNOWFALL (IN)
  YESTERDAY        0.0
  MONTH TO DATE    0.0
  SINCE JUN 1      0.0
  SINCE JUL 1      0.0

DEGREE DAYS
 HEATING
  YESTERDAY        0                         0      0        0
  MONTH TO DATE    0                         0      0        0
  SINCE JUN 1      0                         0      0        0
  SINCE JUL 1      0                         0      0        0

 COOLING
  YESTERDAY       23                        23      0       26
  MONTH TO DATE  572                       572      0      624
  SINCE JUN 1   2012                      1945     67     1983
  SINCE JAN 1   3276                      3088    188     2925
..................................................................


WIND (MPH)
  HIGHEST WIND SPEED    18   HIGHEST WIND DIRECTION    SE (150)
  HIGHEST GUST SPEED    27   HIGHEST GUST DIRECTION    SE (150)
  AVERAGE WIND SPEED    14.5


SKY COVER
  POSSIBLE SUNSHINE  MM
  AVERAGE SKY COVER 0.0


WEATHER CONDITIONS
 THE FOLLOWING WEATHER WAS RECORDED YESTERDAY.
  NO SIGNIFICANT WEATHER WAS OBSERVED.


RELATIVE HUMIDITY (PERCENT)
 HIGHEST    88           500 AM
 LOWEST     33           400 PM

..........................................................


THE LAREDO CLIMATE NORMALS FOR TODAY
                         NORMAL    RECORD    YEAR
 MAXIMUM TEMPERATURE (F)   99       109      1935
                                             1998
 MINIMUM TEMPERATURE (F)   77        62      1973


SUNRISE AND SUNSET
AUGUST 25 2016........SUNRISE   714 AM CDT   SUNSET   805 PM CDT
AUGUST 26 2016........SUNRISE   714 AM CDT   SUNSET   804 PM CDT


-  INDICATES NEGATIVE NUMBERS.
R  INDICATES RECORD WAS SET OR TIED.
MM INDICATES DATA IS MISSING.
T  INDICATES TRACE AMOUNT.




$$
