000
CDUS44 KCRP 200944
CLILRD

CLIMATE REPORT
NATIONAL WEATHER SERVICE CORPUS CHRISTI TX
340 AM CST MON FEB 20 2017


...................................

...THE LAREDO CLIMATE SUMMARY FOR FEBRUARY 19 2017...

CLIMATE NORMAL PERIOD 1981 TO 2010
CLIMATE RECORD PERIOD 1900 TO 2017


WEATHER ITEM   OBSERVED TIME   RECORD YEAR NORMAL DEPARTURE LAST
                VALUE   (LST)  VALUE       VALUE  FROM      YEAR
                                                  NORMAL
..................................................................
TEMPERATURE (F)
 YESTERDAY
  MAXIMUM         89        MM 100    1986  73     16       87
  MINIMUM         63   1100 PM  30    1910  51     12       65
  AVERAGE         76                        62     14       76

PRECIPITATION (IN)
  YESTERDAY        0.84          1.58 1982   0.03   0.81     0.00
  MONTH TO DATE    0.88                      0.63   0.25     0.00
  SINCE DEC 1      2.51                      2.41   0.10     2.01
  SINCE JAN 1      0.89                      1.53  -0.64     1.88

SNOWFALL (IN)
  YESTERDAY        0.0
  MONTH TO DATE    0.0
  SINCE DEC 1      0.0
  SINCE JUL 1      0.0

DEGREE DAYS
 HEATING
  YESTERDAY        0                         5     -5        0
  MONTH TO DATE   36                       124    -88       77
  SINCE DEC 1    361                       688   -327      488
  SINCE JUL 1    378                       803   -425      559

 COOLING
  YESTERDAY       11                         2      9       11
  MONTH TO DATE  121                        34     87       57
  SINCE DEC 1    286                        97    189      127
  SINCE JAN 1    223                        62    161       64
..................................................................


WIND (MPH)
  HIGHEST WIND SPEED    15   HIGHEST WIND DIRECTION    SE (140)
  HIGHEST GUST SPEED    16   HIGHEST GUST DIRECTION     E (90)
  AVERAGE WIND SPEED     9.8


SKY COVER
  POSSIBLE SUNSHINE  MM
  AVERAGE SKY COVER 0.4


WEATHER CONDITIONS
 THE FOLLOWING WEATHER WAS RECORDED YESTERDAY.
  THUNDERSTORM
  RAIN
  LIGHT RAIN


RELATIVE HUMIDITY (PERCENT)
 HIGHEST    84           500 AM
 LOWEST     43           400 PM

..........................................................


THE LAREDO CLIMATE NORMALS FOR TODAY
                         NORMAL    RECORD    YEAR
 MAXIMUM TEMPERATURE (F)   73       103      1986
 MINIMUM TEMPERATURE (F)   51        25      1908


SUNRISE AND SUNSET
FEBRUARY 20 2017......SUNRISE   710 AM CST   SUNSET   633 PM CST
FEBRUARY 21 2017......SUNRISE   709 AM CST   SUNSET   634 PM CST


-  INDICATES NEGATIVE NUMBERS.
R  INDICATES RECORD WAS SET OR TIED.
MM INDICATES DATA IS MISSING.
T  INDICATES TRACE AMOUNT.




$$
