000
CDUS44 KCRP 300834
CLILRD

CLIMATE REPORT
NATIONAL WEATHER SERVICE CORPUS CHRISTI TX
332 AM CDT SAT APR 30 2016

...................................

...THE LAREDO CLIMATE SUMMARY FOR APRIL 29 2016...

CLIMATE NORMAL PERIOD 1981 TO 2010
CLIMATE RECORD PERIOD 1900 TO 2016

WEATHER ITEM   OBSERVED TIME   RECORD YEAR NORMAL DEPARTURE LAST
                VALUE   (LST)  VALUE       VALUE  FROM      YEAR
                                                  NORMAL
..................................................................
TEMPERATURE (F)
 YESTERDAY
  MAXIMUM         94        MM 110    1909  90      4       76
  MINIMUM         76        MM  37    1925  68      8       51
  AVERAGE         85                        79      6       64

PRECIPITATION (IN)
  YESTERDAY        0.00          2.35 1900   0.06  -0.06     0.00
  MONTH TO DATE    1.91                      1.35   0.56     5.51
  SINCE MAR 1      5.88                      2.47   3.41     8.08
  SINCE JAN 1      7.77                      4.31   3.46     8.96

SNOWFALL (IN)
  YESTERDAY        0.0
  MONTH TO DATE    0.0
  SINCE MAR 1      0.0
  SINCE JUL 1      0.0

DEGREE DAYS
 HEATING
  YESTERDAY        0                         0      0        1
  MONTH TO DATE    0                        12    -12        1
  SINCE MAR 1     18                        81    -63      129
  SINCE JUL 1    594                       925   -331     1064

 COOLING
  YESTERDAY       20                        14      6        0
  MONTH TO DATE  364                       328     36      310
  SINCE MAR 1    621                       501    120      401
  SINCE JAN 1    739                       586    153      449
..................................................................

WIND (MPH)
  HIGHEST WIND SPEED    20   HIGHEST WIND DIRECTION     S (160)
  HIGHEST GUST SPEED    28   HIGHEST GUST DIRECTION     S (160)
  AVERAGE WIND SPEED    11.6

SKY COVER
  POSSIBLE SUNSHINE  MM
  AVERAGE SKY COVER 0.5

WEATHER CONDITIONS
 THE FOLLOWING WEATHER WAS RECORDED YESTERDAY.
  NO SIGNIFICANT WEATHER WAS OBSERVED.


RELATIVE HUMIDITY (PERCENT)
 HIGHEST    88           100 AM
 LOWEST     44           400 PM

..........................................................

THE LAREDO CLIMATE NORMALS FOR TODAY
                         NORMAL    RECORD    YEAR
 MAXIMUM TEMPERATURE (F)   90       109      1909
 MINIMUM TEMPERATURE (F)   68        39      1925

SUNRISE AND SUNSET
APRIL 30 2016.........SUNRISE   659 AM CDT   SUNSET   811 PM CDT
MAY  1 2016...........SUNRISE   658 AM CDT   SUNSET   812 PM CDT

-  INDICATES NEGATIVE NUMBERS.
R  INDICATES RECORD WAS SET OR TIED.
MM INDICATES DATA IS MISSING.
T  INDICATES TRACE AMOUNT.

$$
