000
CDUS44 KCRP 230746 RRA
CLILRD

CLIMATE REPORT
NATIONAL WEATHER SERVICE CORPUS CHRISTI TX
244 AM CDT SAT JUL 23 2016

...................................

...THE LAREDO CLIMATE SUMMARY FOR JULY 22 2016...

CLIMATE NORMAL PERIOD 1981 TO 2010
CLIMATE RECORD PERIOD 1900 TO 2016

WEATHER ITEM   OBSERVED TIME   RECORD YEAR NORMAL DEPARTURE LAST
                VALUE   (LST)  VALUE       VALUE  FROM      YEAR
                                                  NORMAL
..................................................................
TEMPERATURE (F)
 YESTERDAY
  MAXIMUM        103        MM 107    1998 100      3      103
  MINIMUM         76        MM  66    1908  77     -1       79
  AVERAGE         90                        88      2       91

PRECIPITATION (IN)
  YESTERDAY        0.00          1.20 1919   0.05  -0.05     0.00
  MONTH TO DATE    0.04                      1.60  -1.56      T
  SINCE JUN 1      1.96                      3.83  -1.87     1.20
  SINCE JAN 1     12.47                     10.70   1.77    19.90

SNOWFALL (IN)
  YESTERDAY        0.0
  MONTH TO DATE    0.0
  SINCE JUN 1      0.0
  SINCE JUL 1      0.0

DEGREE DAYS
 HEATING
  YESTERDAY        0                         0      0        0
  MONTH TO DATE    0                         0      0        0
  SINCE JUN 1      0                         0      0        0
  SINCE JUL 1      0                         0      0        0

 COOLING
  YESTERDAY       25                        23      2       26
  MONTH TO DATE  581                       506     75      520
  SINCE JUN 1   1224                      1166     58     1120
  SINCE JAN 1   2488                      2309    179     2062
..................................................................

WIND (MPH)
  HIGHEST WIND SPEED    20   HIGHEST WIND DIRECTION    SE (120)
  HIGHEST GUST SPEED    25   HIGHEST GUST DIRECTION    SE (120)
  AVERAGE WIND SPEED     9.9

SKY COVER
  POSSIBLE SUNSHINE  MM
  AVERAGE SKY COVER 0.1

WEATHER CONDITIONS
 THE FOLLOWING WEATHER WAS RECORDED YESTERDAY.
  NO SIGNIFICANT WEATHER WAS OBSERVED.

RELATIVE HUMIDITY (PERCENT)
 HIGHEST    82           500 AM
 LOWEST     31           300 PM

..........................................................

THE LAREDO CLIMATE NORMALS FOR TODAY
                         NORMAL    RECORD    YEAR
 MAXIMUM TEMPERATURE (F)  100       109      1994
 MINIMUM TEMPERATURE (F)   77        64      1908

SUNRISE AND SUNSET
JULY 23 2016..........SUNRISE   657 AM CDT   SUNSET   832 PM CDT
JULY 24 2016..........SUNRISE   657 AM CDT   SUNSET   831 PM CDT

-  INDICATES NEGATIVE NUMBERS.
R  INDICATES RECORD WAS SET OR TIED.
MM INDICATES DATA IS MISSING.
T  INDICATES TRACE AMOUNT.

$$
