000
CDUS44 KCRP 240025
CLILRD

CLIMATE REPORT
NATIONAL WEATHER SERVICE CORPUS CHRISTI TX
724 PM CDT SUN APR 23 2017

...................................

...THE LAREDO CLIMATE SUMMARY FOR APRIL 23 2017...
VALID AS OF 656 PM LOCAL TIME.

CLIMATE NORMAL PERIOD 1981 TO 2010
CLIMATE RECORD PERIOD 1900 TO 2017


WEATHER ITEM   OBSERVED TIME   RECORD YEAR NORMAL DEPARTURE LAST
                VALUE   (LST)  VALUE       VALUE  FROM      YEAR
                                                  NORMAL
..................................................................
TEMPERATURE (F)
 TODAY
  MAXIMUM         79        MM 109    1958  89    -10       92
  MINIMUM         59        MM  47    1907  66     -7       66
  AVERAGE         69                        78     -9       79

PRECIPITATION (IN)
  TODAY            T             2.00 1905   0.06  -0.06     0.51
  MONTH TO DATE    1.48                      0.99   0.49     0.91
  SINCE MAR 1      3.82                      2.11   1.71     4.88
  SINCE JAN 1      4.79                      3.95   0.84     6.77

SNOWFALL (IN)
  TODAY            0.0
  MONTH TO DATE    0.0
  SINCE MAR 1      0.0
  SINCE JUL 1      0.0
  SNOW DEPTH       0

DEGREE DAYS
 HEATING
  TODAY            0                         0      0        0
  MONTH TO DATE    0                        12    -12        0
  SINCE MAR 1     16                        81    -65       18
  SINCE JUL 1    396                       925   -529      594

 COOLING
  TODAY            4                        13     -9       14
  MONTH TO DATE  278                       247     31      251
  SINCE MAR 1    554                       420    134      508
  SINCE JAN 1    860                       505    355      626
..................................................................


WIND (MPH)
  HIGHEST WIND SPEED    14   HIGHEST WIND DIRECTION    NW (330)
  HIGHEST GUST SPEED    17   HIGHEST GUST DIRECTION    NW (330)


SKY COVER
  POSSIBLE SUNSHINE  MM
  AVERAGE SKY COVER 0.7


WEATHER CONDITIONS
 THE FOLLOWING WEATHER WAS RECORDED TODAY.
  LIGHT RAIN


RELATIVE HUMIDITY (PERCENT)
 HIGHEST    78           500 AM
 LOWEST     26           300 PM
 AVERAGE    52

..........................................................


THE LAREDO CLIMATE NORMALS FOR TOMORROW
                         NORMAL    RECORD    YEAR
 MAXIMUM TEMPERATURE (F)   89       102      1988
 MINIMUM TEMPERATURE (F)   67        51      2013


SUNRISE AND SUNSET
APRIL 23 2017.........SUNRISE   705 AM CDT   SUNSET   807 PM CDT
APRIL 24 2017.........SUNRISE   704 AM CDT   SUNSET   808 PM CDT


-  INDICATES NEGATIVE NUMBERS.
R  INDICATES RECORD WAS SET OR TIED.
MM INDICATES DATA IS MISSING.
T  INDICATES TRACE AMOUNT.




$$
