000
CDUS44 KCRP 270738
CLILRD

CLIMATE REPORT
NATIONAL WEATHER SERVICE CORPUS CHRISTI TX
234 AM CDT TUE SEP 27 2016


...................................

...THE LAREDO CLIMATE SUMMARY FOR SEPTEMBER 26 2016...

CLIMATE NORMAL PERIOD 1981 TO 2010
CLIMATE RECORD PERIOD 1900 TO 2016


WEATHER ITEM   OBSERVED TIME   RECORD YEAR NORMAL DEPARTURE LAST
                VALUE   (LST)  VALUE       VALUE  FROM      YEAR
                                                  NORMAL
..................................................................
TEMPERATURE (F)
 YESTERDAY
  MAXIMUM         86        MM 106    2011  91     -5       91
  MINIMUM         69        MM  51    1989  70     -1       71
  AVERAGE         78                        80     -2       81

PRECIPITATION (IN)
  YESTERDAY        0.41          1.91 1980   0.09   0.32     0.02
  MONTH TO DATE    5.05                      2.58   2.47     1.19
  SINCE SEP 1      5.05                      2.58   2.47     1.19
  SINCE JAN 1     22.13                     15.57   6.56    21.18

SNOWFALL (IN)
  YESTERDAY        0.0
  MONTH TO DATE    0.0
  SINCE SEP 1      0.0
  SINCE JUL 1      0.0

DEGREE DAYS
 HEATING
  YESTERDAY        0                         0      0        0
  MONTH TO DATE    0                         0      0        0
  SINCE SEP 1      0                         0      0        0
  SINCE JUL 1      0                         0      0        0

 COOLING
  YESTERDAY       13                        15     -2       16
  MONTH TO DATE  575                       481     94      557
  SINCE SEP 1    575                       481     94      557
  SINCE JAN 1   3994                      3724    270     3646
..................................................................


WIND (MPH)
  HIGHEST WIND SPEED    MM   HIGHEST WIND DIRECTION    MM
  HIGHEST GUST SPEED    MM   HIGHEST GUST DIRECTION    MM
  AVERAGE WIND SPEED    MM


SKY COVER
  POSSIBLE SUNSHINE  MM
  AVERAGE SKY COVER 0.7


WEATHER CONDITIONS
 THE FOLLOWING WEATHER WAS RECORDED YESTERDAY.
  RAIN
  LIGHT RAIN
  FOG


RELATIVE HUMIDITY (PERCENT)
 HIGHEST   100           300 AM
 LOWEST     65           300 PM

..........................................................


THE LAREDO CLIMATE NORMALS FOR TODAY
                         NORMAL    RECORD    YEAR
 MAXIMUM TEMPERATURE (F)   91       105      2005
 MINIMUM TEMPERATURE (F)   70        47      1942


SUNRISE AND SUNSET
SEPTEMBER 27 2016.....SUNRISE   729 AM CDT   SUNSET   728 PM CDT
SEPTEMBER 28 2016.....SUNRISE   729 AM CDT   SUNSET   727 PM CDT


-  INDICATES NEGATIVE NUMBERS.
R  INDICATES RECORD WAS SET OR TIED.
MM INDICATES DATA IS MISSING.
T  INDICATES TRACE AMOUNT.

$$

CB
