000
CDUS44 KCRP 270037 RRB
CLILRD

CLIMATE REPORT
NATIONAL WEATHER SERVICE CORPUS CHRISTI TX
735 PM CDT WED JUL 26 2017

...................................

...THE LAREDO CLIMATE SUMMARY FOR JULY 26 2017...
VALID TODAY AS OF 700 PM LOCAL TIME.

CLIMATE NORMAL PERIOD 1981 TO 2010
CLIMATE RECORD PERIOD 1900 TO 2017


WEATHER ITEM   OBSERVED TIME   RECORD YEAR NORMAL DEPARTURE LAST
                VALUE   (LST)  VALUE       VALUE  FROM      YEAR
                                                  NORMAL
..................................................................
TEMPERATURE (F)
 TODAY
  MAXIMUM        103        MM 107    2015 100      3       96
                                      1995
  MINIMUM         77        MM  66    1908  77      0       76
  AVERAGE         90                        88      2       86

PRECIPITATION (IN)
  TODAY            0.00          2.80 1996   0.05  -0.05     0.13
  MONTH TO DATE    0.42                      1.79  -1.37     0.17
  SINCE JUN 1      1.38                      4.02  -2.64     2.09
  SINCE JAN 1     11.78                     10.89   0.89    12.60

SNOWFALL (IN)
  TODAY            0.0
  MONTH TO DATE    0.0
  SINCE JUN 1      0.0
  SINCE JUL 1      0.0

DEGREE DAYS
 HEATING
  TODAY            0                         0      0        0
  MONTH TO DATE    0                         0      0        0
  SINCE JUN 1      0                         0      0        0
  SINCE JUL 1      0                         0      0        0

 COOLING
  TODAY           25                        23      2       21
  MONTH TO DATE  641                       598     43      682
  SINCE JUN 1   1323                      1258     65     1325
  SINCE JAN 1   2846                      2401    445     2589
..................................................................


WIND (MPH)
  HIGHEST WIND SPEED    25   HIGHEST WIND DIRECTION    SE (120)
  HIGHEST GUST SPEED    33   HIGHEST GUST DIRECTION    SE (130)


SKY COVER
  POSSIBLE SUNSHINE  MM
  AVERAGE SKY COVER 0.1


WEATHER CONDITIONS
 THE FOLLOWING WEATHER WAS RECORDED TODAY.
  NO SIGNIFICANT WEATHER WAS OBSERVED.


RELATIVE HUMIDITY (PERCENT)
 HIGHEST    76           600 AM
 LOWEST     29           400 PM
 AVERAGE    53

..........................................................


THE LAREDO CLIMATE NORMALS FOR TOMORROW
                         NORMAL    RECORD    YEAR
 MAXIMUM TEMPERATURE (F)  100       109      1954
 MINIMUM TEMPERATURE (F)   77        65      1915


SUNRISE AND SUNSET
JULY 26 2017..........SUNRISE   658 AM CDT   SUNSET   830 PM CDT
JULY 27 2017..........SUNRISE   659 AM CDT   SUNSET   830 PM CDT


-  INDICATES NEGATIVE NUMBERS.
R  INDICATES RECORD WAS SET OR TIED.
MM INDICATES DATA IS MISSING.
T  INDICATES TRACE AMOUNT.




$$
