000
CDUS43 KARX 010702
CLILSE


CLIMATE REPORT
NATIONAL WEATHER SERVICE LA CROSSE WI
101 AM CST SUN FEB 1 2015


...................................

...THE LA CROSSE WI CLIMATE SUMMARY FOR JANUARY 31 2015...

CLIMATE NORMAL PERIOD 1981 TO 2010
CLIMATE RECORD PERIOD 1873 TO 2015


WEATHER ITEM   OBSERVED TIME   RECORD YEAR NORMAL DEPARTURE LAST
                VALUE   (LST)  VALUE       VALUE  FROM      YEAR
                                                  NORMAL
..................................................................
TEMPERATURE (F)
 YESTERDAY
  MAXIMUM         33    344 PM  52    1989  27      6        8
  MINIMUM         22    436 AM -30    1994   9     13       -7
  AVERAGE         28                        18     10        1

PRECIPITATION (IN)
  YESTERDAY        0.06          0.53 1881   0.04   0.02     0.00
  MONTH TO DATE    0.67                      1.12  -0.45     0.98
  SINCE DEC 1      1.77                      2.48  -0.71     2.50
  SINCE JAN 1      0.67                      1.12  -0.45     0.98

SNOWFALL (IN)
  YESTERDAY        0.8           4.7  1965   0.4    0.4      0.0
  MONTH TO DATE    9.4                      10.7   -1.3     15.7
  SINCE JUL 1     19.2                      26.3   -7.1     29.4
  SNOW DEPTH       3

DEGREE DAYS
 HEATING
  YESTERDAY       37                        47    -10       64
  MONTH TO DATE 1368                      1477   -109     1719
  SINCE JUL 1   4107                      4319   -212     4647

 COOLING
  YESTERDAY        0                         0      0        0
  MONTH TO DATE    0                         0      0        0
  SINCE JAN 1      0                         0      0        0
..................................................................


WIND (MPH)
  HIGHEST WIND SPEED    15   HIGHEST WIND DIRECTION    NE (60)
  HIGHEST GUST SPEED    20   HIGHEST GUST DIRECTION    NE (60)
  AVERAGE WIND SPEED     6.0


SKY COVER
  POSSIBLE SUNSHINE  MM
  AVERAGE SKY COVER 0.8


WEATHER CONDITIONS
 THE FOLLOWING WEATHER WAS RECORDED YESTERDAY.
  LIGHT SNOW
  FOG


RELATIVE HUMIDITY (PERCENT)
 HIGHEST    78          1100 PM
 LOWEST     60          1200 AM
 AVERAGE    69

..........................................................


THE LA CROSSE WI CLIMATE NORMALS FOR TODAY
                         NORMAL    RECORD    YEAR
 MAXIMUM TEMPERATURE (F)   28        48      1931
 MINIMUM TEMPERATURE (F)   10       -28      1918


SUNRISE AND SUNSET
FEBRUARY  1 2015......SUNRISE   722 AM CST   SUNSET   515 PM CST
FEBRUARY  2 2015......SUNRISE   721 AM CST   SUNSET   517 PM CST


-  INDICATES NEGATIVE NUMBERS.
R  INDICATES RECORD WAS SET OR TIED.
MM INDICATES DATA IS MISSING.
T  INDICATES TRACE AMOUNT.




$$
