000
CDUS46 KMTR 100036
CLILVK


CLIMATE REPORT
NATIONAL WEATHER SERVICE SAN FRANCISCO BAY AREA
436 PM PST FRI DEC 9 2016


...................................

...THE LIVERMORE AIRPORT CLIMATE SUMMARY FOR DECEMBER 9 2016...
VALID TODAY AS OF 0400 PM LOCAL TIME.

CLIMATE NORMAL PERIOD 1981 TO 2010
CLIMATE RECORD PERIOD 1930 TO 2016


WEATHER ITEM   OBSERVED TIME   RECORD YEAR NORMAL DEPARTURE LAST
                VALUE   (LST)  VALUE       VALUE  FROM      YEAR
                                                  NORMAL
..................................................................
TEMPERATURE (F)
 TODAY
  MAXIMUM         64    249 PM  72    1940  57      7       69
  MINIMUM         53    748 AM  18    1972  38     15       50
  AVERAGE         59                        47     12       60

PRECIPITATION (IN)
  TODAY            0.00          0.83 1955   0.07  -0.07     0.00
  MONTH TO DATE    0.58                      0.57   0.01     0.20
  SINCE OCT 1      4.58                      3.47   1.11     2.64
  SINCE JAN 1     14.96                     13.60   1.36     6.82

DEGREE DAYS
 HEATING
  TODAY            6                        18    -12        5
  MONTH TO DATE  142                       152    -10      120
  SINCE DEC 1    142                       152    -10      120
  SINCE JUL 1    514                       624   -110      535

 COOLING
  TODAY            0                         0      0        0
  MONTH TO DATE    0                         0      0        0
  SINCE DEC 1      0                         0      0        0
  SINCE JAN 1    955                       830    125     1463
..................................................................


WIND (MPH)
  RESULTANT WIND SPEED   2   RESULTANT WIND DIRECTION   W (260)
  HIGHEST WIND SPEED    12   HIGHEST WIND DIRECTION    SW (240)
  HIGHEST GUST SPEED    14   HIGHEST GUST DIRECTION    SW (240)
  AVERAGE WIND SPEED     2.6


SKY COVER
  POSSIBLE SUNSHINE  MM
  AVERAGE SKY COVER 0.8


WEATHER CONDITIONS
 THE FOLLOWING WEATHER WAS RECORDED TODAY.
  FOG


RELATIVE HUMIDITY (PERCENT)
 HIGHEST   100           300 AM
 LOWEST     67           100 PM
 AVERAGE    84

..........................................................


THE LIVERMORE AIRPORT CLIMATE NORMALS FOR TOMORROW
                         NORMAL    RECORD    YEAR
 MAXIMUM TEMPERATURE (F)   57        71      1958
 MINIMUM TEMPERATURE (F)   38        20      1972


SUNRISE AND SUNSET
DECEMBER  9 2016......SUNRISE   711 AM PST   SUNSET   449 PM PST
DECEMBER 10 2016......SUNRISE   712 AM PST   SUNSET   449 PM PST


-  INDICATES NEGATIVE NUMBERS.
R  INDICATES RECORD WAS SET OR TIED.
MM INDICATES DATA IS MISSING.
T  INDICATES TRACE AMOUNT.




$$
