000
CDUS46 KMTR 030831
CLILVK


CLIMATE REPORT
NATIONAL WEATHER SERVICE SAN FRANCISCO BAY AREA
131 AM PDT TUE MAY 3 2016


...................................

...THE LIVERMORE AIRPORT CLIMATE SUMMARY FOR MAY 2 2016...

CLIMATE NORMAL PERIOD 1981 TO 2010
CLIMATE RECORD PERIOD 1930 TO 2016


WEATHER ITEM   OBSERVED TIME   RECORD YEAR NORMAL DEPARTURE LAST
                VALUE   (LST)  VALUE       VALUE  FROM      YEAR
                                                  NORMAL
..................................................................
TEMPERATURE (F)
 YESTERDAY
  MAXIMUM         81    236 PM  96    1947  73      8       83
  MINIMUM         48    518 AM  33    1965  47      1       54
  AVERAGE         65                        60      5       69

PRECIPITATION (IN)
  YESTERDAY        0.00          0.48 2003   0.03  -0.03     0.00
  MONTH TO DATE    0.00                      0.06  -0.06     0.00
  SINCE OCT 1     15.18                     14.88   0.30    13.04
  SINCE JAN 1     10.18                      9.30   0.88     3.42

DEGREE DAYS
 HEATING
  YESTERDAY        0                         6     -6        0
  MONTH TO DATE    0                        12    -12        0
  SINCE MAR 1    420                       627   -207      294
  SINCE JUL 1   2125                      2634   -509     1480

 COOLING
  YESTERDAY        0                         1     -1        4
  MONTH TO DATE    0                         2     -2       11
  SINCE MAR 1      8                        11     -3       31
  SINCE JAN 1      8                        11     -3       31
..................................................................


WIND (MPH)
  RESULTANT WIND SPEED   3   RESULTANT WIND DIRECTION   W (290)
  HIGHEST WIND SPEED    16   HIGHEST WIND DIRECTION     W (270)
  HIGHEST GUST SPEED    20   HIGHEST GUST DIRECTION     W (290)
  AVERAGE WIND SPEED     5.5


SKY COVER
  POSSIBLE SUNSHINE  MM
  AVERAGE SKY COVER 0.1


WEATHER CONDITIONS
 THE FOLLOWING WEATHER WAS RECORDED YESTERDAY.
  NO SIGNIFICANT WEATHER WAS OBSERVED.


RELATIVE HUMIDITY (PERCENT)
 HIGHEST    80           400 AM
 LOWEST     35           300 PM
 AVERAGE    58

..........................................................


THE LIVERMORE AIRPORT CLIMATE NORMALS FOR TODAY
                         NORMAL    RECORD    YEAR
 MAXIMUM TEMPERATURE (F)   73        93      2013
 MINIMUM TEMPERATURE (F)   48        33      1968


SUNRISE AND SUNSET
MAY  3 2016...........SUNRISE   609 AM PDT   SUNSET   800 PM PDT
MAY  4 2016...........SUNRISE   608 AM PDT   SUNSET   801 PM PDT


-  INDICATES NEGATIVE NUMBERS.
R  INDICATES RECORD WAS SET OR TIED.
MM INDICATES DATA IS MISSING.
T  INDICATES TRACE AMOUNT.




$$
