000
CDUS46 KMTR 220827
CLILVK


CLIMATE REPORT
NATIONAL WEATHER SERVICE SAN FRANCISCO BAY AREA
1227 AM PST SAT NOV 22 2014


...................................

...THE LIVERMORE AIRPORT CLIMATE SUMMARY FOR NOVEMBER 21 2014...

CLIMATE NORMAL PERIOD 1981 TO 2010
CLIMATE RECORD PERIOD 1930 TO 2014


WEATHER ITEM   OBSERVED TIME   RECORD YEAR NORMAL DEPARTURE LAST
                VALUE   (LST)  VALUE       VALUE  FROM      YEAR
                                                  NORMAL
..................................................................
TEMPERATURE (F)
 YESTERDAY
  MAXIMUM         64    309 PM  75    1949  62      2       62
  MINIMUM         51    454 AM  25    1941  41     10       51
  AVERAGE         58                        52      6       57

PRECIPITATION (IN)
  YESTERDAY        T             1.19 1951   0.07  -0.07     0.10
  MONTH TO DATE    0.79                      1.41  -0.62     1.52
  SINCE JUL 1      1.19                      2.56  -1.37     1.99
  SINCE JAN 1      6.07                     12.46  -6.39     4.11

DEGREE DAYS
 HEATING
  YESTERDAY        7                        13     -6        8
  MONTH TO DATE  119                       210    -91      137
  SINCE SEP 1    149                       331   -182      216
  SINCE JUL 1    149                       338   -189      216

 COOLING
  YESTERDAY        0                         0      0        0
  MONTH TO DATE    0                         0      0        0
  SINCE SEP 1    354                       204    150      215
  SINCE JAN 1   1268                       829    439     1039
..................................................................


WIND (MPH)
  RESULTANT WIND SPEED   0   RESULTANT WIND DIRECTION   E (70)
  HIGHEST WIND SPEED     6   HIGHEST WIND DIRECTION     W (260)
  HIGHEST GUST SPEED     7   HIGHEST GUST DIRECTION     W (260)
  AVERAGE WIND SPEED     0.8


SKY COVER
  POSSIBLE SUNSHINE  MM
  AVERAGE SKY COVER 0.9


WEATHER CONDITIONS
 THE FOLLOWING WEATHER WAS RECORDED YESTERDAY.
  LIGHT RAIN
  FOG


RELATIVE HUMIDITY (PERCENT)
 HIGHEST    96           400 AM
 LOWEST     52           300 PM
 AVERAGE    74

..........................................................


THE LIVERMORE AIRPORT CLIMATE NORMALS FOR TODAY
                         NORMAL    RECORD    YEAR
 MAXIMUM TEMPERATURE (F)   62        76      1936
 MINIMUM TEMPERATURE (F)   41        27      1975


SUNRISE AND SUNSET
NOVEMBER 22 2014......SUNRISE   655 AM PST   SUNSET   452 PM PST
NOVEMBER 23 2014......SUNRISE   656 AM PST   SUNSET   451 PM PST


-  INDICATES NEGATIVE NUMBERS.
R  INDICATES RECORD WAS SET OR TIED.
MM INDICATES DATA IS MISSING.
T  INDICATES TRACE AMOUNT.




$$
