000
CDUS43 KTOP 010641
CLILWC


CLIMATE REPORT
NATIONAL WEATHER SERVICE TOPEKA KS
140 AM CDT WED JUL 1 2015


...................................

...THE LAWRENCE KS CLIMATE SUMMARY FOR JUNE 30 2015...

CLIMATE NORMAL PERIOD 1981 TO 2010
CLIMATE RECORD PERIOD 9999 TO 9999


WEATHER ITEM   OBSERVED NORMAL DEPARTURE LAST
                VALUE   VALUE  FROM      YEAR
                               NORMAL
...............................................
TEMPERATURE (F)
 YESTERDAY
  MAXIMUM         91     88      3       94
  MINIMUM         62     66     -4       70
  AVERAGE         77     77      0       82

PRECIPITATION (IN)
  YESTERDAY        0.01   0.15  -0.14     0.00
  MONTH TO DATE    4.31   5.46  -1.15     9.16
  SINCE JUN 1      4.31   5.46  -1.15     9.16
  SINCE JAN 1     18.59  19.35  -0.76    16.82

DEGREE DAYS
 HEATING
  YESTERDAY        0      0      0        0
  MONTH TO DATE    3      6     -3        0
  SINCE JUN 1      3      8     -5        0
  SINCE JUL 1   5228   5092    136     5635

 COOLING
  YESTERDAY       12     12      0       17
  MONTH TO DATE  340    275     65      318
  SINCE JUN 1    340    275     65      318
  SINCE JAN 1    416    394     22      511
...............................................


WIND (MPH)
  HIGHEST WIND SPEED    10   HIGHEST WIND DIRECTION     E (100)
  HIGHEST GUST SPEED    13   HIGHEST GUST DIRECTION     E (100)
  AVERAGE WIND SPEED     5.2


SKY COVER
  AVERAGE SKY COVER 0.1


WEATHER CONDITIONS
 THE FOLLOWING WEATHER WAS RECORDED YESTERDAY.
  FOG
  HAZE


RELATIVE HUMIDITY (PERCENT)
 HIGHEST    93
 LOWEST     47
 AVERAGE    70

..........................................................


THE LAWRENCE KS CLIMATE NORMALS FOR TODAY
                         NORMAL
 MAXIMUM TEMPERATURE (F)   88
 MINIMUM TEMPERATURE (F)   66


SUNRISE AND SUNSET
JULY  1 2015..........SUNRISE   559 AM CDT   SUNSET   850 PM CDT
JULY  2 2015..........SUNRISE   559 AM CDT   SUNSET   850 PM CDT


-  INDICATES NEGATIVE NUMBERS.
R  INDICATES RECORD WAS SET OR TIED.
MM INDICATES DATA IS MISSING.
T  INDICATES TRACE AMOUNT.




$$
