000
CDUS43 KTOP 022141
CLILWC


CLIMATE REPORT
NATIONAL WEATHER SERVICE TOPEKA KS
440 PM CDT TUE SEP 2 2014


...................................

...THE LAWRENCE KS CLIMATE SUMMARY FOR SEPTEMBER 2 2014...
VALID TODAY AS OF 0400 PM LOCAL TIME.

CLIMATE NORMAL PERIOD 1981 TO 2010
CLIMATE RECORD PERIOD 9999 TO 9999


WEATHER ITEM   OBSERVED NORMAL DEPARTURE LAST
                VALUE   VALUE  FROM      YEAR
                               NORMAL
...............................................
TEMPERATURE (F)
 TODAY
  MAXIMUM         81     86     -5       84
  MINIMUM         MM     61     MM       60
  AVERAGE         MM     74     MM       72

PRECIPITATION (IN)
  TODAY            0.00   0.18  -0.18     0.00
  MONTH TO DATE    1.00   0.36   0.64     0.00
  SINCE SEP 1      1.00   0.36   0.64     0.00
  SINCE JAN 1     25.45  28.22  -2.77    20.28

DEGREE DAYS
 HEATING
  TODAY           MM      0     MM        0
  MONTH TO DATE   MM      0     MM        0
  SINCE SEP 1     MM      0     MM        0
  SINCE JUL 1      1      3     -2        0

 COOLING
  TODAY           MM      9     MM        7
  MONTH TO DATE   MM     18     MM       19
  SINCE SEP 1     MM     18     MM       19
  SINCE JAN 1   1307   1209     98     1240
...............................................


WIND (MPH)
  HIGHEST WIND SPEED     8   HIGHEST WIND DIRECTION     S (180)
  HIGHEST GUST SPEED    MM   HIGHEST GUST DIRECTION    MM
  AVERAGE WIND SPEED     3.8



WEATHER CONDITIONS
 THE FOLLOWING WEATHER WAS RECORDED TODAY.
  FOG
  FOG W/VISIBILITY <= 1/4 MILE
  HAZE


RELATIVE HUMIDITY (PERCENT)
 HIGHEST    93
 LOWEST     62
 AVERAGE    78

..........................................................


THE LAWRENCE KS CLIMATE NORMALS FOR TOMORROW
                         NORMAL
 MAXIMUM TEMPERATURE (F)   86
 MINIMUM TEMPERATURE (F)   60


SUNRISE AND SUNSET
SEPTEMBER  2 2014.....SUNRISE   651 AM CDT   SUNSET   750 PM CDT
SEPTEMBER  3 2014.....SUNRISE   651 AM CDT   SUNSET   748 PM CDT


-  INDICATES NEGATIVE NUMBERS.
R  INDICATES RECORD WAS SET OR TIED.
MM INDICATES DATA IS MISSING.
T  INDICATES TRACE AMOUNT.




$$
