000
CDUS43 KTOP 300635
CLILWC


CLIMATE REPORT
NATIONAL WEATHER SERVICE TOPEKA KS
135 AM CDT TUE MAY 30 2017


...................................

...THE LAWRENCE KS CLIMATE SUMMARY FOR MAY 29 2017...

CLIMATE NORMAL PERIOD 1981 TO 2010
CLIMATE RECORD PERIOD 9999 TO 9999


WEATHER ITEM   OBSERVED NORMAL DEPARTURE LAST
                VALUE   VALUE  FROM      YEAR
                               NORMAL
...............................................
TEMPERATURE (F)
 YESTERDAY
  MAXIMUM         82     81      1       87
  MINIMUM         52     58     -6       55
  AVERAGE         67     69     -2       71

PRECIPITATION (IN)
  YESTERDAY        0.00   0.17  -0.17     0.00
  MONTH TO DATE    2.76   4.83  -2.07     7.38
  SINCE MAR 1     12.01  11.22   0.79    13.52
  SINCE JAN 1     13.02  13.53  -0.51    14.64

DEGREE DAYS
 HEATING
  YESTERDAY        0      1     -1        0
  MONTH TO DATE   91    103    -12      143
  SINCE MAR 1    867   1067   -200      867
  SINCE JUL 1   4148   5082   -934     4369

 COOLING
  YESTERDAY        2      5     -3        6
  MONTH TO DATE   75     84     -9       52
  SINCE MAR 1    107    107      0       70
  SINCE JAN 1    107    107      0       70
...............................................


WIND (MPH)
  HIGHEST WIND SPEED    16   HIGHEST WIND DIRECTION    NW (300)
  HIGHEST GUST SPEED    21   HIGHEST GUST DIRECTION    NW (300)
  AVERAGE WIND SPEED     6.5


SKY COVER
  AVERAGE SKY COVER 0.1


WEATHER CONDITIONS
 THE FOLLOWING WEATHER WAS RECORDED YESTERDAY.
  NO SIGNIFICANT WEATHER WAS OBSERVED.


RELATIVE HUMIDITY (PERCENT)
 HIGHEST   100
 LOWEST     33
 AVERAGE    67

..........................................................


THE LAWRENCE KS CLIMATE NORMALS FOR TODAY
                         NORMAL
 MAXIMUM TEMPERATURE (F)   81
 MINIMUM TEMPERATURE (F)   58


SUNRISE AND SUNSET
MAY 30 2017...........SUNRISE   558 AM CDT   SUNSET   839 PM CDT
MAY 31 2017...........SUNRISE   557 AM CDT   SUNSET   840 PM CDT


-  INDICATES NEGATIVE NUMBERS.
R  INDICATES RECORD WAS SET OR TIED.
MM INDICATES DATA IS MISSING.
T  INDICATES TRACE AMOUNT.




$$
