000
CDUS43 KTOP 270632
CLILWC


CLIMATE REPORT
NATIONAL WEATHER SERVICE TOPEKA KS
131 AM CDT THU JUL 27 2017


...................................

...THE LAWRENCE KS CLIMATE SUMMARY FOR JULY 26 2017...

CLIMATE NORMAL PERIOD 1981 TO 2010
CLIMATE RECORD PERIOD 9999 TO 9999


WEATHER ITEM   OBSERVED NORMAL DEPARTURE LAST
                VALUE   VALUE  FROM      YEAR
                               NORMAL
...............................................
TEMPERATURE (F)
 YESTERDAY
  MAXIMUM         82     90     -8       89
  MINIMUM         75     68      7       64
  AVERAGE         79     79      0       77

PRECIPITATION (IN)
  YESTERDAY        1.03   0.09   0.94     0.00
  MONTH TO DATE    2.17   3.60  -1.43     4.57
  SINCE JUN 1      8.23   9.06  -0.83     5.66
  SINCE JAN 1     21.25  22.95  -1.70    20.30

DEGREE DAYS
 HEATING
  YESTERDAY        0      0      0        0
  MONTH TO DATE    0      0      0        0
  SINCE JUN 1      3      8     -5        0
  SINCE JUL 1      0      0      0        0

 COOLING
  YESTERDAY       14     14      0       12
  MONTH TO DATE  412    345     67      381
  SINCE JUN 1    697    620     77      793
  SINCE JAN 1    804    739     65      873
...............................................


WIND (MPH)
  HIGHEST WIND SPEED    15   HIGHEST WIND DIRECTION    SE (130)
  HIGHEST GUST SPEED    18   HIGHEST GUST DIRECTION    SE (120)
  AVERAGE WIND SPEED     5.7


SKY COVER
  AVERAGE SKY COVER 0.4


WEATHER CONDITIONS
 THE FOLLOWING WEATHER WAS RECORDED YESTERDAY.
  RAIN
  LIGHT RAIN
  FOG


RELATIVE HUMIDITY (PERCENT)
 HIGHEST   100
 LOWEST     85
 AVERAGE    93

..........................................................


THE LAWRENCE KS CLIMATE NORMALS FOR TODAY
                         NORMAL
 MAXIMUM TEMPERATURE (F)   90
 MINIMUM TEMPERATURE (F)   68


SUNRISE AND SUNSET
JULY 27 2017..........SUNRISE   617 AM CDT   SUNSET   837 PM CDT
JULY 28 2017..........SUNRISE   618 AM CDT   SUNSET   836 PM CDT


-  INDICATES NEGATIVE NUMBERS.
R  INDICATES RECORD WAS SET OR TIED.
MM INDICATES DATA IS MISSING.
T  INDICATES TRACE AMOUNT.




$$
