000
CDUS43 KTOP 050633
CLILWC


CLIMATE REPORT
NATIONAL WEATHER SERVICE TOPEKA KS
132 AM CDT WED AUG 5 2015


...................................

...THE LAWRENCE KS CLIMATE SUMMARY FOR AUGUST 4 2015...

CLIMATE NORMAL PERIOD 1981 TO 2010
CLIMATE RECORD PERIOD 9999 TO 9999


WEATHER ITEM   OBSERVED NORMAL DEPARTURE LAST
                VALUE   VALUE  FROM      YEAR
                               NORMAL
...............................................
TEMPERATURE (F)
 YESTERDAY
  MAXIMUM         86     90     -4       96
  MINIMUM         70     67      3       68
  AVERAGE         78     79     -1       82

PRECIPITATION (IN)
  YESTERDAY        1.27   0.09   1.18     0.00
  MONTH TO DATE    1.27   0.37   0.90     1.31
  SINCE JUN 1     13.99  10.01   3.98    12.27
  SINCE JAN 1     28.27  23.90   4.37    19.93

DEGREE DAYS
 HEATING
  YESTERDAY        0      0      0        0
  MONTH TO DATE    0      0      0        0
  SINCE JUN 1      4      9     -5        1
  SINCE JUL 1      1      1      0        1

 COOLING
  YESTERDAY       13     14     -1       17
  MONTH TO DATE   60     56      4       52
  SINCE JUN 1    818    745     73      686
  SINCE JAN 1    894    864     30      879
...............................................


WIND (MPH)
  HIGHEST WIND SPEED    23   HIGHEST WIND DIRECTION    SW (240)
  HIGHEST GUST SPEED    30   HIGHEST GUST DIRECTION    SW (230)
  AVERAGE WIND SPEED     5.2


SKY COVER
  AVERAGE SKY COVER 0.3


WEATHER CONDITIONS
 THE FOLLOWING WEATHER WAS RECORDED YESTERDAY.
  THUNDERSTORM
  HEAVY RAIN
  RAIN
  LIGHT RAIN
  FOG


RELATIVE HUMIDITY (PERCENT)
 HIGHEST    93
 LOWEST     65
 AVERAGE    79

..........................................................


THE LAWRENCE KS CLIMATE NORMALS FOR TODAY
                         NORMAL
 MAXIMUM TEMPERATURE (F)   90
 MINIMUM TEMPERATURE (F)   67


SUNRISE AND SUNSET
AUGUST  5 2015........SUNRISE   625 AM CDT   SUNSET   828 PM CDT
AUGUST  6 2015........SUNRISE   626 AM CDT   SUNSET   827 PM CDT


-  INDICATES NEGATIVE NUMBERS.
R  INDICATES RECORD WAS SET OR TIED.
MM INDICATES DATA IS MISSING.
T  INDICATES TRACE AMOUNT.




$$
