122
CDUS43 KTOP 230652
CLILWC


CLIMATE REPORT
NATIONAL WEATHER SERVICE TOPEKA KS
152 AM CDT SUN APR 23 2017


...................................

...THE LAWRENCE KS CLIMATE SUMMARY FOR APRIL 22 2017...

CLIMATE NORMAL PERIOD 1981 TO 2010
CLIMATE RECORD PERIOD 9999 TO 9999


WEATHER ITEM   OBSERVED NORMAL DEPARTURE LAST
                VALUE   VALUE  FROM      YEAR
                               NORMAL
...............................................
TEMPERATURE (F)
 YESTERDAY
  MAXIMUM         67     69     -2       72
  MINIMUM         40     45     -5       45
  AVERAGE         54     57     -3       59

PRECIPITATION (IN)
  YESTERDAY        T      0.15  -0.15     0.00
  MONTH TO DATE    4.29   2.54   1.75     1.13
  SINCE MAR 1      6.65   5.16   1.49     2.78
  SINCE JAN 1      7.66   7.47   0.19     3.90

DEGREE DAYS
 HEATING
  YESTERDAY       11      9      2        6
  MONTH TO DATE  161    263   -102      204
  SINCE MAR 1    680    904   -224      688
  SINCE JUL 1   3961   4919   -958     4190

 COOLING
  YESTERDAY        0      1     -1        0
  MONTH TO DATE   25     15     10        4
  SINCE MAR 1     32     18     14        7
  SINCE JAN 1     32     18     14        7
...............................................


WIND (MPH)
  HIGHEST WIND SPEED    24   HIGHEST WIND DIRECTION     N (10)
  HIGHEST GUST SPEED    32   HIGHEST GUST DIRECTION    NE (30)
  AVERAGE WIND SPEED    12.7


SKY COVER
  AVERAGE SKY COVER 0.2


WEATHER CONDITIONS
 THE FOLLOWING WEATHER WAS RECORDED YESTERDAY.
  LIGHT RAIN


RELATIVE HUMIDITY (PERCENT)
 HIGHEST    76
 LOWEST     28
 AVERAGE    52

..........................................................


THE LAWRENCE KS CLIMATE NORMALS FOR TODAY
                         NORMAL
 MAXIMUM TEMPERATURE (F)   69
 MINIMUM TEMPERATURE (F)   45


SUNRISE AND SUNSET
APRIL 23 2017.........SUNRISE   633 AM CDT   SUNSET   806 PM CDT
APRIL 24 2017.........SUNRISE   631 AM CDT   SUNSET   807 PM CDT


-  INDICATES NEGATIVE NUMBERS.
R  INDICATES RECORD WAS SET OR TIED.
MM INDICATES DATA IS MISSING.
T  INDICATES TRACE AMOUNT.




$$
