000
CDUS43 KTOP 260633
CLILWC


CLIMATE REPORT
NATIONAL WEATHER SERVICE TOPEKA KS
132 AM CDT TUE JUL 26 2016


...................................

...THE LAWRENCE KS CLIMATE SUMMARY FOR JULY 25 2016...

CLIMATE NORMAL PERIOD 1981 TO 2010
CLIMATE RECORD PERIOD 9999 TO 9999


WEATHER ITEM   OBSERVED NORMAL DEPARTURE LAST
                VALUE   VALUE  FROM      YEAR
                               NORMAL
...............................................
TEMPERATURE (F)
 YESTERDAY
  MAXIMUM         85     90     -5       94
  MINIMUM         73     68      5       75
  AVERAGE         79     79      0       85

PRECIPITATION (IN)
  YESTERDAY        T      0.10  -0.10     0.03
  MONTH TO DATE    4.57   3.51   1.06     7.53
  SINCE JUN 1      5.66   8.97  -3.31    11.84
  SINCE JAN 1     20.30  22.86  -2.56    26.12

DEGREE DAYS
 HEATING
  YESTERDAY        0      0      0        0
  MONTH TO DATE    0      0      0        1
  SINCE JUN 1      0      8     -8        4
  SINCE JUL 1      0      0      0        1

 COOLING
  YESTERDAY       14     14      0       20
  MONTH TO DATE  369    331     38      326
  SINCE JUN 1    781    606    175      666
  SINCE JAN 1    861    725    136      742
...............................................


WIND (MPH)
  HIGHEST WIND SPEED    13   HIGHEST WIND DIRECTION    NE (30)
  HIGHEST GUST SPEED    17   HIGHEST GUST DIRECTION     E (90)
  AVERAGE WIND SPEED     5.4


SKY COVER
  AVERAGE SKY COVER 0.4


WEATHER CONDITIONS
 THE FOLLOWING WEATHER WAS RECORDED YESTERDAY.
  THUNDERSTORM


RELATIVE HUMIDITY (PERCENT)
 HIGHEST    87
 LOWEST     65
 AVERAGE    76

..........................................................


THE LAWRENCE KS CLIMATE NORMALS FOR TODAY
                         NORMAL
 MAXIMUM TEMPERATURE (F)   90
 MINIMUM TEMPERATURE (F)   68


SUNRISE AND SUNSET
JULY 26 2016..........SUNRISE   617 AM CDT   SUNSET   837 PM CDT
JULY 27 2016..........SUNRISE   618 AM CDT   SUNSET   837 PM CDT


-  INDICATES NEGATIVE NUMBERS.
R  INDICATES RECORD WAS SET OR TIED.
MM INDICATES DATA IS MISSING.
T  INDICATES TRACE AMOUNT.




$$
