000
CDUS46 KOTX 212327
CLILWS


CLIMATE REPORT
NATIONAL WEATHER SERVICE SPOKANE, WA
427 PM PDT TUE OCT 21 2014


...................................

...THE LEWISTON ID AIRPORT CLIMATE SUMMARY FOR OCTOBER 21 2014...
VALID AS OF 0400 PM LOCAL TIME.

CLIMATE NORMAL PERIOD 1981 TO 2010
CLIMATE RECORD PERIOD 1881 TO 2014


WEATHER ITEM   OBSERVED TIME   RECORD YEAR NORMAL DEPARTURE LAST
                VALUE   (LST)  VALUE       VALUE  FROM      YEAR
                                                  NORMAL
..................................................................
TEMPERATURE (F)
 TODAY
  MAXIMUM         63    239 PM  83    2003  60      3       68
  MINIMUM         51    743 AM  24    1984  40     11       41
                                      1949
  AVERAGE         57                        50      7       55

PRECIPITATION (IN)
  TODAY            0.04          0.43 1975   0.03   0.01     0.00
  MONTH TO DATE    0.45                      0.60  -0.15     0.08
  SINCE OCT 1      0.45                      0.60  -0.15     0.08
  SINCE JAN 1      8.37                      9.80  -1.43     8.04

SNOWFALL (IN)
  TODAY            0.0           0.0  1995   0.0    0.0      0.0
  MONTH TO DATE    0.0                       0.0    0.0      0.0
  SINCE SEP 1      0.0                       0.0    0.0      0.0
  SINCE JUL 1      0.0                       0.0    0.0      0.0
  SNOW DEPTH       0

DEGREE DAYS
 HEATING
  TODAY            8                        15     -7       10
  MONTH TO DATE  114                       238   -124      306
  SINCE SEP 1    134                       337   -203      393
  SINCE JUL 1    134                       352   -218      393

 COOLING
  TODAY            0                         0      0        0
  MONTH TO DATE   14                         1     13        0
  SINCE SEP 1    125                        88     37      184
  SINCE JAN 1   1095                       805    290     1178
..................................................................


WIND (MPH)
  HIGHEST WIND SPEED     9   HIGHEST WIND DIRECTION    SE (130)
  HIGHEST GUST SPEED    12   HIGHEST GUST DIRECTION    SE (120)
  AVERAGE WIND SPEED     3.0


SKY COVER
  POSSIBLE SUNSHINE  MM
  AVERAGE SKY COVER 0.9


WEATHER CONDITIONS
 THE FOLLOWING WEATHER WAS RECORDED TODAY.
  LIGHT RAIN


RELATIVE HUMIDITY (PERCENT)
 HIGHEST    96
 LOWEST     46
 AVERAGE    71

..........................................................


THE LEWISTON ID AIRPORT CLIMATE NORMALS FOR TOMORROW
                         NORMAL    RECORD    YEAR
 MAXIMUM TEMPERATURE (F)   59        80      2003
 MINIMUM TEMPERATURE (F)   39        26      1984
                                             1945
                                             1895


SUNRISE AND SUNSET
OCTOBER 21 2014.......SUNRISE   714 AM PDT   SUNSET   551 PM PDT
OCTOBER 22 2014.......SUNRISE   715 AM PDT   SUNSET   549 PM PDT


-  INDICATES NEGATIVE NUMBERS.
R  INDICATES RECORD WAS SET OR TIED.
MM INDICATES DATA IS MISSING.
T  INDICATES TRACE AMOUNT.




$$
