000
CDUS46 KOTX 252327
CLILWS


CLIMATE REPORT
NATIONAL WEATHER SERVICE SPOKANE, WA
425 PM PDT SAT OCT 25 2014


...................................

...THE LEWISTON ID AIRPORT CLIMATE SUMMARY FOR OCTOBER 25 2014...
VALID AS OF 0400 PM LOCAL TIME.

CLIMATE NORMAL PERIOD 1981 TO 2010
CLIMATE RECORD PERIOD 1881 TO 2014


WEATHER ITEM   OBSERVED TIME   RECORD YEAR NORMAL DEPARTURE LAST
                VALUE   (LST)  VALUE       VALUE  FROM      YEAR
                                                  NORMAL
..................................................................
TEMPERATURE (F)
 TODAY
  MAXIMUM         68    259 PM  75    1990  58     10       66
                                      1944
  MINIMUM         48    315 AM  24    1919  39      9       37
  AVERAGE         58                        48     10       52

PRECIPITATION (IN)
  TODAY            T           0.44   1976  0.04  -0.04     0.00
  MONTH TO DATE    0.73                     0.74  -0.01     0.08
  SINCE OCT 1      0.73                     0.74  -0.01     0.08
  SINCE JAN 1      8.65                     9.94  -1.29     8.04

SNOWFALL (IN)
  TODAY            0.0                      0.0    0.0      0.0
  MONTH TO DATE    0.0                      0.0    0.0      0.0
  SINCE SEP 1      0.0                      0.0    0.0      0.0
  SINCE JUL 1      0.0                      0.0    0.0      0.0
  SNOW DEPTH       0

DEGREE DAYS
 HEATING
  TODAY            7                        17    -10       13
  MONTH TO DATE  153                       303   -150      356
  SINCE SEP 1    173                       402   -229      443
  SINCE JUL 1    173                       417   -244      443

 COOLING
  TODAY            0                         0      0        0
  MONTH TO DATE   14                         1     13        0
  SINCE SEP 1    125                        88     37      184
  SINCE JAN 1   1095                       805    290     1178
..................................................................


WIND (MPH)
  HIGHEST WIND SPEED    16   HIGHEST WIND DIRECTION    NE (60)
  HIGHEST GUST SPEED    19   HIGHEST GUST DIRECTION    NE (60)
  AVERAGE WIND SPEED     8.7


SKY COVER
  POSSIBLE SUNSHINE  MM
  AVERAGE SKY COVER 0.0


WEATHER CONDITIONS
 THE FOLLOWING WEATHER WAS RECORDED TODAY.
  NO SIGNIFICANT WEATHER WAS OBSERVED.


RELATIVE HUMIDITY (PERCENT)
 HIGHEST    93
 LOWEST     49
 AVERAGE    71

..........................................................


THE LEWISTON ID AIRPORT CLIMATE NORMALS FOR TOMORROW
                         NORMAL    RECORD    YEAR
 MAXIMUM TEMPERATURE (F)   57        78      1944
 MINIMUM TEMPERATURE (F)   39        23      1954


SUNRISE AND SUNSET
OCTOBER 25 2014.......SUNRISE   719 AM PDT   SUNSET   544 PM PDT
OCTOBER 26 2014.......SUNRISE   721 AM PDT   SUNSET   542 PM PDT


-  INDICATES NEGATIVE NUMBERS.
R  INDICATES RECORD WAS SET OR TIED.
MM INDICATES DATA IS MISSING.
T  INDICATES TRACE AMOUNT.

$$
