000
CDUS46 KOTX 300824
CLILWS


CLIMATE REPORT
NATIONAL WEATHER SERVICE SPOKANE, WA
123 AM PDT SAT AUG 30 2014


...................................

...THE LEWISTON ID AIRPORT CLIMATE SUMMARY FOR AUGUST 29 2014...

CLIMATE NORMAL PERIOD 1981 TO 2010
CLIMATE RECORD PERIOD 1881 TO 2014


WEATHER ITEM   OBSERVED TIME   RECORD YEAR NORMAL DEPARTURE LAST
                VALUE   (LST)  VALUE       VALUE  FROM      YEAR
                                                  NORMAL
..................................................................
TEMPERATURE (F)
 YESTERDAY
  MAXIMUM         91    352 PM 104    1915  85      6       93
  MINIMUM         58    529 AM  42    1980  57      1       62
  AVERAGE         75                        71      4       78

PRECIPITATION (IN)
  YESTERDAY        T             0.84 2002   0.03  -0.03     0.00
  MONTH TO DATE    1.17                      0.64   0.53     0.50
  SINCE OCT 1      9.20                     11.59  -2.39    10.55
  SINCE JAN 1      7.67                      8.48  -0.81     6.39

SNOWFALL (IN)
  YESTERDAY        0.0           0.0  1998   0.0    0.0      0.0
  MONTH TO DATE    0.0                       0.0    0.0      0.0
  SINCE JUN 1      0.0                       0.0    0.0      0.0
  SINCE JUL 1      0.0                       0.0    0.0      0.0
  SNOW DEPTH       0

DEGREE DAYS
 HEATING
  YESTERDAY        0                         1     -1        0
  MONTH TO DATE    0                         3     -3        0
  SINCE JUN 1     41                        80    -39       44
  SINCE JUL 1      0                        10    -10        0

 COOLING
  YESTERDAY       10                         6      4       13
  MONTH TO DATE  357                       274     83      363
  SINCE JUN 1    930                       672    258      914
  SINCE JAN 1    958                       704    254      971
..................................................................


WIND (MPH)
  HIGHEST WIND SPEED    23   HIGHEST WIND DIRECTION     W (290)
  HIGHEST GUST SPEED    30   HIGHEST GUST DIRECTION    NW (300)
  AVERAGE WIND SPEED     7.8


SKY COVER
  POSSIBLE SUNSHINE  MM
  AVERAGE SKY COVER 0.0


WEATHER CONDITIONS
 THE FOLLOWING WEATHER WAS RECORDED YESTERDAY.
  LIGHT RAIN


RELATIVE HUMIDITY (PERCENT)
 HIGHEST    60           500 AM
 LOWEST     17           300 PM
 AVERAGE    39

..........................................................


THE LEWISTON ID AIRPORT CLIMATE NORMALS FOR TODAY
                         NORMAL    RECORD    YEAR
 MAXIMUM TEMPERATURE (F)   85       104      1929
 MINIMUM TEMPERATURE (F)   56        42      1965
                                             1941
                                             1912


SUNRISE AND SUNSET
AUGUST 30 2014........SUNRISE   606 AM PDT   SUNSET   731 PM PDT
AUGUST 31 2014........SUNRISE   607 AM PDT   SUNSET   729 PM PDT


-  INDICATES NEGATIVE NUMBERS.
R  INDICATES RECORD WAS SET OR TIED.
MM INDICATES DATA IS MISSING.
T  INDICATES TRACE AMOUNT.




$$
