000
CDUS46 KOTX 290425
CLILWS


CLIMATE REPORT
NATIONAL WEATHER SERVICE SPOKANE, WA
824 PM PST FRI NOV 28 2014


...................................

...THE LEWISTON ID AIRPORT CLIMATE SUMMARY FOR NOVEMBER 28 2014...
VALID TODAY AS OF 0800 PM LOCAL TIME.

CLIMATE NORMAL PERIOD 1981 TO 2010
CLIMATE RECORD PERIOD 1881 TO 2014


WEATHER ITEM   OBSERVED TIME   RECORD YEAR NORMAL DEPARTURE LAST
                VALUE   (LST)  VALUE       VALUE  FROM      YEAR
                                                  NORMAL
..................................................................
TEMPERATURE (F)
 TODAY
  MAXIMUM         60R  1103 AM  60    1973  43     17       32
                                      1927
  MINIMUM         52    622 PM   0    1896  31     21       29
  AVERAGE         56                        37     19       31

PRECIPITATION (IN)
  TODAY            T             0.78 1923   0.04  -0.04      T
  MONTH TO DATE    1.24                      1.11   0.13     0.69
  SINCE OCT 1      2.23                      2.07   0.16     0.78
  SINCE JAN 1     10.15                     11.27  -1.12     8.74

DEGREE DAYS
 HEATING
  TODAY            9                        28    -19       34
  MONTH TO DATE  660                       658      2      724
  SINCE SEP 1    905                      1168   -263     1292
  SINCE JUL 1    905                      1183   -278     1292

 COOLING
  TODAY            0                         0      0        0
  MONTH TO DATE    0                         0      0        0
  SINCE SEP 1    125                        90     35      184
  SINCE JAN 1   1095                       807    288     1178
..................................................................


WIND (MPH)
  HIGHEST WIND SPEED    33   HIGHEST WIND DIRECTION    SW (210)
  HIGHEST GUST SPEED    42   HIGHEST GUST DIRECTION    SW (220)
  AVERAGE WIND SPEED    16.3


SKY COVER
  POSSIBLE SUNSHINE  MM
  AVERAGE SKY COVER 0.7


WEATHER CONDITIONS
 THE FOLLOWING WEATHER WAS RECORDED TODAY.
  LIGHT RAIN


RELATIVE HUMIDITY (PERCENT)
 HIGHEST    66           500 AM
 LOWEST     46          1100 AM
 AVERAGE    56

..........................................................


THE LEWISTON ID AIRPORT CLIMATE NORMALS FOR TOMORROW
                         NORMAL    RECORD    YEAR
 MAXIMUM TEMPERATURE (F)   43        63      1883
 MINIMUM TEMPERATURE (F)   31         0      1985


SUNRISE AND SUNSET
NOVEMBER 28 2014......SUNRISE   707 AM PST   SUNSET   405 PM PST
NOVEMBER 29 2014......SUNRISE   708 AM PST   SUNSET   404 PM PST


-  INDICATES NEGATIVE NUMBERS.
R  INDICATES RECORD WAS SET OR TIED.
MM INDICATES DATA IS MISSING.
T  INDICATES TRACE AMOUNT.




$$
